000
CXUS51 KRLX 030656
CLSCRW


CLIMATE REPORT
NATIONAL WEATHER SERVICE CHARLESTON WV
154 AM EST FRI MAR 3 2017

...................................

...THE CHARLESTON WV CLIMATE SUMMARY FOR THE SEASON, FROM
12/1/2016 TO 2/28/2017...

CLIMATE NORMAL PERIOD 1981 TO 2010
CLIMATE RECORD PERIOD 1901 TO 2017

WEATHER         OBSERVED          NORMAL  DEPART  LAST YEAR`S
                 VALUE   DATE(S)  VALUE   FROM    VALUE  DATE(S)
                                          NORMAL
................................................................
TEMPERATURE (F)
HIGHEST            80   02/24        MM      MM       77
LOWEST              4   01/09        MM      MM        4
AVG. MAXIMUM     51.3              44.9     6.4     49.0
AVG. MINIMUM     32.9              28.0     4.9     30.2
MEAN             42.1              36.4     5.7     39.6
DAYS MAX >= 90      0               0.0     0.0        0
DAYS MAX <= 32      8              14.1    -6.1       13
DAYS MIN <= 32     46              59.2   -13.2       56
DAYS MIN <= 0       0               0.9    -0.9        0

PRECIPITATION (INCHES)
TOTALS          11.13              9.46    1.67    11.76
DAILY AVG.       0.12              0.11    0.01     0.13
DAYS >= .01        43              42.8     0.2       37
DAYS >= .10        25              22.8     2.2       25
DAYS >= .50         7               5.6     1.4        7
DAYS >= 1.00        2               1.1     0.9        3
GREATEST
 24 HR. TOTAL    1.27   MM                       02/29 TO 02/29
                                                          02/29 TO 02/29
                                                          02/29 TO 02/29

SNOWFALL (INCHES)
TOTALS            7.4              27.8   -20.4     30.0
SINCE 7/1         7.5              29.2   -21.7     30.0
DAYS >= TRACE      18              20.5    -2.5       31
DAYS >= 1.0         2               8.5    -6.5        6
GREATEST
 SNOW DEPTH         3   01/06                         16  01/24
                                                          01/23
 24 HR TOTAL      3.3   MM                       02/29 TO 02/29
                                                          02/29 TO 02/29
                                                          02/29 TO 02/29

DEGREE_DAYS
HEATING TOTAL    2053              2570    -517     2283
 SINCE 7/1         MM              3454      MM       MM
COOLING TOTAL       0                 1      -1        0
 SINCE 1/1          0                 0       0        0
..........................................................

WIND (MPH)
AVERAGE WIND SPEED              6.1
HIGHEST WIND SPEED/DIRECTION    35/230    DATE  12/31
HIGHEST GUST SPEED/DIRECTION    46/350    DATE  02/12

SKY COVER
POSSIBLE SUNSHINE (PERCENT)   MM
AVERAGE SKY COVER           0.70
NUMBER OF DAYS FAIR            8
NUMBER OF DAYS PC             30
NUMBER OF DAYS CLOUDY         52

AVERAGE RH (PERCENT)     66

WEATHER CONDITIONS. NUMBER OF DAYS WITH
THUNDERSTORM              0     MIXED PRECIP               0
HEAVY RAIN                7     RAIN                      23
LIGHT RAIN               46     FREEZING RAIN              0
LT FREEZING RAIN          0     HAIL                       0
HEAVY SNOW                0     SNOW                       3
LIGHT SNOW               17     SLEET                      2
FOG                      48     FOG W/VIS <= 1/4 MILE      4
HAZE                      6

-  INDICATES NEGATIVE NUMBERS.
R  INDICATES RECORD WAS SET OR TIED.
MM INDICATES DATA IS MISSING.
T  INDICATES TRACE AMOUNT.

$$
