000
CXUS51 KRLX 011715
CLSCRW


CLIMATE REPORT
NATIONAL WEATHER SERVICE CHARLESTON WV
111 PM EDT WED JUN 1 2016

...................................

...THE CHARLESTON WV CLIMATE SUMMARY FOR THE SEASON, FROM
3/1/2016 TO 5/31/2016...

CLIMATE NORMAL PERIOD 1981 TO 2010
CLIMATE RECORD PERIOD 1901 TO 2016

WEATHER         OBSERVED          NORMAL  DEPART  LAST YEAR`S
                 VALUE   DATE(S)  VALUE   FROM    VALUE  DATE(S)
                                          NORMAL
................................................................
TEMPERATURE (F)
HIGHEST            89   05/27        MM      MM       MM
LOWEST             22   03/03        MM      MM       MM
AVG. MAXIMUM     69.4              66.2     3.2       MM
AVG. MINIMUM     45.8              44.2     1.6       MM
MEAN             57.6              55.2     2.4       MM
DAYS MAX >= 90      0               0.6    -0.6       MM
DAYS MAX <= 32      0               0.8    -0.8       MM
DAYS MIN <= 32     16              15.7     0.3       MM
DAYS MIN <= 0       0               0.0     0.0       MM

PRECIPITATION (INCHES)
TOTALS          10.69             11.95   -1.26       MM
DAILY AVG.       0.12              0.13   -0.01       MM
DAYS >= .01        44              42.1     1.9       MM
DAYS >= .10        28              25.9     2.1       MM
DAYS >= .50         4               8.2    -4.2       MM
DAYS >= 1.00        1               1.9    -0.9       MM
GREATEST
 24 HR. TOTAL    1.48   MM                            MM

SNOWFALL (INCHES)
TOTALS            3.5               7.2    -3.7       MM
SINCE 7/1        33.5              36.4    -2.9       MM
DAYS >= TRACE       6               4.5     1.5       MM
DAYS >= 1.0         2               2.0     0.0       MM
GREATEST
 SNOW DEPTH         1   04/09                         MM  MM
                        03/04
 24 HR TOTAL      2.0   MM                            MM

DEGREE_DAYS
HEATING TOTAL     781              1011    -230       MM
 SINCE 7/1         MM              4465      MM       MM
COOLING TOTAL     130               111      19       MM
 SINCE 1/1        130               110      20       MM
.................................................................

WIND (MPH)
AVERAGE WIND SPEED              5.6
HIGHEST WIND SPEED/DIRECTION    36/170    DATE  03/31
HIGHEST GUST SPEED/DIRECTION    58/250    DATE  04/02

SKY COVER
POSSIBLE SUNSHINE (PERCENT)   MM
AVERAGE SKY COVER           0.60
NUMBER OF DAYS FAIR           18
NUMBER OF DAYS PC             48
NUMBER OF DAYS CLOUDY         26

AVERAGE RH (PERCENT)     62

WEATHER CONDITIONS. NUMBER OF DAYS WITH
THUNDERSTORM              0     MIXED PRECIP               0
HEAVY RAIN               15     RAIN                      25
LIGHT RAIN               52     FREEZING RAIN              0
LT FREEZING RAIN          0     HAIL                       0
HEAVY SNOW                1     SNOW                       2
LIGHT SNOW                7     SLEET                      0
FOG                      53     FOG W/VIS <= 1/4 MILE     11
HAZE                      5

-  INDICATES NEGATIVE NUMBERS.
R  INDICATES RECORD WAS SET OR TIED.
MM INDICATES DATA IS MISSING.
T  INDICATES TRACE AMOUNT.

$$
