000
CXUS51 KRLX 020201 CCA
CLSCRW

CLIMATE REPORT
NATIONAL WEATHER SERVICE CHARLESTON WV
941 PM EDT MON SEP 1 2014

...................................

...THE CHARLESTON WV CLIMATE SUMMARY FOR THE SEASON, FROM
6/1/2014 TO 8/31/2014...

CLIMATE NORMAL PERIOD 1981 TO 2010
CLIMATE RECORD PERIOD 1901 TO 2014

WEATHER         OBSERVED          NORMAL  DEPART  LAST YEAR`S
                 VALUE   DATE(S)  VALUE   FROM    VALUE  DATE(S)
                                          NORMAL
................................................................
TEMPERATURE (F)
RECORD
 HIGH             108   07/03/1931
                        08/06/1918
 LOW               33   06/11/1972
HIGHEST            94   07/13                         MM  MM
LOWEST             51   06/15                         MM  MM
                        06/07
AVG. MAXIMUM     83.6              83.9    -0.3       MM
AVG. MINIMUM     63.0              63.9    -0.9       MM
MEAN             73.3              73.9    -0.6       MM
DAYS MAX >= 90     10              13.9    -3.9       MM
DAYS MAX <= 32      0               0.0     0.0       MM
DAYS MIN <= 32      0               0.0     0.0       MM
DAYS MIN <= 0       0               0.0     0.0       MM

PRECIPITATION (INCHES)
RECORD
 MAXIMUM        16.03   2014
 MINIMUM        13.22   2009
TOTALS          16.03             12.97    3.06       MM
DAILY AVG.       0.18              0.14    0.04       MM
DAYS >= .01        39              35.1     3.9       MM
DAYS >= .10        30              22.7     7.3       MM
DAYS >= .50        12               9.3     2.7       MM
DAYS >= 1.00        5               3.3     1.7       MM
GREATEST
 24 HR. TOTAL    2.11   MM                            MM
 STORM TOTAL       MM                                 MM
 (MM/DD(HH))            MM                                MM

DEGREE_DAYS
HEATING TOTAL       0                16     -16       MM
 SINCE 7/1          0                 2      -2       MM
COOLING TOTAL     786               836     -50       MM
 SINCE 1/1        907               946     -39       MM


.................................................................

WIND (MPH)
AVERAGE WIND SPEED              3.7
RESULTANT WIND SPEED/DIRECTION   1/213
HIGHEST WIND SPEED/DIRECTION    37/230    DATE  06/10
HIGHEST GUST SPEED/DIRECTION   180/058    DATE  07/22

SKY COVER
POSSIBLE SUNSHINE (PERCENT)   MM
AVERAGE SKY COVER           0.60
NUMBER OF DAYS FAIR           12
NUMBER OF DAYS PC             64
NUMBER OF DAYS CLOUDY         16

AVERAGE RH (PERCENT)     76

WEATHER CONDITIONS. NUMBER OF DAYS WITH
THUNDERSTORM              M     MIXED PRECIP               0
HEAVY RAIN               16     RAIN                      18
LIGHT RAIN               49     FREEZING RAIN              0
LT FREEZING RAIN          0     HAIL                       0
HEAVY SNOW                0     SNOW                       0
LIGHT SNOW                0     SLEET                      0
FOG                      81     FOG W/VIS <= 1/4 MILE     20
HAZE                      7

-  INDICATES NEGATIVE NUMBERS.
R  INDICATES RECORD WAS SET OR TIED.
MM INDICATES DATA IS MISSING.
T  INDICATES TRACE AMOUNT.

$$
