000
CXUS51 KRLX 041137
CLSCRW


CLIMATE REPORT
NATIONAL WEATHER SERVICE CHARLESTON WV
736 AM EDT MON SEP 4 2017

...................................

...THE CHARLESTON WV CLIMATE SUMMARY FOR THE SEASON, FROM
6/1/2017 TO 8/31/2017...

CLIMATE NORMAL PERIOD 1981 TO 2010
CLIMATE RECORD PERIOD 1901 TO 2017

WEATHER         OBSERVED          NORMAL  DEPART  LAST YEAR`S
                 VALUE   DATE(S)  VALUE   FROM    VALUE  DATE(S)
                                          NORMAL
................................................................
TEMPERATURE (F)
HIGHEST            93   07/19        MM      MM       96
LOWEST             50   06/28        MM      MM       49
                        06/03
AVG. MAXIMUM     83.9              83.9     0.0     86.2
AVG. MINIMUM     62.6              63.9    -1.3     66.0
MEAN             73.3              73.9    -0.6     76.1
DAYS MAX >= 90     13              13.9    -0.9       26
DAYS MAX <= 32      0               0.0     0.0        0
DAYS MIN <= 32      0               0.0     0.0        0
DAYS MIN <= 0       0               0.0     0.0        0

PRECIPITATION (INCHES)
RECORD
 MAXIMUM        16.03   2014
TOTALS          15.71             12.97    2.74    12.64
DAILY AVG.       0.17              0.14    0.03     0.14
DAYS >= .01        33              35.1    -2.1       39
DAYS >= .10        22              22.7    -0.7       19
DAYS >= .50        13               9.3     3.7        9
DAYS >= 1.00        3               3.3    -0.3        3
GREATEST
 24 HR. TOTAL    2.45   MM                       08/31 TO 08/31
                                                          08/31 TO 08/31
                                                          08/31 TO 08/31

SNOWFALL (INCHES)
TOTALS            0.0               0.0     0.0      0.0
SINCE 7/1         0.0               0.0     0.0      0.0
DAYS >= TRACE       0               0.0     0.0        0
DAYS >= 1.0         0               0.0     0.0        0
GREATEST
 SNOW DEPTH         0   MM                             0  MM
 24 HR TOTAL      0.0   MM                       08/31 TO 08/31
                                                          08/31 TO 08/31
                                                          08/31 TO 08/31

DEGREE_DAYS
HEATING TOTAL       5                16     -11        3
 SINCE 7/1          0                 2      -2        0
COOLING TOTAL     793               836     -43     1051
 SINCE 1/1        938               946      -8     1181
..................................................

WIND (MPH)
AVERAGE WIND SPEED              3.6
HIGHEST WIND SPEED/DIRECTION    28/290    DATE  06/15
HIGHEST GUST SPEED/DIRECTION    47/270    DATE  06/15

SKY COVER
POSSIBLE SUNSHINE (PERCENT)   MM
AVERAGE SKY COVER           0.50
NUMBER OF DAYS FAIR           19
NUMBER OF DAYS PC             60
NUMBER OF DAYS CLOUDY         13

AVERAGE RH (PERCENT)     72

WEATHER CONDITIONS. NUMBER OF DAYS WITH
THUNDERSTORM              0     MIXED PRECIP               0
HEAVY RAIN               15     RAIN                      13
LIGHT RAIN               35     FREEZING RAIN              0
LT FREEZING RAIN          0     HAIL                       1
HEAVY SNOW                0     SNOW                       0
LIGHT SNOW                0     SLEET                      0
FOG                      77     FOG W/VIS <= 1/4 MILE     17
HAZE                     16

-  INDICATES NEGATIVE NUMBERS.
R  INDICATES RECORD WAS SET OR TIED.
MM INDICATES DATA IS MISSING.
T  INDICATES TRACE AMOUNT.

$$
