000
CXUS51 KRLX 011212
CLSCRW


CLIMATE REPORT
NATIONAL WEATHER SERVICE CHARLESTON WV
809 AM EDT THU JUN 1 2017

...................................

...THE CHARLESTON WV CLIMATE SUMMARY FOR THE SEASON, FROM
3/1/2017 TO 5/31/2017...

CLIMATE NORMAL PERIOD 1981 TO 2010
CLIMATE RECORD PERIOD 1901 TO 2017

WEATHER         OBSERVED          NORMAL  DEPART  LAST YEAR`S
                 VALUE   DATE(S)  VALUE   FROM    VALUE  DATE(S)
                                          NORMAL
................................................................
TEMPERATURE (F)
HIGHEST            90   05/17        MM      MM       89
                        04/30
LOWEST             16   03/15        MM      MM       22
AVG. MAXIMUM     68.3              66.2     2.1     69.4
AVG. MINIMUM     46.5              44.2     2.3     45.8
MEAN             57.4              55.2     2.2     57.6
DAYS MAX >= 90      2               0.6     1.4        0
DAYS MAX <= 32      0               0.8    -0.8        0
DAYS MIN <= 32     15              15.7    -0.7       16
DAYS MIN <= 0       0               0.0     0.0        0

PRECIPITATION (INCHES)
TOTALS          12.43R            11.95    0.48    10.69
DAILY AVG.       0.14              0.13    0.01     0.12
DAYS >= .01        49              42.1     6.9       44
DAYS >= .10        31              25.9     5.1       28
DAYS >= .50         6               8.2    -2.2        4
DAYS >= 1.00        3               1.9     1.1        1
GREATEST
 24 HR. TOTAL    1.18   MM                       05/31 TO 05/31
                                                          05/31 TO 05/31
                                                          05/31 TO 05/31

SNOWFALL (INCHES)
TOTALS              T               7.2    -7.2      3.5
SINCE 7/1         7.5              36.4   -28.9     33.5
DAYS >= TRACE       6               4.5     1.5        6
DAYS >= 1.0         0               2.0    -2.0        2
GREATEST
 SNOW DEPTH         0   MM                             1  04/09
                                                          03/04
 24 HR TOTAL      0.0   MM                       05/31 TO 05/31
                                                          05/31 TO 05/31
                                                          05/31 TO 05/31

DEGREE_DAYS
HEATING TOTAL     821              1011    -190      781
 SINCE 7/1       3528              4465    -937       MM
COOLING TOTAL     145               111      34      130
 SINCE 1/1        145               110      35      130
..................................................

WIND (MPH)
AVERAGE WIND SPEED              6.1
HIGHEST WIND SPEED/DIRECTION    38/300    DATE  03/01
HIGHEST GUST SPEED/DIRECTION    59/300    DATE  03/01

SKY COVER
POSSIBLE SUNSHINE (PERCENT)   MM
AVERAGE SKY COVER           0.60
NUMBER OF DAYS FAIR           19
NUMBER OF DAYS PC             45
NUMBER OF DAYS CLOUDY         28

AVERAGE RH (PERCENT)     64

WEATHER CONDITIONS. NUMBER OF DAYS WITH
THUNDERSTORM              0     MIXED PRECIP               0
HEAVY RAIN               15     RAIN                      24
LIGHT RAIN               55     FREEZING RAIN              0
LT FREEZING RAIN          0     HAIL                       0
HEAVY SNOW                0     SNOW                       2
LIGHT SNOW                7     SLEET                      3
FOG                      54     FOG W/VIS <= 1/4 MILE      3
HAZE                      7

-  INDICATES NEGATIVE NUMBERS.
R  INDICATES RECORD WAS SET OR TIED.
MM INDICATES DATA IS MISSING.
T  INDICATES TRACE AMOUNT.

$$
