000
CXUS51 KRNK 011436
CLSDAN


CLIMATE REPORT
NATIONAL WEATHER SERVICE BLACKSBURG VA
1033 AM EDT WED JUN 1 2016

...................................

...THE DANVILLE VA CLIMATE SUMMARY FOR THE SEASON, FROM
3/1/2016 TO 5/31/2016...

CLIMATE NORMAL PERIOD 1981 TO 2010
CLIMATE RECORD PERIOD 1948 TO 2016

WEATHER         OBSERVED          NORMAL  DEPART  LAST YEAR`S
                 VALUE   DATE(S)  VALUE   FROM    VALUE
                                          NORMAL
.............................................................
TEMPERATURE (F)
RECORD
 HIGH              98   05/27/1965
 LOW                8   03/06/1960
HIGHEST            88   03/16                         89
LOWEST             24   04/10                         19
AVG. MAXIMUM     71.7              68.7     3.0     71.7
AVG. MINIMUM     47.8              46.8     1.0     47.8
MEAN             59.8              57.8     2.0     59.8
DAYS MAX >= 90      0               1.0    -1.0        0
DAYS MAX <= 32      0               0.1    -0.1        0
DAYS MIN <= 32     12               9.7     2.3        8
DAYS MIN <= 0       0               0.0     0.0        0

PRECIPITATION (INCHES)
RECORD
 MAXIMUM        18.38   1998
 MINIMUM         3.07   1985
TOTALS          12.70             11.45    1.25     6.09
DAILY AVG.       0.14              0.12    0.02     0.07
DAYS >= .01        39              31.7     7.3       26
DAYS >= .10        22              21.0     1.0       15
DAYS >= .50        11               8.4     2.6        4
DAYS >= 1.00        3               3.1    -0.1        1
GREATEST
 24 HR. TOTAL    1.42                               1.00

SNOWFALL (INCHES)
TOTALS            0.0                                  T
DAYS >= TRACE       0                                  2
DAYS >= 1.0         0                                  0
GREATEST
 24 HR TOTAL      0.0                                0.0

DEGREE_DAYS
HEATING TOTAL     599               810    -211      680
COOLING TOTAL     139               144      -5      227
..............................................................

WIND (MPH)
AVERAGE WIND SPEED              6.2
HIGHEST WIND SPEED/DIRECTION    31/240    DATE  03/24
HIGHEST GUST SPEED/DIRECTION    43/310    DATE  05/14

SKY COVER
AVERAGE SKY COVER           0.40

AVERAGE RH (PERCENT)     65

WEATHER CONDITIONS. NUMBER OF DAYS WITH
THUNDERSTORM             10     MIXED PRECIP               0
HEAVY RAIN               15     RAIN                      20
LIGHT RAIN               47     FREEZING RAIN              0
LT FREEZING RAIN          0     HAIL                       0
HEAVY SNOW                0     SNOW                       0
LIGHT SNOW                0     SLEET                      0
FOG                      36     FOG W/VIS <= 1/4 MILE      3
HAZE                      1

-  INDICATES NEGATIVE NUMBERS.
R  INDICATES RECORD WAS SET OR TIED.
MM INDICATES DATA IS MISSING.
T  INDICATES TRACE AMOUNT.

$$
