000
CXUS55 KLKN 011436
CLSEKO


CLIMATE REPORT
NATIONAL WEATHER SERVICE ELKO NV
628 AM PST THU DEC 1 2016

...................................

...THE ELKO AIRPORT NV CLIMATE SUMMARY FOR THE SEASON, FROM
9/1/2016 TO 11/30/2016...

CLIMATE NORMAL PERIOD 1981 TO 2010
CLIMATE RECORD PERIOD 1888 TO 2016

WEATHER         OBSERVED          NORMAL  DEPART  LAST YEAR`S
                 VALUE   DATE(S)  VALUE   FROM    VALUE
                                          NORMAL
.............................................................
TEMPERATURE (F)
RECORD
 HIGH              99   09/03/1950
 LOW              -16   11/29/1896
HIGHEST            92   09/01        92       0       92
LOWEST             15   11/30         4      11       -6
AVG. MAXIMUM     66.4              63.7     2.7     64.8
AVG. MINIMUM     34.2              29.7     4.5     33.1
MEAN             50.3              46.7     3.6     49.0
DAYS MAX >= 90      1               2.0    -1.0        6
DAYS MAX <= 32      0               2.2    -2.2        6
DAYS MIN <= 32     46              52.2    -6.2       38
DAYS MIN <= 0       0               0.7    -0.7        4

PRECIPITATION (INCHES)
RECORD
 MAXIMUM         5.73   1900
 MINIMUM         0.45   1933
TOTALS           3.88              2.43    1.45     2.69
DAILY AVG.       0.04              0.03    0.01     0.03
DAYS >= .01        22              17.3     4.7       19
DAYS >= .10         9               7.8     1.2        9
DAYS >= .50         3               1.0     2.0        0
DAYS >= 1.00        0               0.0     0.0        0

SNOWFALL (INCHES)
RECORDS
 TOTAL           20.0   1930
TOTALS            5.5               5.7    -0.2     12.2
DAYS >= 1.0         3               2.2     0.8        5

DEGREE_DAYS
HEATING TOTAL    1332              1686    -354     1470
COOLING TOTAL      16                21      -5       39
..............................................................

WIND (MPH)
AVERAGE WIND SPEED              5.4
HIGHEST WIND SPEED/DIRECTION    36/290    DATE  10/30
HIGHEST GUST SPEED/DIRECTION    48/280    DATE  10/30

AVERAGE RH (PERCENT)     51

WEATHER CONDITIONS. NUMBER OF DAYS WITH
THUNDERSTORM              0     MIXED PRECIP               0
HEAVY RAIN                4     RAIN                       4
LIGHT RAIN               18     FREEZING RAIN              0
LT FREEZING RAIN          0     HAIL                       1
HEAVY SNOW                1     SNOW                       2
LIGHT SNOW                6     SLEET                      0
FOG                      14     FOG W/VIS <= 1/4 MILE      1
HAZE                     14

-  INDICATES NEGATIVE NUMBERS.
R  INDICATES RECORD WAS SET OR TIED.
MM INDICATES DATA IS MISSING.
T  INDICATES TRACE AMOUNT.

&&

=====================================================================

...6TH WARMEST METEOROLOGICAL FALL (SEPTEMBER-NOVEMBER) ON RECORD IN
   ELKO WITH AN AVERAGE TEMPERATURE OF 50.3 DEGREES...

...OCTOBER WAS THE 4TH WETTEST ON RECORD WITH 2.30 INCHES...
$$

DS
