000
CXUS53 KFGF 032019
CLSGFK

CLIMATE REPORT
NATIONAL WEATHER SERVICE EASTERN NORTH DAKOTA/GRAND FORKS
220 PM CST MON MAR 3 2014

...................................

...THE GRAND FORKS INTL AP ND CLIMATE SUMMARY FOR THE SEASON, FROM
12/1/2013 TO 2/28/2014...

CLIMATE NORMAL PERIOD 1981 TO 2010
CLIMATE RECORD PERIOD 1941 TO 2014

WEATHER         OBSERVED          NORMAL  DEPART  LAST YEAR`S
                 VALUE   DATE(S)  VALUE   FROM    VALUE  DATE(S)
                                          NORMAL
................................................................
TEMPERATURE (F)
RECORD
 HIGH              67   02/22/2000
 LOW              -43   01/30/2004
HIGHEST            40   01/12        19      21       44  12/03
LOWEST            -33   01/02         1     -34      -19  02/01
AVG. MAXIMUM     11.1              19.5    -8.4     19.2
AVG. MINIMUM    -10.2               0.5   -10.7      1.9
MEAN              0.5              10.0    -9.5     10.6
DAYS MAX >= 90      0               0.0     0.0        0
DAYS MAX <= 32     81              71.5     9.5       78
DAYS MIN <= 32     90              89.5     0.5       90
DAYS MIN <= 0      72              44.3    27.7       41

PRECIPITATION (INCHES)
RECORD
 MAXIMUM         3.78   1989
 MINIMUM         0.37   2002
TOTALS           1.89              1.68    0.21     1.10
DAILY AVG.       0.02              0.02    0.00     0.01
DAYS >= .01        37              23.2    13.8       23
DAYS >= .10         8               5.1     2.9        3
DAYS >= .50         0               0.2    -0.2        0
DAYS >= 1.00        0               0.0     0.0        0
GREATEST
 24 HR. TOTAL    0.28   MM                       02/28 TO 02/28
 STORM TOTAL       MM                                 MM
 (MM/DD(HH))            MM                    02/28(00) TO 02/28(00)

SNOWFALL (INCHES)
RECORDS
 TOTAL           57.4   1989
 24 HR TOTAL       MM
 SNOW DEPTH        MM   MM
TOTALS           44.1              28.0    16.1     20.2
 LIQUID EQUIV      MM              2.80    1.61     2.02
SINCE 7/1        45.7              37.2     8.5     29.9
 LIQUID 7/1        MM                MM      MM     2.99
SNOWDEPTH AVG.     10                 6       4        4
DAYS >= TRACE      59              27.0    32.0       59
DAYS >= 1.0        18               8.5     9.5        7
GREATEST
 SNOW DEPTH        15   02/17                          7  02/20
                        01/26                             02/18
                                                          02/19
 24 HR TOTAL      7.3   MM                       02/28 TO 02/28
                                                          02/28 TO 02/28
                                                          02/28 TO 02/28
 STORM TOTAL       MM                                 MM
 (MM/DD(HH))            MM                    02/28(00) TO 02/28(00)
                                                 02/28(00) TO 02/28(00)8
                                                 02/28(00) TO 02/28(00)8

DEGREE_DAYS
HEATING TOTAL    5780              4951     829     4873
 SINCE 7/1         MM              7150      MM       MM
COOLING TOTAL       0                 0       0        0
 SINCE 1/1          0                 0       0        0

FREEZE DATES
RECORD
 EARLIEST     MM
 LATEST       MM
EARLIEST                        MM
LATEST                          MM
.........................................................

WIND (MPH)
AVERAGE WIND SPEED              12.2
RESULTANT WIND SPEED/DIRECTION   5/299
HIGHEST WIND SPEED/DIRECTION    47/360    DATE  01/16
HIGHEST GUST SPEED/DIRECTION    57/350    DATE  01/16

SKY COVER
POSSIBLE SUNSHINE (PERCENT)   MM
AVERAGE SKY COVER           0.60
NUMBER OF DAYS FAIR           24
NUMBER OF DAYS PC             39
NUMBER OF DAYS CLOUDY         27

AVERAGE RH (PERCENT)     76

WEATHER CONDITIONS. NUMBER OF DAYS WITH
THUNDERSTORM              0     MIXED PRECIP               1
HEAVY RAIN                0     RAIN                       0
LIGHT RAIN                1     FREEZING RAIN              0
LT FREEZING RAIN          2     HAIL                       0
HEAVY SNOW                8     SNOW                      14
LIGHT SNOW               56     SLEET                      1
FOG                      40     FOG W/VIS <= 1/4 MILE      7
HAZE                     45

-  INDICATES NEGATIVE NUMBERS.
R  INDICATES RECORD WAS SET OR TIED.
MM INDICATES DATA IS MISSING.
T  INDICATES TRACE AMOUNT.

&&

THE METEOROLOGICAL WINTER OF 2013/2014 WILL BE LONG REMEMBERED...BUT
NOT NECESSARILY FOR THE REASONS MANY FOLKS THINK. TRUE...IT WAS
UNUSUALLY COLD BUT IT WAS NOT THE COLDEST ON RECORD. WHAT DECEMBER 2013
TO FEBRUARY 2014 WILL BE LOGGED AS IT THE CONSISTENCY OF THE COLD.

AT THE GRAND FORKS AIRPORT...WHICH HAS THE SHORTEST PERIOD OF RECORD
IN THE AREA...THE MEAN 3 MONTH TEMPERATURE OF 0.5 DEGREES PUTS IT AS
THE 3RD COLDEST FOR THE AIRPORT LOCATION WHOSE DATA GOES BACK TO 1941.

THE TEMPERATURE DROPPED TO -33 DEGREES ON JANUARY 2ND 2014...THEN HIT
40 DEGREES 10 DAYS LATER ON THE 12TH. THE THREE MONTH MEAN DEPARTURE
FROM NORMAL OF -9.5 DEGREES IS STATISTICALLY IN THE LOWER THIRD OF
COLDEST EXPECTED WINTERS...ANOTHER INDICATOR OF WHAT WE ALREADY KNEW.

TO FURTHER SUPPORT THE IDEA OF CONSISTENT AND FREQUENT COLD HAVE
CALCULATED THE NUMBER OF DAYS WHEN THE LOW TEMPERATURES FELL TO ZERO OR
BELOW. OVER THE PERIOD FROM 1941 TO 2013 THERE ARE 48 DAYS...ON
AVERAGE...THAT THE LOW FALLS TO ZERO OR BELOW DURING THE DECEMBER TO
FEBRUARY PERIOD. THIS WINTER THAT TOTAL WAS 72 DAYS WHICH IS 2ND ONLY
BEHIND THE 1949/1950 WINTER.

THERE WAS 1.89 INCHES OF LIQUID EQUIVALENT WHICH IS ONLY 0.21 INCHES ABOVE
THE LONG TERM AVERAGE.

BECAUSE OF THE COLD WEATHER THE TOTAL 3 MONTH SNOWFALL OF 44.1 INCHES
IS THE 4TH HIGHEST. THE WINTER OF 1996/97 HAD 57.7 INCHES OF SNOW DURING
THE DECEMBER...JANUARY AND FEBRUARY PERIOD.

THE AVERAGE WIND SPEED WAS 12.2 MPH WHICH IS ABOUT 3.5 MPH ABOVE THE LONG
TERM MEDIAN. THE HIGHEST WIND SPEED OF 57 MPH OCCURRED ON JANUARY 16TH.
ANOTHER FACTOR ADDING TO THE OVERALL APPARENT SEVERITY OF THIS WINTER
INCLUDES THE 7 BLIZZARDS THAT IMPACTED THE RED RIVER VALLEY. THIS IS
WELL ABOVE THE USUAL 2 OR 3 THAT OCCUR EVERY WINTER. THE PEAK ON RECORD
OF 10 BLIZZARDS WAS THE 1996/97 WINTER.

THE ABOVE INFORMATION IS PROVISIONAL...IS BASED ON EDITED DATA AND
WILL LIKELY BE CHANGED SLIGHTLY AFTER FURTHER REVIEW BY THE NATIONAL
CLIMATE DATA CENTER. OFFICIAL RECORDS AND SUMMARIES WILL BE
AVAILABLE LATER THIS SPRING OR EARLY SUMMER.

$$

EWENS
