000
CXUS54 KLZK 041610
CLSHRO


CLIMATE REPORT
NATIONAL WEATHER SERVICE LITTLE ROCK AR
1056 AM CDT TUE JUL 4 2017

...................................

...THE HARRISON CLIMATE SUMMARY FOR THE SEASON, FROM
7/1/2016 TO 6/30/2017...

CLIMATE NORMAL PERIOD 1981 TO 2010
CLIMATE RECORD PERIOD 1891 TO 2017

WEATHER         OBSERVED          NORMAL  DEPART  LAST YEAR`S
                 VALUE   DATE(S)  VALUE   FROM    VALUE  DATE(S)
                                          NORMAL
................................................................

SNOWFALL (INCHES)
RECORDS
 TOTAL           42.2   07/01/1917-06/30/1918
 24 HR TOTAL     14.3   02/15/1993
 SNOW DEPTH        24   01/21/1918
TOTALS            3.4              11.5    -8.1       MM
 LIQUID EQUIV    0.34              1.00   -0.66       MM
SINCE 7/1         3.4
 LIQUID 7/1      0.34              1.00   -0.66       MM
SNOWDEPTH AVG.      0                MM      MM       MM
DAYS >= TRACE       7              17.0   -10.0       MM
DAYS >= 1.0         1               2.0    -1.0       MM
GREATEST
 SNOW DEPTH         2   03/11                         MM  MM
 24 HR TOTAL      2.0   03/11 TO 03/11                MM

-  INDICATES NEGATIVE NUMBERS.
R  INDICATES RECORD WAS SET OR TIED.
MM INDICATES DATA IS MISSING.
T  INDICATES TRACE AMOUNT.

&&

...Additional Data for Harrison for the snowfall season of July 1,
2016 to June 30, 2017...

The snowfall of 3.4 inches was the least in a season since 2011-
2012.

$$

57
