000
CXUS51 KRLX 011715
CLSHTS


CLIMATE REPORT
NATIONAL WEATHER SERVICE CHARLESTON WV
111 PM EDT WED JUN 1 2016

...................................

...THE HUNTINGTON WV CLIMATE SUMMARY FOR THE SEASON, FROM
3/1/2016 TO 5/31/2016...

CLIMATE NORMAL PERIOD 1981 TO 2010
CLIMATE RECORD PERIOD 1897 TO 2016

WEATHER         OBSERVED          NORMAL  DEPART  LAST YEAR`S
                 VALUE   DATE(S)  VALUE   FROM    VALUE  DATE(S)
                                          NORMAL
................................................................
TEMPERATURE (F)
HIGHEST            89   05/27        MM      MM       MM
LOWEST             24   03/03        MM      MM       MM
AVG. MAXIMUM     69.5              66.6     2.9       MM
AVG. MINIMUM     46.7              44.2     2.5       MM
MEAN             58.1              55.4     2.7       MM
DAYS MAX >= 90      0               0.5    -0.5       MM
DAYS MAX <= 32      0               0.5    -0.5       MM
DAYS MIN <= 32     13              15.1    -2.1       MM
DAYS MIN <= 0       0               0.0     0.0       MM

PRECIPITATION (INCHES)
TOTALS          12.18             12.04    0.14       MM
DAILY AVG.       0.13              0.13    0.00       MM
DAYS >= .01        44              39.9     4.1       MM
DAYS >= .10        29              24.6     4.4       MM
DAYS >= .50         4               7.4    -3.4       MM
DAYS >= 1.00        2               2.1    -0.1       MM
GREATEST
 24 HR. TOTAL    2.25   MM                            MM

SNOWFALL (INCHES)
TOTALS            3.0               4.7    -1.7       MM
SINCE 7/1        23.8              23.6     0.2       MM
DAYS >= TRACE       5               3.3     1.7       MM
DAYS >= 1.0         1               1.2    -0.2       MM
GREATEST
 SNOW DEPTH         3   03/04                         MM  MM
 24 HR TOTAL      3.0   MM                            MM

DEGREE_DAYS
HEATING TOTAL     753               999    -246       MM
 SINCE 7/1         MM              4500      MM       MM
COOLING TOTAL     140               114      26       MM
 SINCE 1/1        140               113      27       MM
.................................................................

WIND (MPH)
AVERAGE WIND SPEED              5.9
HIGHEST WIND SPEED/DIRECTION    32/250    DATE  04/02
HIGHEST GUST SPEED/DIRECTION    56/230    DATE  04/02

SKY COVER
POSSIBLE SUNSHINE (PERCENT)   MM
AVERAGE SKY COVER           0.50
NUMBER OF DAYS FAIR           43
NUMBER OF DAYS PC             25
NUMBER OF DAYS CLOUDY         24

AVERAGE RH (PERCENT)     62

WEATHER CONDITIONS. NUMBER OF DAYS WITH
THUNDERSTORM              0     MIXED PRECIP               0
HEAVY RAIN               10     RAIN                      26
LIGHT RAIN               52     FREEZING RAIN              0
LT FREEZING RAIN          0     HAIL                       1
HEAVY SNOW                2     SNOW                       1
LIGHT SNOW                5     SLEET                      0
FOG                      56     FOG W/VIS <= 1/4 MILE      8
HAZE                     11

-  INDICATES NEGATIVE NUMBERS.
R  INDICATES RECORD WAS SET OR TIED.
MM INDICATES DATA IS MISSING.
T  INDICATES TRACE AMOUNT.

$$
