000
CXUS51 KRLX 011212
CLSHTS


CLIMATE REPORT
NATIONAL WEATHER SERVICE CHARLESTON WV
809 AM EDT THU JUN 1 2017

...................................

...THE HUNTINGTON WV CLIMATE SUMMARY FOR THE SEASON, FROM
3/1/2017 TO 5/31/2017...

CLIMATE NORMAL PERIOD 1981 TO 2010
CLIMATE RECORD PERIOD 1897 TO 2017

WEATHER         OBSERVED          NORMAL  DEPART  LAST YEAR`S
                 VALUE   DATE(S)  VALUE   FROM    VALUE  DATE(S)
                                          NORMAL
................................................................
TEMPERATURE (F)
HIGHEST            89   04/30        MM      MM       89
LOWEST             17   03/15        MM      MM       24
AVG. MAXIMUM     68.4              66.6     1.8     69.5
AVG. MINIMUM     47.8              44.2     3.6     46.7
MEAN             58.1              55.4     2.7     58.1
DAYS MAX >= 90      0               0.5    -0.5        0
DAYS MAX <= 32      0               0.5    -0.5        0
DAYS MIN <= 32     14              15.1    -1.1       13
DAYS MIN <= 0       0               0.0     0.0        0

PRECIPITATION (INCHES)
TOTALS          11.41             12.04   -0.63    12.18
DAILY AVG.       0.12              0.13   -0.01     0.13
DAYS >= .01        42              39.9     2.1       44
DAYS >= .10        27              24.6     2.4       29
DAYS >= .50         8               7.4     0.6        4
DAYS >= 1.00        1               2.1    -1.1        2
GREATEST
 24 HR. TOTAL    1.23   MM                       05/31 TO 05/31
                                                          05/31 TO 05/31
                                                          05/31 TO 05/31

SNOWFALL (INCHES)
TOTALS              T               4.7    -4.7      3.0
SINCE 7/1         5.9              23.6   -17.7     23.8
DAYS >= TRACE       2               3.3    -1.3        5
DAYS >= 1.0         0               1.2    -1.2        1
GREATEST
 SNOW DEPTH         0   MM                             3  03/04
 24 HR TOTAL      0.0   MM                       05/31 TO 05/31
                                                          05/31 TO 05/31
                                                          05/31 TO 05/31

DEGREE_DAYS
HEATING TOTAL     793               999    -206      753
 SINCE 7/1       3442              4500   -1058       MM
COOLING TOTAL     171               114      57      140
 SINCE 1/1        172               113      59      140
..................................................

WIND (MPH)
AVERAGE WIND SPEED              6.5
HIGHEST WIND SPEED/DIRECTION    26/250    DATE  03/08
HIGHEST GUST SPEED/DIRECTION    44/290    DATE  03/01

SKY COVER
POSSIBLE SUNSHINE (PERCENT)   MM
AVERAGE SKY COVER           0.40
NUMBER OF DAYS FAIR           38
NUMBER OF DAYS PC             36
NUMBER OF DAYS CLOUDY         18

AVERAGE RH (PERCENT)     64

WEATHER CONDITIONS. NUMBER OF DAYS WITH
THUNDERSTORM              0     MIXED PRECIP               0
HEAVY RAIN               12     RAIN                      26
LIGHT RAIN               48     FREEZING RAIN              0
LT FREEZING RAIN          0     HAIL                       0
HEAVY SNOW                0     SNOW                       1
LIGHT SNOW                4     SLEET                      0
FOG                      44     FOG W/VIS <= 1/4 MILE      7
HAZE                     16

-  INDICATES NEGATIVE NUMBERS.
R  INDICATES RECORD WAS SET OR TIED.
MM INDICATES DATA IS MISSING.
T  INDICATES TRACE AMOUNT.

$$
