000
CXUS51 KRLX 010930
CLSHTS


CLIMATE REPORT
NATIONAL WEATHER SERVICE CHARLESTON WV
428 AM EST FRI DEC 1 2017

...................................

...THE HUNTINGTON WV CLIMATE SUMMARY FOR THE SEASON, FROM
9/1/2017 TO 11/30/2017...

CLIMATE NORMAL PERIOD 1981 TO 2010
CLIMATE RECORD PERIOD 1897 TO 2017

WEATHER         OBSERVED          NORMAL  DEPART  LAST YEAR`S
                 VALUE   DATE(S)  VALUE   FROM    VALUE  DATE(S)
                                          NORMAL
................................................................
TEMPERATURE (F)
RECORD
 HIGH             104   09/03/1953
                        09/02/1953
 LOW                4   11/30/1929
HIGHEST            90   09/27                         94
                        09/23
                        09/26
LOWEST             21   11/23                         22
AVG. MAXIMUM     69.3              67.9     1.4     73.8
AVG. MINIMUM     47.4              46.1     1.3     49.9
MEAN             58.3              57.0     1.3     61.8
DAYS MAX >= 90      3               2.1     0.9       11
DAYS MAX <= 32      0               0.2    -0.2        0
DAYS MIN <= 32     15              12.8     2.2        8
DAYS MIN <= 0       0               0.0     0.0        0

PRECIPITATION (INCHES)
RECORD
 MAXIMUM        17.93   2004
 MINIMUM         1.86   1904
TOTALS           9.74              9.03    0.71     6.20
DAILY AVG.       0.10              0.10    0.00     0.07
DAYS >= .01        23              28.2    -5.2       18
DAYS >= .10        16              17.2    -1.2       11
DAYS >= .50         7               6.2     0.8        4
DAYS >= 1.00        4               2.0     2.0        2
GREATEST
 24 HR. TOTAL    2.26   MM                       11/30 TO 11/30
                                                          11/30 TO 11/30
                                                          11/30 TO 11/30

SNOWFALL (INCHES)
RECORDS
 TOTAL             MM   5
 24 HR TOTAL       MM
 SNOW DEPTH        MM   MM
TOTALS            0.0               0.8    -0.8        T
SINCE 7/1         0.0               0.8    -0.8        T
SNOWDEPTH AVG.      0                                  0
DAYS >= TRACE       0               0.9    -0.9        1
DAYS >= 1.0         0               0.2    -0.2        0
GREATEST
 SNOW DEPTH         0   MM                             0  MM
 24 HR TOTAL      0.0   MM                       11/30 TO 11/30
                                                          11/30 TO 11/30
                                                          11/30 TO 11/30

DEGREE_DAYS
HEATING TOTAL     772               885    -113      598
 SINCE 7/1        772               887    -115      598
COOLING TOTAL     189               157      32      339
 SINCE 1/1       1191              1134      57     1589
.................................................

WIND (MPH)
AVERAGE WIND SPEED              4.6
HIGHEST WIND SPEED/DIRECTION    29/290    DATE  11/18
HIGHEST GUST SPEED/DIRECTION    45/270    DATE  11/18

SKY COVER
POSSIBLE SUNSHINE (PERCENT)   MM
AVERAGE SKY COVER           0.40
NUMBER OF DAYS FAIR           44
NUMBER OF DAYS PC             31
NUMBER OF DAYS CLOUDY         16

AVERAGE RH (PERCENT)     69

WEATHER CONDITIONS. NUMBER OF DAYS WITH
THUNDERSTORM              0     MIXED PRECIP               0
HEAVY RAIN                6     RAIN                      14
LIGHT RAIN               28     FREEZING RAIN              0
LT FREEZING RAIN          0     HAIL                       0
HEAVY SNOW                0     SNOW                       0
LIGHT SNOW                0     SLEET                      0
FOG                      52     FOG W/VIS <= 1/4 MILE     18
HAZE                     19

-  INDICATES NEGATIVE NUMBERS.
R  INDICATES RECORD WAS SET OR TIED.
MM INDICATES DATA IS MISSING.
T  INDICATES TRACE AMOUNT.

$$
