000
CXUS51 KRLX 012206
CLSHTS
CLIMATE REPORT
NATIONAL WEATHER SERVICE CHARLESTON WV
506 PM EST FRI MAR 01 2024
...................................
...THE HUNTINGTON WV CLIMATE SUMMARY FOR THE SEASON, FROM
12/1/2023 TO 2/29/2024...
CLIMATE NORMAL PERIOD: 1991 TO 2020
CLIMATE RECORD PERIOD: 1897 TO 2024
WEATHER OBSERVED NORMAL DEPART LAST YEAR`S
VALUE DATE(S) VALUE FROM VALUE
NORMAL
..............................................................
TEMPERATURE (F)
RECORD
HIGH 81 02/20/2018
LOW -24 02/09/1899
HIGHEST 74 02/26 80
LOWEST 6 01/17 -2
AVG. MAXIMUM 51.1 45.8 5.3 51.8
AVG. MINIMUM 32.5 28.6 3.9 33.0
MEAN 41.8 37.2 4.6 42.4
DAYS MAX <= 32 8 14.4 -6.4 4
DAYS MAX >= 80 0 1
DAYS MIN <= 32 47 60.5 -13.5 43
DAYS MIN <= 0 0 0.7 -0.7 2
DAYS MIN <= 10 0 3
PRECIPITATION (INCHES)
RECORD
MAXIMUM 18.74 1936-1937
MINIMUM 4.99 1940-1941
TOTALS 11.19 10.04 1.15 9.54
DAILY AVG. 0.12 0.11
DAYS >= .01 43 38.4 4.6 39
DAYS >= .10 26 21.2 4.8 22
DAYS >= .50 5 6.6 -1.6 4
DAYS >= 1.00 3 2.1 0.9 1
GREATEST
24 HR. TOTAL 1.59 3.28
SNOWFALL (INCHES)
RECORDS
TOTAL 45.3 1935-1936
24 HR TOTAL 14.0 01/19/1939 TO 01/19/1939
TOTALS 10.8 14.5 -3.7 2.4
SINCE 7/1 10.8 15.2 -4.4 MM
DAYS >= TRACE 17 10.9 6.1 MM
DAYS >= 1.0 4 4.1 -0.1 MM
DAYS >= 3.0 1 MM
GREATEST
SNOW DEPTH 5 01/20 2
01/21
24 HR TOTAL MM 1.7
DEGREE DAYS
HEATING TOTAL 2092 2507 -415 2028
SINCE 7/1 2816 3414 -598 MM
COOLING TOTAL 0 1 -1 3
SINCE 1/1 0 0 0 MM
..............................................................
WIND (MPH)
AVERAGE WIND SPEED 5.7
HIGHEST WIND SPEED/DIRECTION 31/270 DATE 01/09
HIGHEST GUST SPEED/DIRECTION 48/270 DATE 02/28
SKY COVER
AVERAGE SKY COVER 0.53
NUMBER OF DAYS FAIR 30
NUMBER OF DAYS PC 22
NUMBER OF DAYS CLOUDY 39
AVERAGE RH (PERCENT) 64
WEATHER CONDITIONS. NUMBER OF DAYS WITH
THUNDERSTORM 4 MIXED PRECIP 0
HEAVY RAIN 10 RAIN 21
LIGHT RAIN 41 FREEZING RAIN 0
LT FREEZING RAIN 0 HAIL 0
HEAVY SNOW 1 SNOW 5
LIGHT SNOW 15 SLEET 0
FOG 38 FOG W/VIS <= 1/4 MILE 8
HAZE 8
- INDICATES NEGATIVE NUMBERS.
R INDICATES RECORD WAS SET OR TIED.
MM INDICATES DATA IS MISSING.
T INDICATES TRACE AMOUNT.
$$