000
CXUS51 KRLX 030656
CLSHTS


CLIMATE REPORT
NATIONAL WEATHER SERVICE CHARLESTON WV
154 AM EST FRI MAR 3 2017

...................................

...THE HUNTINGTON WV CLIMATE SUMMARY FOR THE SEASON, FROM
12/1/2016 TO 2/28/2017...

CLIMATE NORMAL PERIOD 1981 TO 2010
CLIMATE RECORD PERIOD 1897 TO 2017

WEATHER         OBSERVED          NORMAL  DEPART  LAST YEAR`S
                 VALUE   DATE(S)  VALUE   FROM    VALUE  DATE(S)
                                          NORMAL
................................................................
TEMPERATURE (F)
HIGHEST            80R  02/24        MM      MM       74
LOWEST              8   01/09        MM      MM        8
AVG. MAXIMUM     50.8              44.6     6.2     48.4
AVG. MINIMUM     33.3              27.3     6.0     30.3
MEAN             42.1              36.0     6.1     39.3
DAYS MAX >= 90      0               0.0     0.0        0
DAYS MAX <= 32      7              14.1    -7.1       15
DAYS MIN <= 32     42              61.1   -19.1       57
DAYS MIN <= 0       0               0.9    -0.9        0

PRECIPITATION (INCHES)
TOTALS          10.81              9.35    1.46    13.87
DAILY AVG.       0.12              0.10    0.02     0.15
DAYS >= .01        45              38.2     6.8       39
DAYS >= .10        24              20.2     3.8       23
DAYS >= .50        11               5.9     5.1        8
DAYS >= 1.00        1               1.6    -0.6        6
GREATEST
 24 HR. TOTAL    1.28   MM                       02/29 TO 02/29
                                                          02/29 TO 02/29
                                                          02/29 TO 02/29

SNOWFALL (INCHES)
TOTALS            5.9              18.1   -12.2     20.8
SINCE 7/1         5.9              18.9   -13.0     20.8
DAYS >= TRACE      12              14.7    -2.7       28
DAYS >= 1.0         3               5.4    -2.4        4
GREATEST
 SNOW DEPTH         2   01/30                         10  01/24
                        01/06                             01/23
 24 HR TOTAL      1.8   MM                       02/29 TO 02/29
                                                          02/29 TO 02/29
                                                          02/29 TO 02/29

DEGREE_DAYS
HEATING TOTAL    2051              2614    -563     2315
 SINCE 7/1         MM              3501      MM       MM
COOLING TOTAL       1                 1       0        0
 SINCE 1/1          1                 0       1        0
..........................................................

WIND (MPH)
AVERAGE WIND SPEED              6.3
HIGHEST WIND SPEED/DIRECTION    31/210    DATE  12/18
HIGHEST GUST SPEED/DIRECTION    48/210    DATE  12/18

SKY COVER
POSSIBLE SUNSHINE (PERCENT)   MM
AVERAGE SKY COVER           0.60
NUMBER OF DAYS FAIR           19
NUMBER OF DAYS PC             36
NUMBER OF DAYS CLOUDY         35

AVERAGE RH (PERCENT)     67

WEATHER CONDITIONS. NUMBER OF DAYS WITH
THUNDERSTORM              0     MIXED PRECIP               0
HEAVY RAIN               12     RAIN                      15
LIGHT RAIN               44     FREEZING RAIN              1
LT FREEZING RAIN          0     HAIL                       0
HEAVY SNOW                1     SNOW                       3
LIGHT SNOW               11     SLEET                      0
FOG                      46     FOG W/VIS <= 1/4 MILE      8
HAZE                     21

-  INDICATES NEGATIVE NUMBERS.
R  INDICATES RECORD WAS SET OR TIED.
MM INDICATES DATA IS MISSING.
T  INDICATES TRACE AMOUNT.

$$
