000
CXUS51 KRLX 041137
CLSHTS


CLIMATE REPORT
NATIONAL WEATHER SERVICE CHARLESTON WV
736 AM EDT MON SEP 4 2017

...................................

...THE HUNTINGTON WV CLIMATE SUMMARY FOR THE SEASON, FROM
6/1/2017 TO 8/31/2017...

CLIMATE NORMAL PERIOD 1981 TO 2010
CLIMATE RECORD PERIOD 1897 TO 2017

WEATHER         OBSERVED          NORMAL  DEPART  LAST YEAR`S
                 VALUE   DATE(S)  VALUE   FROM    VALUE  DATE(S)
                                          NORMAL
................................................................
TEMPERATURE (F)
HIGHEST            92   07/22        MM      MM       95
                        07/13
LOWEST             51   06/28        MM      MM       50
AVG. MAXIMUM     83.9              84.8    -0.9     86.8
AVG. MINIMUM     63.5              63.7    -0.2     66.8
MEAN             73.7              74.2    -0.5     76.8
DAYS MAX >= 90     12              18.9    -6.9       32
DAYS MAX <= 32      0               0.0     0.0        0
DAYS MIN <= 32      0               0.0     0.0        0
DAYS MIN <= 0       0               0.0     0.0        0

PRECIPITATION (INCHES)
TOTALS          15.20             12.17    3.03    16.45
DAILY AVG.       0.16              0.13    0.03     0.18
DAYS >= .01        32              32.7    -0.7       41
DAYS >= .10        20              21.8    -1.8       30
DAYS >= .50        11               8.2     2.8       12
DAYS >= 1.00        5               3.1     1.9        3
GREATEST
 24 HR. TOTAL    2.66   MM                       08/31 TO 08/31
                                                          08/31 TO 08/31
                                                          08/31 TO 08/31

SNOWFALL (INCHES)
TOTALS            0.0               0.0     0.0      0.0
SINCE 7/1         0.0               0.0     0.0      0.0
DAYS >= TRACE       0               0.0     0.0        0
DAYS >= 1.0         0               0.0     0.0        0
GREATEST
 SNOW DEPTH         0   MM                             0  MM
 24 HR TOTAL      0.0   MM                       08/31 TO 08/31
                                                          08/31 TO 08/31
                                                          08/31 TO 08/31

DEGREE_DAYS
HEATING TOTAL       4                14     -10        1
 SINCE 7/1          0                 2      -2        0
COOLING TOTAL     830               864     -34     1110
 SINCE 1/1       1002               977      25     1250
..................................................

WIND (MPH)
AVERAGE WIND SPEED              4.1
HIGHEST WIND SPEED/DIRECTION    28/310    DATE  07/22
HIGHEST GUST SPEED/DIRECTION    40/320    DATE  07/22

SKY COVER
POSSIBLE SUNSHINE (PERCENT)   MM
AVERAGE SKY COVER           0.30
NUMBER OF DAYS FAIR           55
NUMBER OF DAYS PC             34
NUMBER OF DAYS CLOUDY          3

AVERAGE RH (PERCENT)     73

WEATHER CONDITIONS. NUMBER OF DAYS WITH
THUNDERSTORM              0     MIXED PRECIP               0
HEAVY RAIN               15     RAIN                      22
LIGHT RAIN               32     FREEZING RAIN              0
LT FREEZING RAIN          0     HAIL                       0
HEAVY SNOW                0     SNOW                       0
LIGHT SNOW                0     SLEET                      0
FOG                      65     FOG W/VIS <= 1/4 MILE     27
HAZE                     15

-  INDICATES NEGATIVE NUMBERS.
R  INDICATES RECORD WAS SET OR TIED.
MM INDICATES DATA IS MISSING.
T  INDICATES TRACE AMOUNT.

$$
