000
CXUS53 KJKL 011537
CLSJKL

CLIMATE REPORT
NATIONAL WEATHER SERVICE JACKSON KY
1037 AM EST THU DEC 1 2016

...................................

...THE JACKSON KY CLIMATE SUMMARY FOR THE SEASON, FROM
9/1/2016 TO 11/30/2016...

CLIMATE NORMAL PERIOD 1981 TO 2010
CLIMATE RECORD PERIOD 1981 TO 2016

WEATHER         OBSERVED          NORMAL  DEPART  LAST YEAR`S
                 VALUE   DATE(S)  VALUE   FROM    VALUE  DATE(S)
                                          NORMAL
................................................................
TEMPERATURE (F)
RECORD
 HIGH              96   09/03/2011
 LOW               13   11/14/1986
HIGHEST            90   09/13        MM      MM       89  09/08
                        09/08                             09/02
                                                          09/07
LOWEST             24   11/21        MM      MM       21  11/23
AVG. MAXIMUM     73.4              67.8     5.6     69.9
AVG. MINIMUM     52.1              48.6     3.5     51.2
MEAN             62.8              58.2     4.6     60.5
DAYS MAX >= 90      2               1.5     0.5        0
DAYS MAX <= 32      0               0.3    -0.3        0
DAYS MIN <= 32      5               8.5    -3.5        3
DAYS MIN <= 0       0               0.0     0.0        0

PRECIPITATION (INCHES)
RECORD
 MAXIMUM        19.01   1989
 MINIMUM         4.32   2001
TOTALS           5.74             10.61   -4.87     6.90
DAILY AVG.       0.06              0.12   -0.06     0.08
DAYS >= .01        17              28.7   -11.7       29
DAYS >= .10        10              18.6    -8.6       20
DAYS >= .50         4               7.1    -3.1        4
DAYS >= 1.00        1               2.7    -1.7        0
GREATEST
 24 HR. TOTAL    1.92   11/29 TO 11/30              0.67

SNOWFALL (INCHES)
RECORDS
 TOTAL            5.1   1995
 24 HR TOTAL      4.3   11/28/1995 TO 11/28/1995
TOTALS            0.0               0.6    -0.6        T
SINCE 7/1         0.0               0.6    -0.6        T
SNOWDEPTH AVG.      0                MM      MM        0
DAYS >= 1.0         0               0.2    -0.2        0
GREATEST
 24 HR TOTAL      0.0   MM                             T

DEGREE_DAYS
HEATING TOTAL     526               798    -272      598
 SINCE 7/1        526               800    -274      598
COOLING TOTAL     348               176     172      212
 SINCE 1/1       1580              1154     426     1263
.................................................................

WIND (MPH)
AVERAGE WIND SPEED              2.3
RESULTANT WIND SPEED/DIRECTION   1/116
HIGHEST WIND SPEED/DIRECTION    25/310    DATE  11/19
HIGHEST GUST SPEED/DIRECTION    43/280    DATE  11/19

SKY COVER
POSSIBLE SUNSHINE (PERCENT)   MM
NUMBER OF DAYS FAIR           63
NUMBER OF DAYS PC             16
NUMBER OF DAYS CLOUDY         12

AVERAGE RH (PERCENT)     65

WEATHER CONDITIONS. NUMBER OF DAYS WITH
THUNDERSTORM              1     MIXED PRECIP               0
HEAVY RAIN                9     RAIN                      12
LIGHT RAIN               24     FREEZING RAIN              0
LT FREEZING RAIN          0     HAIL                       0
HEAVY SNOW                0     SNOW                       0
LIGHT SNOW                0     SLEET                      0
FOG                      31     FOG W/VIS <= 1/4 MILE     12
HAZE                      9

-  INDICATES NEGATIVE NUMBERS.
R  INDICATES RECORD WAS SET OR TIED.
MM INDICATES DATA IS MISSING.
T  INDICATES TRACE AMOUNT.

$$

CARICO
