000
CXUS51 KRNK 011249
CLSLYH


CLIMATE REPORT
NATIONAL WEATHER SERVICE BLACKSBURG VA
748 AM EST THU DEC 1 2016

...................................

...THE LYNCHBURG VA CLIMATE SUMMARY FOR THE SEASON, FROM
9/1/2016 TO 11/30/2016...

CLIMATE NORMAL PERIOD 1981 TO 2010
CLIMATE RECORD PERIOD 1893 TO 2016

WEATHER         OBSERVED          NORMAL  DEPART  LAST YEAR`S
                 VALUE   DATE(S)  VALUE   FROM    VALUE
                                          NORMAL
.............................................................
TEMPERATURE (F)
RECORD
 HIGH             102   09/01/1932
 LOW                8   11/25/1970
HIGHEST            94   09/08                         92
LOWEST             21   11/22                         24
AVG. MAXIMUM     72.3              68.4     3.9     69.3
AVG. MINIMUM     49.6              44.9     4.7     48.0
MEAN             60.9              56.7     4.2     58.7
DAYS MAX >= 90      7               2.0     5.0        4
DAYS MAX <= 32      0               0.0     0.0        0
DAYS MIN <= 32     13              14.7    -1.7        9
DAYS MIN <= 0       0               0.0     0.0        0

PRECIPITATION (INCHES)
RECORD
 MAXIMUM        20.09   1996
 MINIMUM         1.85   1931
TOTALS           6.28             10.40   -4.12    15.59
DAILY AVG.       0.07              0.11   -0.04     0.17
DAYS >= .01        14              23.7    -9.7       28
DAYS >= .10        10              14.9    -4.9       17
DAYS >= .50         5               7.0    -2.0       11
DAYS >= 1.00        2               3.2    -1.2        6
GREATEST
 24 HR. TOTAL    1.53                               3.16

SNOWFALL (INCHES)
TOTALS            0.0                                0.0
DAYS >= TRACE       0                                  0
DAYS >= 1.0         0                                  0
GREATEST
 24 HR TOTAL      0.0                                0.0

DEGREE_DAYS
HEATING TOTAL     630               891    -261      710
COOLING TOTAL     280               133     147      169
..............................................................

WIND (MPH)
AVERAGE WIND SPEED              4.5
HIGHEST WIND SPEED/DIRECTION    30/210    DATE  11/30
HIGHEST GUST SPEED/DIRECTION    40/200    DATE  11/30

SKY COVER
AVERAGE SKY COVER           0.30

AVERAGE RH (PERCENT)     69

WEATHER CONDITIONS. NUMBER OF DAYS WITH
THUNDERSTORM              0     MIXED PRECIP               0
HEAVY RAIN                6     RAIN                       7
LIGHT RAIN               22     FREEZING RAIN              0
LT FREEZING RAIN          0     HAIL                       0
HEAVY SNOW                0     SNOW                       0
LIGHT SNOW                0     SLEET                      0
FOG                      27     FOG W/VIS <= 1/4 MILE      3
HAZE                      0

-  INDICATES NEGATIVE NUMBERS.
R  INDICATES RECORD WAS SET OR TIED.
MM INDICATES DATA IS MISSING.
T  INDICATES TRACE AMOUNT.

$$

RAB
