000
CXUS53 KEAX 012140
CLSMCI

CLIMATE REPORT
NATIONAL WEATHER SERVICE KANSAS CITY/PLEASANT HILL MO
146 AM CST FRI DEC 1 2017

...................................

...THE KANSAS CITY INTERNATIONAL CLIMATE SUMMARY FOR THE SEASON, FROM
9/1/2017 TO 11/30/2017...

CLIMATE NORMAL PERIOD 1981 TO 2010
CLIMATE RECORD PERIOD 1888 TO 2017

WEATHER         OBSERVED          NORMAL  DEPART  LAST YEAR`S
                 VALUE   DATE(S)  VALUE   FROM    VALUE  DATE(S)
                                          NORMAL
................................................................
TEMPERATURE (F)
RECORD
 HIGH             109   09/03/1947
 LOW                1   11/08/1991
                        11/28/1976
HIGHEST            90   09/21        93      -3       91  09/20
LOWEST             16   11/22        17      -1       27  11/19
AVG. MAXIMUM     68.1              66.4     1.7     71.7
AVG. MINIMUM     47.6              45.7     1.9     51.3
MEAN             57.9              56.1     1.8     61.5
DAYS MAX >= 90      1               2.9    -1.9        3
DAYS MAX <= 32      0               1.4    -1.4        0
DAYS MIN <= 32     13              15.2    -2.2       10
DAYS MIN <= 0       0               0.0     0.0        0

PRECIPITATION (INCHES)
RECORD
 MAXIMUM        22.08   1914
 MINIMUM         2.16   1891
TOTALS           7.94              9.93   -1.99     8.03
DAILY AVG.       0.09              0.11   -0.02     0.09
DAYS >= .01        21              24.1    -3.1       20
DAYS >= .10        11              16.0    -5.0       13
DAYS >= .50         4               6.5    -2.5        7
DAYS >= 1.00        3               2.7     0.3        1
GREATEST
 24 HR. TOTAL    2.65   MM

SNOWFALL (INCHES)
RECORDS
 TOTAL           13.2   1898
TOTALS              T               1.4    -1.4      0.0
SINCE 7/1           T               1.4    -1.4      0.0
DAYS >= TRACE       1               1.3    -0.3        0
DAYS >= 1.0         0               0.5    -0.5        0
GREATEST
 SNOW DEPTH         0   MM
 24 HR TOTAL      0.0   MM

DEGREE_DAYS
HEATING TOTAL     876              1000    -124      584
COOLING TOTAL     247               187      60      288
.................................................................

WIND (MPH)
AVERAGE WIND SPEED              10.2
HIGHEST WIND SPEED/DIRECTION    33/210    DATE  11/20
HIGHEST GUST SPEED/DIRECTION    42/190    DATE  10/21

SKY COVER
POSSIBLE SUNSHINE (PERCENT)   MM
AVERAGE SKY COVER           0.50
NUMBER OF DAYS FAIR           33
NUMBER OF DAYS PC             36
NUMBER OF DAYS CLOUDY         22

AVERAGE RH (PERCENT)     69

WEATHER CONDITIONS. NUMBER OF DAYS WITH
THUNDERSTORM              9     MIXED PRECIP               0
HEAVY RAIN                9     RAIN                       8
LIGHT RAIN               26     FREEZING RAIN              0
LT FREEZING RAIN          0     HAIL                       0
HEAVY SNOW                0     SNOW                       0
LIGHT SNOW                1     SLEET                      0
FOG                      41     FOG W/VIS <= 1/4 MILE      5
HAZE                     42

-  INDICATES NEGATIVE NUMBERS.
R  INDICATES RECORD WAS SET OR TIED.
MM INDICATES DATA IS MISSING.
T  INDICATES TRACE AMOUNT.

$$
