000
CXUS51 KCLE 070014 CCA
CLSMFD

CLIMATE REPORT...CORRECTED
NATIONAL WEATHER SERVICE CLEVELAND OH

101 PM EDT TUE SEP 6 2016

...................................

...THE MANSFIELD OH CLIMATE SUMMARY FOR THE SEASON, FROM
6/1/2016 TO 8/31/2016...

CLIMATE NORMAL PERIOD 1981 TO 2010
CLIMATE RECORD PERIOD 1916 TO 2016

WEATHER         OBSERVED          NORMAL  DEPART
                 VALUE   DATE(S)  VALUE   FROM
                                          NORMAL
................................................
TEMPERATURE (F)
RECORD
 HIGH             105   07/21/1934
 LOW               32   08/30/1946
                        06/06/1945
HIGHEST            92   08/11
                        07/23
                        06/11
LOWEST             48   06/13
AVG. MAXIMUM     84.3              80.0     4.3
AVG. MINIMUM     63.2              59.6     3.6
MEAN             73.7              69.8     3.9
DAYS MAX >= 90     17               4.0
DAYS MAX <= 32      0               0.0
DAYS MIN <= 32      0               0.0
DAYS MIN <= 0       0               0.0

PRECIPITATION (INCHES)
RECORD
 MAXIMUM        23.23   1987
 MINIMUM         6.00   1967
TOTALS           7.23             13.50   -6.27
DAYS >= .01        31              32.6
DAYS >= .10        19              21.9
DAYS >= .50         4               9.7
DAYS >= 1.00        0               3.7

SNOWFALL (INCHES)
RECORDS
 TOTAL             MM   MM
TOTALS            0.0               0.0
DAYS >= TRACE       0
DAYS >= 1.0         0               0.0

DEGREE_DAYS
HEATING TOTAL      14                79     -65
COOLING TOTAL     842               516     326
.................................................

WIND (MPH)
HIGHEST GUST SPEED/DIRECTION    52/190    DATE  08/09

SKY COVER
POSSIBLE SUNSHINE (PERCENT)   MM
NUMBER OF DAYS FAIR           61
NUMBER OF DAYS PC             28
NUMBER OF DAYS CLOUDY          3


WEATHER CONDITIONS. NUMBER OF DAYS WITH
THUNDERSTORM              0     MIXED PRECIP               0
HEAVY RAIN               15     RAIN                      13
LIGHT RAIN               30     FREEZING RAIN              0
LT FREEZING RAIN          0     HAIL                       0
HEAVY SNOW                0     SNOW                       0
LIGHT SNOW                0     SLEET                      0
FOG                      44     FOG W/VIS <= 1/4 MILE      4
HAZE                      9

-  INDICATES NEGATIVE NUMBERS.
R  INDICATES RECORD WAS SET OR TIED.
MM INDICATES DATA IS MISSING.
T  INDICATES TRACE AMOUNT.
CORRECTED THE MEAN TEMPERATURE AND DEPART FROM NORMAL.
$$
