000
CXUS53 KPAH 012248
CLSPAH

SDFCLMPAS 000
TTAA00 KPAH 012244


CLIMATE REPORT
NATIONAL WEATHER SERVICE PADUCAH KY
540 PM CDT TUE SEP 1 2015

...................................

...THE PADUCAH KY CLIMATE SUMMARY FOR THE SEASON, FROM
6/1/2015 TO 8/31/2015...

CLIMATE NORMAL PERIOD 1981 TO 2010
CLIMATE RECORD PERIOD 1937 TO 2015

WEATHER         OBSERVED          NORMAL  DEPART
                 VALUE   DATE(S)  VALUE   FROM
                                          NORMAL
................................................
TEMPERATURE (F)
RECORD
 HIGH             108   07/17/1942
 LOW               44   06/01/1993
                        08/29/1986
HIGHEST            96   07/29        88       8
LOWEST             52   08/26        67     -15
                        08/25
AVG. MAXIMUM     87.6              88.2    -0.6
AVG. MINIMUM     68.2              66.5     1.7
MEAN             77.9              77.4     0.5
DAYS MAX >= 90     35              37.4    -2.4
DAYS MAX <= 32      0               0.0     0.0
DAYS MIN <= 32      0               0.0     0.0
DAYS MIN <= 0       0               0.0     0.0

PRECIPITATION (INCHES)
RECORD
 MAXIMUM        22.45   1958
 MINIMUM         4.48   1944
TOTALS          14.81             11.26    3.55
DAILY AVG.       0.16              0.12    0.04
DAYS >= .01        26              24.5     1.5
DAYS >= .10        19              16.8     2.2
DAYS >= .50         8               7.3     0.7
DAYS >= 1.00        4               3.2     0.8
GREATEST
 24 HR. TOTAL    3.42   MM
 STORM TOTAL       MM
 (MM/DD(HH))            MM

SNOWFALL (INCHES)
RECORDS
 TOTAL            0.0   2002
                        2000
 24 HR TOTAL      0.0   08/31/2002 TO 08/31/2002
TOTALS            0.0               0.0     0.0
 LIQUID EQUIV    0.00
SINCE 7/1         0.0               0.0     0.0
 LIQUID 7/1      0.00
SNOWDEPTH AVG.      0
DAYS >= TRACE       0
DAYS >= 1.0         0
GREATEST
 SNOW DEPTH         0   MM
 24 HR TOTAL      0.0   MM
 STORM TOTAL       MM
 (MM/DD(HH))            MM

DEGREE_DAYS
HEATING TOTAL       2                 4      -2
 SINCE 7/1          0                 1      -1
COOLING TOTAL    1213              1140      73
 SINCE 1/1       1424              1313     111

FREEZE DATES
RECORD
 EARLIEST     10/01/1984
 LATEST       04/28/1992
EARLIEST                        10/26
LATEST                          04/04
.................................................

WIND (MPH)
AVERAGE WIND SPEED              5.0
HIGHEST WIND SPEED/DIRECTION    37/270    DATE  07/02
HIGHEST GUST SPEED/DIRECTION    46/270    DATE  07/08

SKY COVER
POSSIBLE SUNSHINE (PERCENT)   MM
AVERAGE SKY COVER           0.30
NUMBER OF DAYS FAIR           68
NUMBER OF DAYS PC             21
NUMBER OF DAYS CLOUDY          3

AVERAGE RH (PERCENT)     74

WEATHER CONDITIONS. NUMBER OF DAYS WITH
THUNDERSTORM              0     MIXED PRECIP               0
HEAVY RAIN               16     RAIN                      15
LIGHT RAIN               30     FREEZING RAIN              0
LT FREEZING RAIN          0     HAIL                       0
HEAVY SNOW                0     SNOW                       0
LIGHT SNOW                0     SLEET                      0
FOG                      68     FOG W/VIS <= 1/4 MILE      9
HAZE                     29

-  INDICATES NEGATIVE NUMBERS.
R  INDICATES RECORD WAS SET OR TIED.
MM INDICATES DATA IS MISSING.
T  INDICATES TRACE AMOUNT.

$$
