000
CXUS53 KLSX 011801
CLSUIN

CLIMATE REPORT
NATIONAL WEATHER SERVICE ST LOUIS MO
1231 PM CDT WED JUN 1 2016

...................................

...THE QUINCY IL CLIMATE SUMMARY FOR THE SEASON, FROM
3/1/2016 TO 5/31/2016...

CLIMATE NORMAL PERIOD 1981 TO 2010
CLIMATE RECORD PERIOD 1901 TO 2016

WEATHER         OBSERVED          NORMAL  DEPART
                 VALUE   DATE(S)  VALUE   FROM
                                          NORMAL
................................................
TEMPERATURE (F)
RECORD
 HIGH             103   05/30/1934
 LOW              -13   03/05/1960
HIGHEST            85   05/30
LOWEST             16   03/02
AVG. MAXIMUM     65.4              62.5     2.9
AVG. MINIMUM     44.8
MEAN             55.1              52.6     2.5
DAYS MAX >= 90      0
DAYS MAX <= 32      0
DAYS MIN <= 32     13
DAYS MIN <= 0       0

PRECIPITATION (INCHES)
RECORD
 MAXIMUM        25.78   1973
 MINIMUM         4.20   1956
TOTALS           8.06             10.69   -2.63
DAYS >= .01        31
DAYS >= .10        21
DAYS >= .50         7
DAYS >= 1.00        1
GREATEST
 24 HR. TOTAL    1.19   05/26 TO 05/27

DEGREE_DAYS
HEATING TOTAL     995              1224    -229
 SINCE 7/1       4592              5566    -974
COOLING TOTAL     104                86      18
 SINCE 1/1        104                86      18
.................................................

WIND (MPH)
AVERAGE WIND SPEED              9.7
HIGHEST WIND SPEED/DIRECTION    44/300    DATE  04/02
HIGHEST GUST SPEED/DIRECTION    55/290    DATE  04/02

SKY COVER
NUMBER OF DAYS FAIR           48
NUMBER OF DAYS PC             23
NUMBER OF DAYS CLOUDY         21


WEATHER CONDITIONS. NUMBER OF DAYS WITH
THUNDERSTORM              17     FOG W/VIS <= 1/4 MILE     13

-  INDICATES NEGATIVE NUMBERS.
R  INDICATES RECORD WAS SET OR TIED.
MM INDICATES DATA IS MISSING.
T  INDICATES TRACE AMOUNT.

$$

.................................................................

...SEASONAL RECORDS...

NO RECORDS OF NOTE

...MONTHLY RECORDS...

10TH WARMEST MARCH ON RECORD ... 48.1 DEGREES

TIED 7TH LEAST NUMBER OF OCCURRENCES OF A MINIMUM TEMPERATURE
LESS THAN OR EQUAL TO 32 DEGREES IN THE MONTH OF MARCH ... 8 DAYS

20TH DRIEST MARCH ON RECORD ... 1.08 INCHES

...DAILY RECORDS...

NO RECORDS OF NOTE
