000
CXUS55 KLKN 040322
CLSWMC


CLIMATE REPORT
NATIONAL WEATHER SERVICE ELKO NV
802 PM PDT TUE JUN 3 2014

...................................

...THE WINNEMUCCA AIRPORT NV CLIMATE SUMMARY FOR THE SEASON, FROM
3/1/2014 TO 5/31/2014...

CLIMATE NORMAL PERIOD 1981 TO 2010
CLIMATE RECORD PERIOD 1877 TO 2014

WEATHER         OBSERVED          NORMAL  DEPART  LAST YEAR`S
                 VALUE   DATE(S)  VALUE   FROM    VALUE
                                          NORMAL
.............................................................
TEMPERATURE (F)
RECORD
 HIGH              98   05/29/2003
                        05/28/2003
                        05/31/1910
 LOW               -3   03/02/1971
                        03/01/1971
                        03/12/1954
HIGHEST            90   05/27        90       0       89
LOWEST             15   03/23        11       4        9
                        03/18
AVG. MAXIMUM     65.4              63.5     1.9     65.4
AVG. MINIMUM     31.6              31.8    -0.2     29.9
MEAN             48.5              47.6     0.9     47.7
DAYS MAX >= 90      1               1.4    -0.4        0
DAYS MAX <= 32      0               0.0     0.0        0
DAYS MIN <= 32     53              47.6     5.4       58
DAYS MIN <= 0       0               0.0     0.0        0

PRECIPITATION (INCHES)
RECORD
 MAXIMUM         6.73   1998
 MINIMUM         0.71   1931
TOTALS           2.31              2.84   -0.53     1.37
DAILY AVG.       0.03              0.03    0.00     0.02
DAYS >= .01        18              22.7    -4.7       13
DAYS >= .10        10               9.1     0.9        5
DAYS >= .50         0               0.9    -0.9        0
DAYS >= 1.00        0               0.1    -0.1        0

SNOWFALL (INCHES)
RECORDS
 TOTAL           23.4   1952
                        1896
TOTALS            1.9               4.9    -3.0        T
DAYS >= 1.0         0               1.6    -1.6        0
GREATEST
 SNOW DEPTH         T   03/30                          0

DEGREE_DAYS
HEATING TOTAL    1503              1611    -108     1574
COOLING TOTAL       9                12      -3        1
..............................................................

WIND (MPH)
AVERAGE WIND SPEED              8.2
HIGHEST WIND SPEED/DIRECTION    36/220    DATE  03/17
HIGHEST GUST SPEED/DIRECTION    48/220    DATE  03/06

AVERAGE RH (PERCENT)     47

WEATHER CONDITIONS. NUMBER OF DAYS WITH
THUNDERSTORM              0     MIXED PRECIP               0
HEAVY RAIN                0     RAIN                       6
LIGHT RAIN               27     FREEZING RAIN              0
LT FREEZING RAIN          0     HAIL                       1
HEAVY SNOW                0     SNOW                       0
LIGHT SNOW                6     SLEET                      0
FOG                      13     FOG W/VIS <= 1/4 MILE      0
HAZE                      5

-  INDICATES NEGATIVE NUMBERS.
R  INDICATES RECORD WAS SET OR TIED.
MM INDICATES DATA IS MISSING.
T  INDICATES TRACE AMOUNT.

&&

==============================================================

...41ST WARMEST METEOROLOGICAL SPRING ON RECORD IN WINNEMUCCA...
...66TH DRIEST METEOROLOGICAL SPRING ON RECORD IN WINNEMUCCA...
...27TH LEAST SNOWY METEOROLOGICAL SPRING ON RECORD IN WINNEMUCCA...

THE AVERAGE TEMPERATURE IN WINNEMUCCA DURING METEOROLOGICAL
SPRING (MARCH, APRIL AND MAY) 2014 WAS 48.5 DEGREES...WHICH IS
0.9 DEGREES ABOVE THE 1981-2010 CLIMATOLOGICAL NORMAL OF 47.6
DEGREES. THIS MAKES METEOROLOGICAL SPRING 2014 THE 41ST
WARMEST ON RECORD. THE TOTAL PRECIPITATION WAS 2.31 INCHES...
WHICH IS 0.53 INCHES OR 19 PERCENT BELOW THE 1981-2010
CLIMATOLOGICAL NORMAL OF 2.84 INCHES. THIS MAKES
METEOROLOGICAL SPRING 2014 THE 66TH DRIEST ON RECORD. THE
TOTAL SNOWFALL WAS 1.9 INCHES...WHICH IS 3.0 INCHES OR 61
PERCENT BELOW THE 1981-2010 CLIMATOLOGICAL NORMAL OF 4.9
INCHES. THIS MAKES METEOROLOGICAL SPRING 2014 THE 27TH LEAST
SNOWY ON RECORD.

MAY 2014 TIED MANY OTHER MAYS FOR LEAST SNOWFALL RECORDED...
WITH A TOTAL OF 0.0 DURING THE MONTH.

$$

RCM
