000
CXUS55 KLKN 020150
CLSWMC


CLIMATE REPORT
NATIONAL WEATHER SERVICE ELKO NV
526 PM PST SAT MAR 1 2014

...................................

...THE WINNEMUCCA AIRPORT NV CLIMATE SUMMARY FOR THE SEASON, FROM
12/1/2013 TO 2/28/2014...

CLIMATE NORMAL PERIOD 1981 TO 2010
CLIMATE RECORD PERIOD 1877 TO 2014

WEATHER         OBSERVED          NORMAL  DEPART  LAST YEAR`S
                 VALUE   DATE(S)  VALUE   FROM    VALUE
                                          NORMAL
.............................................................
TEMPERATURE (F)
RECORD
 HIGH              74   02/28/1986
                        02/19/1981
 LOW              -37   12/22/1990
HIGHEST            68   02/15        65       3       60
LOWEST            -26   12/09        -9     -17      -21
AVG. MAXIMUM     44.5              43.3     1.2     38.9
AVG. MINIMUM     16.4              19.5    -3.1     13.5
MEAN             30.5              31.4    -0.9     26.2
DAYS MAX >= 90      0               0.0     0.0        0
DAYS MAX <= 32     18              10.2     7.8       27
DAYS MIN <= 32     78              80.3    -2.3       87
DAYS MIN <= 0      12               4.3     7.7       23

PRECIPITATION (INCHES)
RECORD
 MAXIMUM         7.84   1890
 MINIMUM         0.51   1977
TOTALS           2.22              2.46   -0.24     2.15
DAILY AVG.       0.03              0.03    0.00     0.02
DAYS >= .01        18              24.0    -6.0       24
DAYS >= .10         7               8.7    -1.7        8
DAYS >= .50         1               0.5     0.5        0
DAYS >= 1.00        0               0.0     0.0        0

SNOWFALL (INCHES)
RECORDS
 TOTAL           68.0   1890
TOTALS           14.9              12.5     2.4     20.6
DAYS >= 1.0         3               4.6    -1.6        5
GREATEST
 SNOW DEPTH         8   12/08                          7

DEGREE_DAYS
HEATING TOTAL    3114              3021      93     3494
COOLING TOTAL       0                 0       0        0
..............................................................

WIND (MPH)
AVERAGE WIND SPEED              6.0
HIGHEST WIND SPEED/DIRECTION    33/220    DATE  02/15
HIGHEST GUST SPEED/DIRECTION    44/230    DATE  02/15

AVERAGE RH (PERCENT)     68

WEATHER CONDITIONS. NUMBER OF DAYS WITH
THUNDERSTORM              0     MIXED PRECIP               0
HEAVY RAIN                2     RAIN                       1
LIGHT RAIN               17     FREEZING RAIN              0
LT FREEZING RAIN          0     HAIL                       0
HEAVY SNOW                1     SNOW                       2
LIGHT SNOW               12     SLEET                      0
FOG                      28     FOG W/VIS <= 1/4 MILE      5
HAZE                      6

-  INDICATES NEGATIVE NUMBERS.
R  INDICATES RECORD WAS SET OR TIED.
MM INDICATES DATA IS MISSING.
T  INDICATES TRACE AMOUNT.

&&

==============================================================

...55TH COLDEST METEOROLOGICAL WINTER ON RECORD IN WINNEMUCCA...
...61ST DRIEST METEOROLOGICAL WINTER ON RECORD IN WINNEMUCCA...
...61ST LEAST SNOWY METEOROLOGICAL WINTER ON RECORD IN WINNEMUCCA...

THE AVERAGE TEMPERATURE IN WINNEMUCCA DURING METEOROLOGICAL
WINTER 2013-2014 WAS 30.5 DEGREES...WHICH IS 0.9 DEGREES BELOW
THE 1981-2010 CLIMATOLOGICAL NORMAL OF 31.4 DEGREES. THIS
MAKES METEOROLOGICAL WINTER 2013-2014 THE 55TH COLDEST ON
RECORD. THE TOTAL PRECIPITATION WAS 2.22 INCHES...WHICH IS
0.22 INCHES OR 10 PERCENT BELOW THE 1981-2010 CLIMATOLOGICAL
NORMAL OF 2.46 INCHES. THIS MAKES METEOROLOGICAL WINTER
2013-2014 THE 61ST DRIEST ON RECORD. THE TOTAL SNOWFALL WAS
14.9 INCHES...WHICH IS 2.4 INCHES OR 19 PERCENT ABOVE THE
1981-2010 CLIMATOLOGICAL NORMAL OF 12.5 INCHES. THIS MAKES
METEOROLOGICAL WINTER 2013-2014 THE 61ST LEAST SNOWY ON
RECORD.

NO MONTHLY RECORDS WERE SET DURING METEOROLOGICAL WINTER
2013-2014.

$$

RCM
