227
CXUS51 KCLE 040504
CLSYNG


CLIMATE REPORT
NATIONAL WEATHER SERVICE CLEVELAND OH
1200 AM EST SAT MAR 4 2017

...................................

...THE YOUNGSTOWN OH CLIMATE SUMMARY FOR THE SEASON, FROM
12/1/2016 TO 2/28/2017...

CLIMATE NORMAL PERIOD 1981 TO 2010
CLIMATE RECORD PERIOD 1897 TO 2017

WEATHER         OBSERVED          NORMAL  DEPART
                 VALUE   DATE(S)  VALUE   FROM
                                          NORMAL
................................................
TEMPERATURE (F)
RECORD
 HIGH              76   12/03/1982
 LOW              -22   01/19/1994
HIGHEST            75   02/24
LOWEST              0   01/06
AVG. MAXIMUM     41.0              35.0     6.0
AVG. MINIMUM     26.3              21.3     5.0
MEAN             33.7              28.1     5.6
DAYS MAX >= 90      0               0.0
DAYS MAX <= 32     23              37.0
DAYS MIN <= 32     65              75.1
DAYS MIN <= 0       1               3.6

PRECIPITATION (INCHES)
RECORD
 MAXIMUM        15.88   1950
 MINIMUM         3.84   1922
TOTALS          11.45              7.69    3.76
DAYS >= .01        58              48.6
DAYS >= .10        24              21.1
DAYS >= .50         8               3.4
DAYS >= 1.00        1               0.6

SNOWFALL (INCHES)
RECORDS
 TOTAL          103.7   2011
TOTALS           43.0              44.4
DAYS >= TRACE      51
DAYS >= 1.0        17              14.5

DEGREE_DAYS
HEATING TOTAL    2812              3318    -506
COOLING TOTAL       0                 0       0
.................................................

WIND (MPH)
HIGHEST GUST SPEED/DIRECTION    57/340    DATE  01/12

SKY COVER
POSSIBLE SUNSHINE (PERCENT)   MM
NUMBER OF DAYS FAIR            3
NUMBER OF DAYS PC             15
NUMBER OF DAYS CLOUDY         72


WEATHER CONDITIONS. NUMBER OF DAYS WITH
THUNDERSTORM              0     MIXED PRECIP               0
HEAVY RAIN                4     RAIN                      11
LIGHT RAIN               44     FREEZING RAIN              0
LT FREEZING RAIN          4     HAIL                       0
HEAVY SNOW                6     SNOW                      27
LIGHT SNOW               50     SLEET                      8
FOG                      60     FOG W/VIS <= 1/4 MILE      6
HAZE                      3

-  INDICATES NEGATIVE NUMBERS.
R  INDICATES RECORD WAS SET OR TIED.
MM INDICATES DATA IS MISSING.
T  INDICATES TRACE AMOUNT.

$$
