000
CDUS44 KLUB 260625
CLILBB


CLIMATE REPORT
NATIONAL WEATHER SERVICE LUBBOCK, TX
125 AM CDT MON JUN 26 2017


...................................

...THE LUBBOCK CLIMATE SUMMARY FOR JUNE 25 2017...

CLIMATE NORMAL PERIOD 1981 TO 2010
CLIMATE RECORD PERIOD 1911 TO 2017


WEATHER ITEM   OBSERVED TIME   RECORD YEAR NORMAL DEPARTURE LAST
                VALUE   (LST)  VALUE       VALUE  FROM      YEAR
                                                  NORMAL
..................................................................
TEMPERATURE (F)
 YESTERDAY
  MAXIMUM         89    442 PM 110    2011  92     -3       94
  MINIMUM         68    814 AM  54    1940  66      2       72
  AVERAGE         79                        79      0       83

PRECIPITATION (IN)
  YESTERDAY        0.01          0.63 1938   0.10  -0.09     0.00
  MONTH TO DATE    0.79                      2.61  -1.82     1.00
  SINCE JUN 1      0.79                      2.61  -1.82     1.00
  SINCE JAN 1      6.28                      8.82  -2.54     6.27

SNOWFALL (IN)
  YESTERDAY        0.0           0.0  2002   0.0    0.0      0.0
  MONTH TO DATE    T                         0.0    0.0      0.0
  SINCE JUN 1      T                         0.0    0.0      0.0
  SINCE JUL 1      0.2                       8.2   -8.0     13.3
  SNOW DEPTH       0

DEGREE DAYS
 HEATING
  YESTERDAY        0                         0      0        0
  MONTH TO DATE    0                         0      0        3
  SINCE JUN 1      0                         0      0        3
  SINCE JUL 1   2468                      3377   -909     2857

 COOLING
  YESTERDAY       14                        14      0       18
  MONTH TO DATE  394                       303     91      351
  SINCE JUN 1    394                       303     91      351
  SINCE JAN 1    696                       549    147      578
..................................................................


WIND (MPH)
  RESULTANT WIND SPEED  14   RESULTANT WIND DIRECTION  SE (140)
  HIGHEST WIND SPEED    25   HIGHEST WIND DIRECTION    SE (120)
  HIGHEST GUST SPEED    31   HIGHEST GUST DIRECTION    SE (120)
  AVERAGE WIND SPEED    13.9


SKY COVER
  AVERAGE SKY COVER 0.9


WEATHER CONDITIONS
 THE FOLLOWING WEATHER WAS RECORDED YESTERDAY.
  THUNDERSTORM
  LIGHT RAIN
  FOG


RELATIVE HUMIDITY (PERCENT)
 HIGHEST    81           100 AM
 LOWEST     40           400 PM
 AVERAGE    61

..........................................................


THE LUBBOCK CLIMATE NORMALS FOR TODAY
                         NORMAL    RECORD    YEAR
 MAXIMUM TEMPERATURE (F)   92       112      2011
 MINIMUM TEMPERATURE (F)   66        53      1958


SUNRISE AND SUNSET
JUNE 26 2017..........SUNRISE   639 AM CDT   SUNSET   902 PM CDT
JUNE 27 2017..........SUNRISE   639 AM CDT   SUNSET   902 PM CDT


-  INDICATES NEGATIVE NUMBERS.
R  INDICATES RECORD WAS SET OR TIED.
MM INDICATES DATA IS MISSING.
T  INDICATES TRACE AMOUNT.




$$
