000
CDUS44 KLUB 310628
CLILBB


CLIMATE REPORT
NATIONAL WEATHER SERVICE LUBBOCK, TX
127 AM CDT FRI OCT 31 2014


...................................

...THE LUBBOCK CLIMATE SUMMARY FOR OCTOBER 30 2014...

CLIMATE NORMAL PERIOD 1981 TO 2010
CLIMATE RECORD PERIOD 1911 TO 2014


WEATHER ITEM   OBSERVED TIME   RECORD YEAR NORMAL DEPARTURE LAST
                VALUE   (LST)  VALUE       VALUE  FROM      YEAR
                                                  NORMAL
..................................................................
TEMPERATURE (F)
 YESTERDAY
  MAXIMUM         76    254 PM  90    2010  71      5       76
  MINIMUM         45   1159 PM  18    1993  43      2       60
  AVERAGE         61                        57      4       68

PRECIPITATION (IN)
  YESTERDAY        0.00          0.74 1941   0.04  -0.04     0.04
  MONTH TO DATE    0.38                      1.88  -1.50     1.15
  SINCE SEP 1      7.32                      4.39   2.93     1.69
  SINCE JAN 1     19.22                     17.46   1.76    11.47

SNOWFALL (IN)
  YESTERDAY        0.0           T    1993   0.0    0.0      0.0
  MONTH TO DATE    0.0                       0.0    0.0      0.0
  SINCE SEP 1      0.0                       0.0    0.0      0.0
  SINCE JUL 1      0.0                       0.0    0.0      0.0
  SNOW DEPTH       0

DEGREE DAYS
 HEATING
  YESTERDAY        4                         9     -5        0
  MONTH TO DATE   89                       150    -61      152
  SINCE SEP 1    114                       173    -59      156
  SINCE JUL 1    114                       173    -59      156

 COOLING
  YESTERDAY        0                         0      0        3
  MONTH TO DATE   60                        54      6       76
  SINCE SEP 1    288                       277     11      392
  SINCE JAN 1   1917                      1803    114     2120
..................................................................


WIND (MPH)
  RESULTANT WIND SPEED   6   RESULTANT WIND DIRECTION  NE (40)
  HIGHEST WIND SPEED    24   HIGHEST WIND DIRECTION    NE (60)
  HIGHEST GUST SPEED    31   HIGHEST GUST DIRECTION     E (70)
  AVERAGE WIND SPEED    11.4


SKY COVER
  AVERAGE SKY COVER 0.0


WEATHER CONDITIONS
 THE FOLLOWING WEATHER WAS RECORDED YESTERDAY.
  NO SIGNIFICANT WEATHER WAS OBSERVED.


RELATIVE HUMIDITY (PERCENT)
 HIGHEST    93           700 AM
 LOWEST     29           500 PM
 AVERAGE    61

..........................................................


THE LUBBOCK CLIMATE NORMALS FOR TODAY
                         NORMAL    RECORD    YEAR
 MAXIMUM TEMPERATURE (F)   70        88      1934
 MINIMUM TEMPERATURE (F)   43        20      1991


SUNRISE AND SUNSET
OCTOBER 31 2014.......SUNRISE   805 AM CDT   SUNSET   656 PM CDT
NOVEMBER  1 2014......SUNRISE   806 AM CDT   SUNSET   655 PM CDT


-  INDICATES NEGATIVE NUMBERS.
R  INDICATES RECORD WAS SET OR TIED.
MM INDICATES DATA IS MISSING.
T  INDICATES TRACE AMOUNT.




$$
