000
CDUS44 KLUB 200129
CLILBB


CLIMATE REPORT
NATIONAL WEATHER SERVICE LUBBOCK, TX
828 PM CDT THU OCT 19 2017


...................................

...THE LUBBOCK CLIMATE SUMMARY FOR OCTOBER 19 2017...
VALID TODAY AS OF 0800 PM LOCAL TIME.

CLIMATE NORMAL PERIOD 1981 TO 2010
CLIMATE RECORD PERIOD 1911 TO 2017


WEATHER ITEM   OBSERVED TIME   RECORD YEAR NORMAL DEPARTURE LAST
                VALUE   (LST)  VALUE       VALUE  FROM      YEAR
                                                  NORMAL
..................................................................
TEMPERATURE (F)
 TODAY
  MAXIMUM         78    308 PM  92    1940  74      4       86
  MINIMUM         50    729 AM  24    1917  47      3       46
  AVERAGE         64                        61      3       66

PRECIPITATION (IN)
  TODAY            0.00          5.43 1983   0.06  -0.06     0.00
  MONTH TO DATE    0.42                      1.29  -0.87     1.05
  SINCE SEP 1      3.88                      3.80   0.08     2.52
  SINCE JAN 1     21.84                     16.87   4.97    12.44

SNOWFALL (IN)
  TODAY            0.0                       0.0    0.0      0.0
  MONTH TO DATE    0.0                       0.0    0.0      0.0
  SINCE SEP 1      0.0                       0.0    0.0      0.0
  SINCE JUL 1      0.0                       0.0    0.0      0.0
  SNOW DEPTH       0

DEGREE DAYS
 HEATING
  TODAY            1                         6     -5        0
  MONTH TO DATE   50                        72    -22       31
  SINCE SEP 1     75                        95    -20       33
  SINCE JUL 1     75                        95    -20       33

 COOLING
  TODAY            0                         1     -1        1
  MONTH TO DATE   77                        44     33       93
  SINCE SEP 1    327                       267     60      347
  SINCE JAN 1   1972                      1793    179     2073
..................................................................


WIND (MPH)
  RESULTANT WIND SPEED  10   RESULTANT WIND DIRECTION   S (170)
  HIGHEST WIND SPEED    21   HIGHEST WIND DIRECTION     S (170)
  HIGHEST GUST SPEED    25   HIGHEST GUST DIRECTION    SE (150)
  AVERAGE WIND SPEED    10.6


SKY COVER
  AVERAGE SKY COVER 0.7


WEATHER CONDITIONS
 THE FOLLOWING WEATHER WAS RECORDED TODAY.
  NO SIGNIFICANT WEATHER WAS OBSERVED.


RELATIVE HUMIDITY (PERCENT)
 HIGHEST    77           700 AM
 LOWEST     38          1200 PM
 AVERAGE    58

..........................................................


THE LUBBOCK CLIMATE NORMALS FOR TOMORROW
                         NORMAL    RECORD    YEAR
 MAXIMUM TEMPERATURE (F)   74        93      2012
 MINIMUM TEMPERATURE (F)   47        25      1916


SUNRISE AND SUNSET
OCTOBER 19 2017.......SUNRISE   755 AM CDT   SUNSET   708 PM CDT
OCTOBER 20 2017.......SUNRISE   756 AM CDT   SUNSET   707 PM CDT


-  INDICATES NEGATIVE NUMBERS.
R  INDICATES RECORD WAS SET OR TIED.
MM INDICATES DATA IS MISSING.
T  INDICATES TRACE AMOUNT.




$$
