000
CDUS44 KLUB 210627
CLILBB


CLIMATE REPORT
NATIONAL WEATHER SERVICE LUBBOCK, TX
126 AM CDT THU SEP 21 2017


...................................

...THE LUBBOCK CLIMATE SUMMARY FOR SEPTEMBER 20 2017...

CLIMATE NORMAL PERIOD 1981 TO 2010
CLIMATE RECORD PERIOD 1911 TO 2017


WEATHER ITEM   OBSERVED TIME   RECORD YEAR NORMAL DEPARTURE LAST
                VALUE   (LST)  VALUE       VALUE  FROM      YEAR
                                                  NORMAL
..................................................................
TEMPERATURE (F)
 YESTERDAY
  MAXIMUM         92    351 PM  98    1977  83      9       91
  MINIMUM         64   1156 PM  41    1991  57      7       66
                                      1983
                                      1971
  AVERAGE         78                        70      8       79

PRECIPITATION (IN)
  YESTERDAY        0.00          2.65 1925   0.08  -0.08     0.00
  MONTH TO DATE    0.60                      1.72  -1.12     1.44
  SINCE SEP 1      0.60                      1.72  -1.12     1.44
  SINCE JAN 1     18.56                     14.79   3.77    11.36

SNOWFALL (IN)
  YESTERDAY        0.0           0.0  2002   0.0    0.0      0.0
  MONTH TO DATE    0.0                       0.0    0.0      0.0
  SINCE SEP 1      0.0                       0.0    0.0      0.0
  SINCE JUL 1      0.0                       0.0    0.0      0.0
  SNOW DEPTH       0

DEGREE DAYS
 HEATING
  YESTERDAY        0                         1     -1        0
  MONTH TO DATE    0                         7     -7        0
  SINCE SEP 1      0                         7     -7        0
  SINCE JUL 1      0                         7     -7        0

 COOLING
  YESTERDAY       13                         6      7       14
  MONTH TO DATE  202                       174     28      210
  SINCE SEP 1    202                       174     28      210
  SINCE JAN 1   1847                      1700    147     1936
..................................................................


WIND (MPH)
  RESULTANT WIND SPEED   3   RESULTANT WIND DIRECTION  SW (240)
  HIGHEST WIND SPEED    25   HIGHEST WIND DIRECTION     S (190)
  HIGHEST GUST SPEED    33   HIGHEST GUST DIRECTION     S (190)
  AVERAGE WIND SPEED    10.3


SKY COVER
  AVERAGE SKY COVER 0.2


WEATHER CONDITIONS
 THE FOLLOWING WEATHER WAS RECORDED YESTERDAY.
  NO SIGNIFICANT WEATHER WAS OBSERVED.


RELATIVE HUMIDITY (PERCENT)
 HIGHEST    84           700 AM
 LOWEST     20           200 PM
 AVERAGE    52

..........................................................


THE LUBBOCK CLIMATE NORMALS FOR TODAY
                         NORMAL    RECORD    YEAR
 MAXIMUM TEMPERATURE (F)   83        98      1998
 MINIMUM TEMPERATURE (F)   57        33      1983


SUNRISE AND SUNSET
SEPTEMBER 21 2017.....SUNRISE   735 AM CDT   SUNSET   745 PM CDT
SEPTEMBER 22 2017.....SUNRISE   736 AM CDT   SUNSET   744 PM CDT


-  INDICATES NEGATIVE NUMBERS.
R  INDICATES RECORD WAS SET OR TIED.
MM INDICATES DATA IS MISSING.
T  INDICATES TRACE AMOUNT.




$$
