000
CDUS44 KLUB 010630
CLILBB


CLIMATE REPORT
NATIONAL WEATHER SERVICE LUBBOCK, TX
128 AM CDT MON SEP 1 2014


...................................

...THE LUBBOCK CLIMATE SUMMARY FOR AUGUST 31 2014...

CLIMATE NORMAL PERIOD 1981 TO 2010
CLIMATE RECORD PERIOD 1911 TO 2014


WEATHER ITEM   OBSERVED TIME   RECORD YEAR NORMAL DEPARTURE LAST
                VALUE   (LST)  VALUE       VALUE  FROM      YEAR
                                                  NORMAL
..................................................................
TEMPERATURE (F)
 YESTERDAY
  MAXIMUM        100R   411 PM 100    1930  89     11       97
  MINIMUM         73    659 AM  43    1915  64      9       66
  AVERAGE         87                        76     11       82

PRECIPITATION (IN)
  YESTERDAY        0.00          1.02 1942   0.07  -0.07     0.00
  MONTH TO DATE    0.54                      1.91  -1.37     1.32
  SINCE JUN 1      5.77                      6.86  -1.09     6.36
  SINCE JAN 1     11.90                     13.07  -1.17     9.78

SNOWFALL (IN)
  YESTERDAY        0.0                       0.0    0.0      0.0
  MONTH TO DATE    0.0                       0.0    0.0      0.0
  SINCE JUN 1      0.0                       0.0    0.0      0.0
  SINCE JUL 1      0.0                       0.0    0.0      0.0
  SNOW DEPTH       0

DEGREE DAYS
 HEATING
  YESTERDAY        0                         0      0        0
  MONTH TO DATE    0                         0      0        0
  SINCE JUN 1      0                         2     -2        0
  SINCE JUL 1      0                         0      0        0

 COOLING
  YESTERDAY       22                        12     10       17
  MONTH TO DATE  500                       433     67      489
  SINCE JUN 1   1350                      1280     70     1413
  SINCE JAN 1   1629                      1526    103     1728
..................................................................


WIND (MPH)
  RESULTANT WIND SPEED  16   RESULTANT WIND DIRECTION   S (190)
  HIGHEST WIND SPEED    29   HIGHEST WIND DIRECTION     S (190)
  HIGHEST GUST SPEED    36   HIGHEST GUST DIRECTION     S (200)
  AVERAGE WIND SPEED    17.0


SKY COVER
  AVERAGE SKY COVER 0.2


WEATHER CONDITIONS
 THE FOLLOWING WEATHER WAS RECORDED YESTERDAY.
  NO SIGNIFICANT WEATHER WAS OBSERVED.


RELATIVE HUMIDITY (PERCENT)
 HIGHEST    68           700 AM
 LOWEST     22           400 PM
 AVERAGE    45

..........................................................


THE LUBBOCK CLIMATE NORMALS FOR TODAY
                         NORMAL    RECORD    YEAR
 MAXIMUM TEMPERATURE (F)   89        99      2013
                                             1951
                                             1947
 MINIMUM TEMPERATURE (F)   64        43      1915


SUNRISE AND SUNSET
SEPTEMBER  1 2014.....SUNRISE   721 AM CDT   SUNSET   813 PM CDT
SEPTEMBER  2 2014.....SUNRISE   722 AM CDT   SUNSET   811 PM CDT


-  INDICATES NEGATIVE NUMBERS.
R  INDICATES RECORD WAS SET OR TIED.
MM INDICATES DATA IS MISSING.
T  INDICATES TRACE AMOUNT.




$$
