978
CDUS44 KLUB 090655
CLILBB


CLIMATE REPORT
NATIONAL WEATHER SERVICE LUBBOCK, TX
1226 AM CST TUE FEB 9 2016


...................................

...THE LUBBOCK CLIMATE SUMMARY FOR FEBRUARY 8 2016...

CLIMATE NORMAL PERIOD 1981 TO 2010
CLIMATE RECORD PERIOD 1911 TO 2016


WEATHER ITEM   OBSERVED TIME   RECORD YEAR NORMAL DEPARTURE LAST
                VALUE   (LST)  VALUE       VALUE  FROM      YEAR
                                                  NORMAL
..................................................................
TEMPERATURE (F)
 YESTERDAY
  MAXIMUM         57    418 PM  83    1951  57      0       79
  MINIMUM         20    734 AM -17    1933  29     -9       43
  AVERAGE         39                        43     -4       61

PRECIPITATION (IN)
  YESTERDAY        0.00          0.73 2009   0.03  -0.03     0.00
  MONTH TO DATE    0.00                      0.21  -0.21      T
  SINCE DEC 1      1.87                      1.62   0.25     2.00
  SINCE JAN 1      0.30                      0.86  -0.56     1.61

SNOWFALL (IN)
  YESTERDAY        0.0           3.0  1929   0.0    0.0      0.0
  MONTH TO DATE    0.0                       0.6   -0.6      0.0
  SINCE DEC 1     13.3                       5.5    7.8      6.6
  SINCE JUL 1     13.3                       6.4    6.9      7.1
  SNOW DEPTH       0

DEGREE DAYS
 HEATING
  YESTERDAY       26                        22      4        4
  MONTH TO DATE  202                       181     21      128
  SINCE DEC 1   1596                      1704   -108     1582
  SINCE JUL 1   2115                      2346   -231     2257

 COOLING
  YESTERDAY        0                         0      0        0
  MONTH TO DATE    0                         0      0        0
  SINCE DEC 1      0                         0      0        0
  SINCE JAN 1      0                         0      0        0
..................................................................


WIND (MPH)
  RESULTANT WIND SPEED   9   RESULTANT WIND DIRECTION   N (340)
  HIGHEST WIND SPEED    18   HIGHEST WIND DIRECTION     N (350)
  HIGHEST GUST SPEED    25   HIGHEST GUST DIRECTION    NW (330)
  AVERAGE WIND SPEED     9.4


SKY COVER
  AVERAGE SKY COVER 0.1


WEATHER CONDITIONS
 THE FOLLOWING WEATHER WAS RECORDED YESTERDAY.
  NO SIGNIFICANT WEATHER WAS OBSERVED.


RELATIVE HUMIDITY (PERCENT)
 HIGHEST    68           700 AM
 LOWEST     19          1100 AM
 AVERAGE    44

..........................................................


THE LUBBOCK CLIMATE NORMALS FOR TODAY
                         NORMAL    RECORD    YEAR
 MAXIMUM TEMPERATURE (F)   58        83      1976
 MINIMUM TEMPERATURE (F)   29         0      1933


SUNRISE AND SUNSET
FEBRUARY  9 2016......SUNRISE   738 AM CST   SUNSET   626 PM CST
FEBRUARY 10 2016......SUNRISE   737 AM CST   SUNSET   627 PM CST


-  INDICATES NEGATIVE NUMBERS.
R  INDICATES RECORD WAS SET OR TIED.
MM INDICATES DATA IS MISSING.
T  INDICATES TRACE AMOUNT.




$$
