000
CDUS44 KLUB 170626
CLILBB


CLIMATE REPORT
NATIONAL WEATHER SERVICE LUBBOCK, TX
1226 AM CST SUN DEC 17 2017


...................................

...THE LUBBOCK CLIMATE SUMMARY FOR DECEMBER 16 2017...

CLIMATE NORMAL PERIOD 1981 TO 2010
CLIMATE RECORD PERIOD 1911 TO 2017


WEATHER ITEM   OBSERVED TIME   RECORD YEAR NORMAL DEPARTURE LAST
                VALUE   (LST)  VALUE       VALUE  FROM      YEAR
                                                  NORMAL
..................................................................
TEMPERATURE (F)
 YESTERDAY
  MAXIMUM         57    237 PM  78    2016  54      3       78
  MINIMUM         26    703 AM   3    1987  27     -1       39
  AVERAGE         42                        40      2       59

PRECIPITATION (IN)
  YESTERDAY        0.00          1.11 1913   0.03  -0.03     0.00
  MONTH TO DATE    T                         0.41  -0.41     0.43
  SINCE DEC 1      T                         0.41  -0.41     0.43
  SINCE JAN 1     21.95                     18.77   3.18    13.41

SNOWFALL (IN)
  YESTERDAY        0.0           4.2  1931   0.1   -0.1      0.0
  MONTH TO DATE    T                         1.1   -1.1       T
  SINCE DEC 1      T                         1.1   -1.1       T
  SINCE JUL 1      T                         2.0   -2.0       T
  SNOW DEPTH       0

DEGREE DAYS
 HEATING
  YESTERDAY       23                        25     -2        6
  MONTH TO DATE  315                       375    -60      373
  SINCE DEC 1    315                       375    -60      373
  SINCE JUL 1    821                      1017   -196      737

 COOLING
  YESTERDAY        0                         0      0        0
  MONTH TO DATE    0                         0      0        0
  SINCE DEC 1      0                         0      0        0
  SINCE JAN 1   1991                      1804    187     2114
..................................................................


WIND (MPH)
  RESULTANT WIND SPEED  14   RESULTANT WIND DIRECTION   S (200)
  HIGHEST WIND SPEED    30   HIGHEST WIND DIRECTION     S (180)
  HIGHEST GUST SPEED    37   HIGHEST GUST DIRECTION     S (180)
  AVERAGE WIND SPEED    15.2


SKY COVER
  AVERAGE SKY COVER 0.3


WEATHER CONDITIONS
 THE FOLLOWING WEATHER WAS RECORDED YESTERDAY.
  HAZE


RELATIVE HUMIDITY (PERCENT)
 HIGHEST    85           900 PM
 LOWEST     30           100 PM
 AVERAGE    58

..........................................................


THE LUBBOCK CLIMATE NORMALS FOR TODAY
                         NORMAL    RECORD    YEAR
 MAXIMUM TEMPERATURE (F)   53        78      1980
 MINIMUM TEMPERATURE (F)   27         5      1932


SUNRISE AND SUNSET
DECEMBER 17 2017......SUNRISE   746 AM CST   SUNSET   541 PM CST
DECEMBER 18 2017......SUNRISE   746 AM CST   SUNSET   542 PM CST


-  INDICATES NEGATIVE NUMBERS.
R  INDICATES RECORD WAS SET OR TIED.
MM INDICATES DATA IS MISSING.
T  INDICATES TRACE AMOUNT.




$$
