000
CDUS44 KLUB 260627
CLILBB


CLIMATE REPORT
NATIONAL WEATHER SERVICE LUBBOCK, TX
126 AM CDT THU MAY 26 2016


...................................

...THE LUBBOCK CLIMATE SUMMARY FOR MAY 25 2016...

CLIMATE NORMAL PERIOD 1981 TO 2010
CLIMATE RECORD PERIOD 1911 TO 2016


WEATHER ITEM   OBSERVED TIME   RECORD YEAR NORMAL DEPARTURE LAST
                VALUE   (LST)  VALUE       VALUE  FROM      YEAR
                                                  NORMAL
..................................................................
TEMPERATURE (F)
 YESTERDAY
  MAXIMUM         93    417 PM 102    2012  86      7       73
  MINIMUM         67    536 AM  44    1924  59      8       55
  AVERAGE         80                        72      8       64

PRECIPITATION (IN)
  YESTERDAY        0.00          1.22 2014   0.09  -0.09     0.09
  MONTH TO DATE    3.28                      1.74   1.54     8.41
  SINCE MAR 1      4.50                      4.25   0.25     9.95
  SINCE JAN 1      4.89                      5.65  -0.76    12.22

SNOWFALL (IN)
  YESTERDAY        0.0           T    2000   0.0    0.0      0.0
  MONTH TO DATE    0.0                       0.0    0.0      0.0
  SINCE MAR 1      T                         0.8   -0.8      1.1
  SINCE JUL 1     13.3                       8.2    5.1     14.7
  SNOW DEPTH       0

DEGREE DAYS
 HEATING
  YESTERDAY        0                         1     -1        1
  MONTH TO DATE   83                        38     45       42
  SINCE MAR 1    454                       636   -182      554
  SINCE JUL 1   2854                      3375   -521     3273

 COOLING
  YESTERDAY       15                         8      7        0
  MONTH TO DATE  133                       137     -4       63
  SINCE MAR 1    180                       193    -13      118
  SINCE JAN 1    184                       193     -9      118
..................................................................


WIND (MPH)
  RESULTANT WIND SPEED  12   RESULTANT WIND DIRECTION  SW (220)
  HIGHEST WIND SPEED    24   HIGHEST WIND DIRECTION    SW (230)
  HIGHEST GUST SPEED    33   HIGHEST GUST DIRECTION    SW (220)
  AVERAGE WIND SPEED    13.4


SKY COVER
  AVERAGE SKY COVER 0.1


WEATHER CONDITIONS
 THE FOLLOWING WEATHER WAS RECORDED YESTERDAY.
  FOG
  HAZE


RELATIVE HUMIDITY (PERCENT)
 HIGHEST    93           600 AM
 LOWEST      8           400 PM
 AVERAGE    51

..........................................................


THE LUBBOCK CLIMATE NORMALS FOR TODAY
                         NORMAL    RECORD    YEAR
 MAXIMUM TEMPERATURE (F)   86       101      1945
 MINIMUM TEMPERATURE (F)   59        43      1950


SUNRISE AND SUNSET
MAY 26 2016...........SUNRISE   640 AM CDT   SUNSET   849 PM CDT
MAY 27 2016...........SUNRISE   640 AM CDT   SUNSET   850 PM CDT


-  INDICATES NEGATIVE NUMBERS.
R  INDICATES RECORD WAS SET OR TIED.
MM INDICATES DATA IS MISSING.
T  INDICATES TRACE AMOUNT.




$$
