000
CDUS44 KLUB 270626
CLILBB


CLIMATE REPORT
NATIONAL WEATHER SERVICE LUBBOCK, TX
125 AM CDT THU APR 27 2017


...................................

...THE LUBBOCK CLIMATE SUMMARY FOR APRIL 26 2017...

CLIMATE NORMAL PERIOD 1981 TO 2010
CLIMATE RECORD PERIOD 1911 TO 2017


WEATHER ITEM   OBSERVED TIME   RECORD YEAR NORMAL DEPARTURE LAST
                VALUE   (LST)  VALUE       VALUE  FROM      YEAR
                                                  NORMAL
..................................................................
TEMPERATURE (F)
 YESTERDAY
  MAXIMUM         69    502 PM  96    1943  78     -9       86
  MINIMUM         47    803 AM  29    1947  49     -2       54
  AVERAGE         58                        64     -6       70

PRECIPITATION (IN)
  YESTERDAY        T             0.89 1916   0.05  -0.05     0.00
  MONTH TO DATE    0.81                      1.17  -0.36     1.02
  SINCE MAR 1      1.48                      2.27  -0.79     1.22
  SINCE JAN 1      4.40                      3.67   0.73     1.61

SNOWFALL (IN)
  YESTERDAY       MM             T    1998   0.0   MM        0.0
  MONTH TO DATE    0.0                       0.2   -0.2       T
  SINCE MAR 1      0.0                       0.8   -0.8       T
  SINCE JUL 1      0.2                       8.2   -8.0     13.3
  SNOW DEPTH       0

DEGREE DAYS
 HEATING
  YESTERDAY        7                         4      3        0
  MONTH TO DATE  107                       169    -62      116
  SINCE MAR 1    327                       584   -257      365
  SINCE JUL 1   2411                      3323   -912     2765

 COOLING
  YESTERDAY        0                         3     -3        5
  MONTH TO DATE   76                        38     38       32
  SINCE MAR 1    122                        45     77       44
  SINCE JAN 1    126                        45     81       48
..................................................................


WIND (MPH)
  RESULTANT WIND SPEED   9   RESULTANT WIND DIRECTION   N (340)
  HIGHEST WIND SPEED    37   HIGHEST WIND DIRECTION     N (10)
  HIGHEST GUST SPEED    46   HIGHEST GUST DIRECTION     N (10)
  AVERAGE WIND SPEED    13.4


SKY COVER
  AVERAGE SKY COVER 0.5


WEATHER CONDITIONS
 THE FOLLOWING WEATHER WAS RECORDED YESTERDAY.
  LIGHT RAIN
  FOG
  HAZE


RELATIVE HUMIDITY (PERCENT)
 HIGHEST    80           700 AM
 LOWEST     27           500 PM
 AVERAGE    54

..........................................................


THE LUBBOCK CLIMATE NORMALS FOR TODAY
                         NORMAL    RECORD    YEAR
 MAXIMUM TEMPERATURE (F)   79        97      1996
 MINIMUM TEMPERATURE (F)   50        27      1920


SUNRISE AND SUNSET
APRIL 27 2017.........SUNRISE   703 AM CDT   SUNSET   828 PM CDT
APRIL 28 2017.........SUNRISE   701 AM CDT   SUNSET   828 PM CDT


-  INDICATES NEGATIVE NUMBERS.
R  INDICATES RECORD WAS SET OR TIED.
MM INDICATES DATA IS MISSING.
T  INDICATES TRACE AMOUNT.




$$
