000
CDUS44 KLUB 030627
CLILBB


CLIMATE REPORT
NATIONAL WEATHER SERVICE LUBBOCK, TX
126 AM CDT SUN MAY 3 2015


...................................

...THE LUBBOCK CLIMATE SUMMARY FOR MAY 2 2015...

CLIMATE NORMAL PERIOD 1981 TO 2010
CLIMATE RECORD PERIOD 1911 TO 2015


WEATHER ITEM   OBSERVED TIME   RECORD YEAR NORMAL DEPARTURE LAST
                VALUE   (LST)  VALUE       VALUE  FROM      YEAR
                                                  NORMAL
..................................................................
TEMPERATURE (F)
 YESTERDAY
  MAXIMUM         86    356 PM  97    2012  80      6       79
                                      1943
  MINIMUM         52    556 AM  30    1967  51      1       40
  AVERAGE         69                        66      3       60

PRECIPITATION (IN)
  YESTERDAY        0.00          1.91 1941   0.06  -0.06     0.00
  MONTH TO DATE    0.00                      0.11  -0.11     0.00
  SINCE MAR 1      1.54                      2.62  -1.08     0.74
  SINCE JAN 1      3.81                      4.02  -0.21     0.90

SNOWFALL (IN)
  YESTERDAY        0.0                       0.0    0.0      0.0
  MONTH TO DATE    0.0                       0.0    0.0      0.0
  SINCE MAR 1      1.1                       0.8    0.3       T
  SINCE JUL 1     14.7                       8.2    6.5      4.2
  SNOW DEPTH       0

DEGREE DAYS
 HEATING
  YESTERDAY        0                         3     -3        5
  MONTH TO DATE    0                         6     -6       17
  SINCE MAR 1    512                       604    -92      627
  SINCE JUL 1   3231                      3343   -112     3479

 COOLING
  YESTERDAY        4                         3      1        0
  MONTH TO DATE    4                         6     -2        0
  SINCE MAR 1     59                        62     -3       58
  SINCE JAN 1     59                        62     -3       58
..................................................................


WIND (MPH)
  RESULTANT WIND SPEED  13   RESULTANT WIND DIRECTION   S (180)
  HIGHEST WIND SPEED    28   HIGHEST WIND DIRECTION     S (180)
  HIGHEST GUST SPEED    36   HIGHEST GUST DIRECTION     S (180)
  AVERAGE WIND SPEED    14.2


SKY COVER
  AVERAGE SKY COVER 0.5


WEATHER CONDITIONS
 THE FOLLOWING WEATHER WAS RECORDED YESTERDAY.
  NO SIGNIFICANT WEATHER WAS OBSERVED.


RELATIVE HUMIDITY (PERCENT)
 HIGHEST    77           600 AM
 LOWEST     16           400 PM
 AVERAGE    47

..........................................................


THE LUBBOCK CLIMATE NORMALS FOR TODAY
                         NORMAL    RECORD    YEAR
 MAXIMUM TEMPERATURE (F)   80        98      2012
                                             1996
                                             1940
 MINIMUM TEMPERATURE (F)   52        27      2013


SUNRISE AND SUNSET
MAY  3 2015...........SUNRISE   657 AM CDT   SUNSET   832 PM CDT
MAY  4 2015...........SUNRISE   656 AM CDT   SUNSET   833 PM CDT


-  INDICATES NEGATIVE NUMBERS.
R  INDICATES RECORD WAS SET OR TIED.
MM INDICATES DATA IS MISSING.
T  INDICATES TRACE AMOUNT.




$$
