000
CDUS44 KLUB 280627
CLILBB


CLIMATE REPORT
NATIONAL WEATHER SERVICE LUBBOCK, TX
126 AM CDT SAT MAR 28 2015


...................................

...THE LUBBOCK CLIMATE SUMMARY FOR MARCH 27 2015...

CLIMATE NORMAL PERIOD 1981 TO 2010
CLIMATE RECORD PERIOD 1911 TO 2015


WEATHER ITEM   OBSERVED TIME   RECORD YEAR NORMAL DEPARTURE LAST
                VALUE   (LST)  VALUE       VALUE  FROM      YEAR
                                                  NORMAL
..................................................................
TEMPERATURE (F)
 YESTERDAY
  MAXIMUM         78    424 PM  94    1971  70      8       77
  MINIMUM         35    611 AM  12    1931  40     -5       49
  AVERAGE         57                        55      2       63

PRECIPITATION (IN)
  YESTERDAY        0.00          1.72 1929   0.04  -0.04     0.00
  MONTH TO DATE    0.24                      0.95  -0.71     0.17
  SINCE MAR 1      0.24                      0.95  -0.71     0.17
  SINCE JAN 1      2.51                      2.35   0.16     0.33

SNOWFALL (IN)
  YESTERDAY        0.0           4.0  1930   0.0    0.0      0.0
  MONTH TO DATE    1.1                       0.5    0.6       T
  SINCE MAR 1      1.1                       0.5    0.6       T
  SINCE JUL 1     14.7                       7.9    6.8      4.2
  SNOW DEPTH       0

DEGREE DAYS
 HEATING
  YESTERDAY        8                        11     -3        2
  MONTH TO DATE  373                       375     -2      421
  SINCE MAR 1    373                       375     -2      421
  SINCE JUL 1   3092                      3114    -22     3273

 COOLING
  YESTERDAY        0                         0      0        0
  MONTH TO DATE    2                         0      2        2
  SINCE MAR 1      2                         0      2        2
  SINCE JAN 1      2                         0      2        2
..................................................................


WIND (MPH)
  RESULTANT WIND SPEED   4   RESULTANT WIND DIRECTION   S (180)
  HIGHEST WIND SPEED    18   HIGHEST WIND DIRECTION    SE (120)
  HIGHEST GUST SPEED    22   HIGHEST GUST DIRECTION    SE (140)
  AVERAGE WIND SPEED    10.1


SKY COVER
  AVERAGE SKY COVER 0.2


WEATHER CONDITIONS
 THE FOLLOWING WEATHER WAS RECORDED YESTERDAY.
  NO SIGNIFICANT WEATHER WAS OBSERVED.


RELATIVE HUMIDITY (PERCENT)
 HIGHEST    59           600 AM
 LOWEST     15           400 PM
 AVERAGE    37

..........................................................


THE LUBBOCK CLIMATE NORMALS FOR TODAY
                         NORMAL    RECORD    YEAR
 MAXIMUM TEMPERATURE (F)   70        90      1963
 MINIMUM TEMPERATURE (F)   40        16      1931


SUNRISE AND SUNSET
MARCH 28 2015.........SUNRISE   740 AM CDT   SUNSET   805 PM CDT
MARCH 29 2015.........SUNRISE   739 AM CDT   SUNSET   805 PM CDT


-  INDICATES NEGATIVE NUMBERS.
R  INDICATES RECORD WAS SET OR TIED.
MM INDICATES DATA IS MISSING.
T  INDICATES TRACE AMOUNT.




$$
