000
CDUS44 KLUB 260628
CLILBB


CLIMATE REPORT
NATIONAL WEATHER SERVICE LUBBOCK, TX
127 AM CDT SUN JUN 26 2016


...................................

...THE LUBBOCK CLIMATE SUMMARY FOR JUNE 25 2016...

CLIMATE NORMAL PERIOD 1981 TO 2010
CLIMATE RECORD PERIOD 1911 TO 2016


WEATHER ITEM   OBSERVED TIME   RECORD YEAR NORMAL DEPARTURE LAST
                VALUE   (LST)  VALUE       VALUE  FROM      YEAR
                                                  NORMAL
..................................................................
TEMPERATURE (F)
 YESTERDAY
  MAXIMUM         94    222 PM 110    2011  92      2       91
  MINIMUM         72    620 AM  54    1940  66      6       69
  AVERAGE         83                        79      4       80

PRECIPITATION (IN)
  YESTERDAY        0.00          0.63 1938   0.10  -0.10     0.00
  MONTH TO DATE    1.00                      2.61  -1.61     2.06
  SINCE JUN 1      1.00                      2.61  -1.61     2.06
  SINCE JAN 1      6.27                      8.82  -2.55    17.99

SNOWFALL (IN)
  YESTERDAY        0.0                       0.0    0.0      0.0
  MONTH TO DATE    0.0                       0.0    0.0      0.0
  SINCE JUN 1      0.0                       0.0    0.0      0.0
  SINCE JUL 1     13.3                       8.2    5.1     14.7
  SNOW DEPTH       0

DEGREE DAYS
 HEATING
  YESTERDAY        0                         0      0        0
  MONTH TO DATE    3                         0      3        0
  SINCE JUN 1      3                         0      3        0
  SINCE JUL 1   2857                      3377   -520     3275

 COOLING
  YESTERDAY       18                        14      4       15
  MONTH TO DATE  351                       303     48      306
  SINCE JUN 1    351                       303     48      306
  SINCE JAN 1    578                       549     29      444
..................................................................


WIND (MPH)
  RESULTANT WIND SPEED  17   RESULTANT WIND DIRECTION   S (170)
  HIGHEST WIND SPEED    31   HIGHEST WIND DIRECTION    SE (150)
  HIGHEST GUST SPEED    35   HIGHEST GUST DIRECTION    SE (150)
  AVERAGE WIND SPEED    16.9


SKY COVER
  AVERAGE SKY COVER 0.4


WEATHER CONDITIONS
 THE FOLLOWING WEATHER WAS RECORDED YESTERDAY.
  NO SIGNIFICANT WEATHER WAS OBSERVED.


RELATIVE HUMIDITY (PERCENT)
 HIGHEST    73           600 AM
 LOWEST     32           300 PM
 AVERAGE    53

..........................................................


THE LUBBOCK CLIMATE NORMALS FOR TODAY
                         NORMAL    RECORD    YEAR
 MAXIMUM TEMPERATURE (F)   92       112      2011
 MINIMUM TEMPERATURE (F)   66        53      1958


SUNRISE AND SUNSET
JUNE 26 2016..........SUNRISE   639 AM CDT   SUNSET   902 PM CDT
JUNE 27 2016..........SUNRISE   639 AM CDT   SUNSET   902 PM CDT


-  INDICATES NEGATIVE NUMBERS.
R  INDICATES RECORD WAS SET OR TIED.
MM INDICATES DATA IS MISSING.
T  INDICATES TRACE AMOUNT.




$$
