000
CDUS44 KLUB 210225
CLILBB


CLIMATE REPORT
NATIONAL WEATHER SERVICE LUBBOCK, TX
825 PM CST SAT DEC 20 2014


...................................

...THE LUBBOCK CLIMATE SUMMARY FOR DECEMBER 20 2014...
VALID TODAY AS OF 0800 PM LOCAL TIME.

CLIMATE NORMAL PERIOD 1981 TO 2010
CLIMATE RECORD PERIOD 1911 TO 2014


WEATHER ITEM   OBSERVED TIME   RECORD YEAR NORMAL DEPARTURE LAST
                VALUE   (LST)  VALUE       VALUE  FROM      YEAR
                                                  NORMAL
..................................................................
TEMPERATURE (F)
 TODAY
  MAXIMUM         48    334 PM  80    1921  53     -5       44
  MINIMUM         36    731 AM   3    1924  26     10       30
  AVERAGE         42                        40      2       37

PRECIPITATION (IN)
  TODAY            0.00          1.00 1997   0.02  -0.02     0.48
  MONTH TO DATE    0.02                      0.51  -0.49     0.57
  SINCE DEC 1      0.02                      0.51  -0.49     0.57
  SINCE JAN 1     22.19                     18.87   3.32    12.58

SNOWFALL (IN)
  TODAY            0.0           1.3  1999   0.1   -0.1      0.0
  MONTH TO DATE    0.0                       1.4   -1.4      0.2
  SINCE DEC 1      0.0                       1.4   -1.4      0.2
  SINCE JUL 1      0.5                       2.3   -1.8      2.4
  SNOW DEPTH       0

DEGREE DAYS
 HEATING
  TODAY           23                        25     -2       28
  MONTH TO DATE  356                       475   -119      500
  SINCE DEC 1    356                       475   -119      500
  SINCE JUL 1   1031                      1117    -86     1153

 COOLING
  TODAY            0                         0      0        0
  MONTH TO DATE    0                         0      0        0
  SINCE DEC 1      0                         0      0        0
  SINCE JAN 1   1917                      1804    113     2123
..................................................................


WIND (MPH)
  RESULTANT WIND SPEED   9   RESULTANT WIND DIRECTION   S (200)
  HIGHEST WIND SPEED    16   HIGHEST WIND DIRECTION     S (180)
  HIGHEST GUST SPEED    22   HIGHEST GUST DIRECTION     S (190)
  AVERAGE WIND SPEED    10.1


SKY COVER
  AVERAGE SKY COVER 0.9


WEATHER CONDITIONS
 THE FOLLOWING WEATHER WAS RECORDED TODAY.
  FOG
  HAZE


RELATIVE HUMIDITY (PERCENT)
 HIGHEST   100           700 AM
 LOWEST     71           100 PM
 AVERAGE    86

..........................................................


THE LUBBOCK CLIMATE NORMALS FOR TOMORROW
                         NORMAL    RECORD    YEAR
 MAXIMUM TEMPERATURE (F)   53        78      1981
 MINIMUM TEMPERATURE (F)   26         2      1983


SUNRISE AND SUNSET
DECEMBER 20 2014......SUNRISE   747 AM CST   SUNSET   543 PM CST
DECEMBER 21 2014......SUNRISE   748 AM CST   SUNSET   543 PM CST


-  INDICATES NEGATIVE NUMBERS.
R  INDICATES RECORD WAS SET OR TIED.
MM INDICATES DATA IS MISSING.
T  INDICATES TRACE AMOUNT.




$$
