000
CDUS44 KLUB 010626
CLILBB


CLIMATE REPORT
NATIONAL WEATHER SERVICE LUBBOCK, TX
125 AM CDT WED JUL 1 2015


...................................

...THE LUBBOCK CLIMATE SUMMARY FOR JUNE 30 2015...

CLIMATE NORMAL PERIOD 1981 TO 2010
CLIMATE RECORD PERIOD 1911 TO 2015


WEATHER ITEM   OBSERVED TIME   RECORD YEAR NORMAL DEPARTURE LAST
                VALUE   (LST)  VALUE       VALUE  FROM      YEAR
                                                  NORMAL
..................................................................
TEMPERATURE (F)
 YESTERDAY
  MAXIMUM         88    237 PM 106    1957  93     -5      100
  MINIMUM         63    235 AM  57    1940  67     -4       73
  AVERAGE         76                        80     -4       87

PRECIPITATION (IN)
  YESTERDAY        0.00          3.04 1993   0.09  -0.09     0.00
  MONTH TO DATE    2.15                      3.04  -0.89     2.59
  SINCE JUN 1      2.15                      3.04  -0.89     2.59
  SINCE JAN 1     18.08                      9.25   8.83     8.72

SNOWFALL (IN)
  YESTERDAY        0.0           T    1992   0.0    0.0      0.0
  MONTH TO DATE    0.0                       0.0    0.0      0.0
  SINCE JUN 1      0.0                       0.0    0.0      0.0
  SINCE JUL 1     14.7                       8.2    6.5      4.2
  SNOW DEPTH       0

DEGREE DAYS
 HEATING
  YESTERDAY        0                         0      0        0
  MONTH TO DATE    0                         0      0        0
  SINCE JUN 1      0                         2     -2        0
  SINCE JUL 1   3275                      3379   -104     3513

 COOLING
  YESTERDAY       11                        15     -4       22
  MONTH TO DATE  377                       374      3      407
  SINCE JUN 1    377                       374      3      407
  SINCE JAN 1    515                       620   -105      686
..................................................................


WIND (MPH)
  RESULTANT WIND SPEED   6   RESULTANT WIND DIRECTION  SE (140)
  HIGHEST WIND SPEED    18   HIGHEST WIND DIRECTION    SE (150)
  HIGHEST GUST SPEED    25   HIGHEST GUST DIRECTION    SE (150)
  AVERAGE WIND SPEED    10.0


SKY COVER
  AVERAGE SKY COVER 0.5


WEATHER CONDITIONS
 THE FOLLOWING WEATHER WAS RECORDED YESTERDAY.
  NO SIGNIFICANT WEATHER WAS OBSERVED.


RELATIVE HUMIDITY (PERCENT)
 HIGHEST    93           700 AM
 LOWEST     35           400 PM
 AVERAGE    64

..........................................................


THE LUBBOCK CLIMATE NORMALS FOR TODAY
                         NORMAL    RECORD    YEAR
 MAXIMUM TEMPERATURE (F)   93       105      1994
                                             1980
 MINIMUM TEMPERATURE (F)   67        56      1924


SUNRISE AND SUNSET
JULY  1 2015..........SUNRISE   641 AM CDT   SUNSET   902 PM CDT
JULY  2 2015..........SUNRISE   641 AM CDT   SUNSET   902 PM CDT


-  INDICATES NEGATIVE NUMBERS.
R  INDICATES RECORD WAS SET OR TIED.
MM INDICATES DATA IS MISSING.
T  INDICATES TRACE AMOUNT.




$$
