000
CDUS44 KLUB 220226
CLILBB


CLIMATE REPORT
NATIONAL WEATHER SERVICE LUBBOCK, TX
825 PM CST FRI NOV 21 2014


...................................

...THE LUBBOCK CLIMATE SUMMARY FOR NOVEMBER 21 2014...
VALID TODAY AS OF 0800 PM LOCAL TIME.

CLIMATE NORMAL PERIOD 1981 TO 2010
CLIMATE RECORD PERIOD 1911 TO 2014


WEATHER ITEM   OBSERVED TIME   RECORD YEAR NORMAL DEPARTURE LAST
                VALUE   (LST)  VALUE       VALUE  FROM      YEAR
                                                  NORMAL
..................................................................
TEMPERATURE (F)
 TODAY
  MAXIMUM         66    310 PM  84    1927  61      5       74
  MINIMUM         28    513 AM  18    1956  33     -5       29
  AVERAGE         47                        47      0       52

PRECIPITATION (IN)
  TODAY            0.00          0.87 1992   0.03  -0.03     0.00
  MONTH TO DATE    2.95                      0.62   2.33     0.01
  SINCE SEP 1     10.27                      5.06   5.21     1.70
  SINCE JAN 1     22.17                     18.13   4.04    11.48

SNOWFALL (IN)
  TODAY            0.0           2.0  1957   0.0    0.0      0.0
  MONTH TO DATE    0.5                       0.5    0.0      0.0
  SINCE SEP 1      0.5                       0.5    0.0      0.0
  SINCE JUL 1      0.5                       0.5    0.0      0.0
  SNOW DEPTH       0

DEGREE DAYS
 HEATING
  TODAY           18                        18      0       13
  MONTH TO DATE  412                       283    129      238
  SINCE SEP 1    539                       465     74      401
  SINCE JUL 1    539                       465     74      401

 COOLING
  TODAY            0                         0      0        0
  MONTH TO DATE    0                         0      0        3
  SINCE SEP 1    288                       275     13      395
  SINCE JAN 1   1917                      1801    116     2123
..................................................................


WIND (MPH)
  RESULTANT WIND SPEED   2   RESULTANT WIND DIRECTION   E (100)
  HIGHEST WIND SPEED    16   HIGHEST WIND DIRECTION     S (160)
  HIGHEST GUST SPEED    19   HIGHEST GUST DIRECTION     S (160)
  AVERAGE WIND SPEED     6.4


SKY COVER
  AVERAGE SKY COVER 0.4


WEATHER CONDITIONS
 THE FOLLOWING WEATHER WAS RECORDED TODAY.
  NO SIGNIFICANT WEATHER WAS OBSERVED.


RELATIVE HUMIDITY (PERCENT)
 HIGHEST    85           400 AM
 LOWEST     28           200 PM
 AVERAGE    57

..........................................................


THE LUBBOCK CLIMATE NORMALS FOR TOMORROW
                         NORMAL    RECORD    YEAR
 MAXIMUM TEMPERATURE (F)   61        82      2006
 MINIMUM TEMPERATURE (F)   33         6      1957


SUNRISE AND SUNSET
NOVEMBER 21 2014......SUNRISE   725 AM CST   SUNSET   541 PM CST
NOVEMBER 22 2014......SUNRISE   726 AM CST   SUNSET   541 PM CST


-  INDICATES NEGATIVE NUMBERS.
R  INDICATES RECORD WAS SET OR TIED.
MM INDICATES DATA IS MISSING.
T  INDICATES TRACE AMOUNT.




$$
