000
CXAK59 PAFG 021641
CLMFAI


CLIMATE REPORT
NATIONAL WEATHER SERVICE FAIRBANKS, AK
818 AM AKDT MON JUN 2 2014

...................................

...THE FAIRBANKS CLIMATE SUMMARY FOR THE MONTH OF MAY 2014...

CLIMATE NORMAL PERIOD 1981 TO 2010
CLIMATE RECORD PERIOD 1904 TO 2014

WEATHER         OBSERVED          NORMAL  DEPART  LAST YEAR`S
                 VALUE   DATE(S)  VALUE   FROM    VALUE  DATE(S)
                                          NORMAL
................................................................
TEMPERATURE (F)
RECORD
 HIGH              90   05/28/1947
 LOW                    05/09/1964
HIGHEST            75   05/29        75       0       MM  MM
LOWEST             31   05/14        27       4       MM  MM
                        05/09
AVG. MAXIMUM     63.6              61.0     2.6       MM
AVG. MINIMUM     39.0              37.8     1.2       MM
MEAN             51.3              49.4     1.9       MM
DAYS MAX >= 90      0               0.0     0.0       MM
DAYS MAX <= 32      0               0.0     0.0       MM
DAYS MIN <= 32      3               5.9    -2.9       MM
DAYS MIN <= 0       0               0.0     0.0       MM

PRECIPITATION (INCHES)
RECORD
 MAXIMUM         1.96   2004
 MINIMUM         0.04   2011
TOTALS           0.06              0.60   -0.54       MM
DAILY AVG.       0.00              0.02   -0.02       MM
DAYS >= .01         4               7.1    -3.1       MM
DAYS >= .10         0               1.7    -1.7       MM
DAYS >= .50         0               0.1    -0.1       MM
DAYS >= 1.00        0               0.0     0.0       MM
GREATEST
 24 HR. TOTAL    0.02   05/31 TO 05/31                MM
                        05/16 TO 05/17
                        05/17 TO 05/17

SNOWFALL (INCHES)
RECORDS
 TOTAL           14.1   1992
 24 HR TOTAL      9.4   05/12/1992 TO 05/12/1992
 SNOW DEPTH        29   05/04/1937
TOTALS              T               0.9    -0.9       MM
SINCE 7/1        48.9              65.0   -16.1       MM
SNOWDEPTH AVG.      0                MM      MM       MM
DAYS >= TRACE       1               0.8     0.2       MM
DAYS >= 1.0         0               0.2    -0.2       MM
GREATEST
 SNOW DEPTH         0   MM                            MM  MM
 24 HR TOTAL        T   05/05 TO 05/05                MM

DEGREE_DAYS
HEATING TOTAL     416               485     -69       MM
 SINCE 7/1      12309             13509   -1200       MM
COOLING TOTAL       0                 1      -1       MM
 SINCE 1/1          0                 1      -1       MM
.................................................................

WIND (MPH)
AVERAGE WIND SPEED              5.8
HIGHEST WIND SPEED/DIRECTION    32/250    DATE  05/31
HIGHEST GUST SPEED/DIRECTION    42/240    DATE  05/31

SKY COVER
AVERAGE SKY COVER           0.60


WEATHER CONDITIONS. NUMBER OF DAYS WITH
THUNDERSTORM              0     MIXED PRECIP               0
HEAVY RAIN                0     RAIN                       0
LIGHT RAIN               10     FREEZING RAIN              0
LT FREEZING RAIN          0     HAIL                       0
HEAVY SNOW                0     SNOW                       1
LIGHT SNOW                0     SLEET                      0
FOG                       1     FOG W/VIS <= 1/4 MILE      0
HAZE                      5

-  INDICATES NEGATIVE NUMBERS.
R  INDICATES RECORD WAS SET OR TIED.
MM INDICATES DATA IS MISSING.
T  INDICATES TRACE AMOUNT.

$$
