000
CXAK59 PAFG 020052
CLMFAI


CLIMATE REPORT
NATIONAL WEATHER SERVICE FAIRBANKS, AK
452 PM AKDT THU AUG 1 2013

...................................

...THE FAIRBANKS CLIMATE SUMMARY FOR THE MONTH OF JULY 2013...

CLIMATE NORMAL PERIOD 1981 TO 2010
CLIMATE RECORD PERIOD 1904 TO 2013

WEATHER         OBSERVED          NORMAL  DEPART  LAST YEAR`S
                 VALUE   DATE(S)  VALUE   FROM    VALUE  DATE(S)
                                          NORMAL
................................................................
TEMPERATURE (F)
RECORD
 HIGH              99   07/28/1919
 LOW               30   07/11/1905
HIGHEST            88   07/28        85       3       81  07/26
LOWEST             47   07/06        43       4       43  07/31
                        07/05
AVG. MAXIMUM     74.1              72.7     1.4     69.7
AVG. MINIMUM     54.5              52.3     2.2     52.0
MEAN             64.3              62.5     1.8     60.8
DAYS MAX >= 90      0               0.1    -0.1        0
DAYS MAX <= 32      0               0.0     0.0        0
DAYS MIN <= 32      0               0.0     0.0        0
DAYS MIN <= 0       0               0.0     0.0        0

PRECIPITATION (INCHES)
RECORD
 MAXIMUM         5.96   2003
 MINIMUM         0.06   2009
TOTALS           1.01              2.16   -1.15     1.72
DAILY AVG.       0.03              0.07   -0.04     0.06
DAYS >= .01         9              12.9    -3.9       14
DAYS >= .10         3               5.3    -2.3        6
DAYS >= .50         1               1.0     0.0        1
DAYS >= 1.00        0               0.3    -0.3        0
GREATEST
 24 HR. TOTAL    0.56   07/18 TO 07/19           07/18 TO 07/19
                                                          07/31 TO 07/31
                                                          07/31 TO 07/31

SNOWFALL (INCHES)
RECORDS
 TOTAL            0.0   5
                        0
                        -26215
 24 HR TOTAL      0.0   MM
 SNOW DEPTH         0   MM
TOTALS            0.0               0.0     0.0      0.0
SINCE 7/1         0.0               0.0     0.0      0.0
SNOWDEPTH AVG.      0                MM      MM        0
DAYS >= TRACE       0               0.0     0.0        0
DAYS >= 1.0         0               0.0     0.0        0
GREATEST
 SNOW DEPTH         0   MM                             0  MM
 24 HR TOTAL      0.0   07/31 TO 07/31           07/31 TO 07/31
                                                          07/31 TO 07/31
                                                          07/31 TO 07/31

DEGREE_DAYS
HEATING TOTAL      69               108     -39      135
 SINCE 7/1         69               108     -39      135
COOLING TOTAL      54                31      23       13
 SINCE 1/1        202                55     147       34
..................................................

WIND (MPH)
AVERAGE WIND SPEED              5.2
HIGHEST WIND SPEED/DIRECTION    25/250    DATE  07/01
HIGHEST GUST SPEED/DIRECTION    31/250    DATE  07/01

SKY COVER
AVERAGE SKY COVER           0.70


WEATHER CONDITIONS. NUMBER OF DAYS WITH
THUNDERSTORM              0     MIXED PRECIP               0
HEAVY RAIN                0     RAIN                       1
LIGHT RAIN               13     FREEZING RAIN              0
LT FREEZING RAIN          0     HAIL                       0
HEAVY SNOW                0     SNOW                       0
LIGHT SNOW                0     SLEET                      0
FOG                       6     FOG W/VIS <= 1/4 MILE      0
HAZE                      4

-  INDICATES NEGATIVE NUMBERS.
R  INDICATES RECORD WAS SET OR TIED.
MM INDICATES DATA IS MISSING.
T  INDICATES TRACE AMOUNT.

$$
