000
CXUS56 KOTX 010900
CF6LWS
PRELIMINARY LOCAL CLIMATOLOGICAL DATA (WS FORM: F-6)
STATION: LEWISTON ID AIRPORT
MONTH: MARCH
YEAR: 2020
LATITUDE: 46 22 N
LONGITUDE: 117 1 W
TEMPERATURE IN F: :PCPN: SNOW: WIND :SUNSHINE: SKY :PK WND
================================================================================
1 2 3 4 5 6A 6B 7 8 9 10 11 12 13 14 15 16 17 18
12Z AVG MX 2MIN
DY MAX MIN AVG DEP HDD CDD WTR SNW DPTH SPD SPD DIR MIN PSBL S-S WX SPD DR
================================================================================
1 50 27 39 -2 26 0 0.00 0.0 0 4.2 17 310 M M 0 21 320
2 48 34 41 -1 24 0 0.00 0.0 0 5.7 13 70 M M 8 19 20
3 61 40 51 9 14 0 0.00 0.0 0 7.0 20 200 M M 4 24 190
4 55 33 44 2 21 0 0.00 0.0 0 10.6 30 300 M M 3 8 38 300
5 64 33 49 7 16 0 0.00 0.0 0 7.4 15 70 M M 0 8 19 70
6 56 41 49 6 16 0 0.00 0.0 0 3.5 9 260 M M 1 8 12 270
7 48 31 40 -3 25 0 0.10 0.0 0 5.3 16 310 M M 6 1 21 290
8 48 31 40 -3 25 0 0.00 0.0 0 2.5 8 330 M M 8 128 10 90
9 53 33 43 -1 22 0 T 0.0 0 2.5 10 330 M M 2 13 320
10 62 28 45 1 20 0 0.00 0.0 0 2.9 13 180 M M 2 8 15 180
11 60 39 50 6 15 0 0.00 0.0 0 9.3 32 290 M M 4 40 300
12 52 30 41 -3 24 0 0.00 0.0 0 4.8 13 320 M M 0 17 330
13 52 28 40 -5 25 0 0.00 0.0 0 5.2 16 290 M M 5 8 23 270
14 38 30 34 -11 31 0 0.14 3.5 0 6.6 16 290 M M 10 1 20 290
15 41 27 34 -11 31 0 0.00 0.0 3 3.4 9 120 M M 6 1 12 290
16 47 31 39 -6 26 0 0.00 0.0 0 4.2 9 190 M M 6 11 160
17 55 26 41 -5 24 0 0.00 0.0 0 3.9 10 210 M M 2 18 14 250
18 54 38 46 0 19 0 0.02 0.0 0 1.7 8 200 M M 7 9 320
19 61 32 47 1 18 0 0.00 0.0 0 3.5 10 200 M M 0 12 210
20 63 35 49 3 16 0 0.00 0.0 0 3.9 13 210 M M 0 15 300
21 63 36 50 3 15 0 0.00 0.0 0 4.7 15 320 M M 1 20 320
22 64 36 50 3 15 0 0.00 0.0 0 4.8 10 190 M M 0 12 170
23 58 41 50 3 15 0 0.00 0.0 0 7.6 28 290 M M 4 38 300
24 56 36 46 -1 19 0 0.00 0.0 0 3.3 17 180 M M 5 24 170
25 45 34 40 -8 25 0 0.17 0.0 0 5.0 14 160 M M 8 1 17 160
26 50 29 40 -8 25 0 0.00 0.0 0 3.4 9 330 M M 7 18 11 340
27 50 42 46 -2 19 0 0.00 0.0 0 4.6 13 170 M M 10 16 170
28 60 40 50 2 15 0 0.03 M 0 2.8 12 290 M M 9 14 320
29 56 45 51 3 14 0 0.13 0.0 0 5.1 17 310 M M 7 1 23 320
30 54 42 48 0 17 0 0.22 0.0 0 9.2 29 300 M M 9 1 37 300
31 53 37 45 -3 20 0 0.02 0.0 0 6.9 26 300 M M 9 1 35 270
================================================================================
SM 1677 1065 637 0 0.83 3.5 155.5 M 143
================================================================================
AV 54.1 34.4 5.0 FASTST M M 5 MAX(MPH)
MISC ----> # 32 290 # 40 300
================================================================================
NOTES:
# LAST OF SEVERAL OCCURRENCES
COLUMN 17 PEAK WIND IN M.P.H.
PRELIMINARY LOCAL CLIMATOLOGICAL DATA (WS FORM: F-6) , PAGE 2
STATION: LEWISTON ID AIRPORT
MONTH: MARCH
YEAR: 2020
LATITUDE: 46 22 N
LONGITUDE: 117 1 W
[TEMPERATURE DATA] [PRECIPITATION DATA] SYMBOLS USED IN COLUMN 16
AVERAGE MONTHLY: 44.2 TOTAL FOR MONTH: 0.83 1 = FOG OR MIST
DPTR FM NORMAL: -1.1 DPTR FM NORMAL: -0.32 2 = FOG REDUCING VISIBILITY
HIGHEST: 64 ON 22, 5 GRTST 24HR 0.22 ON 30-30 TO 1/4 MILE OR LESS
LOWEST: 26 ON 17 3 = THUNDER
SNOW, ICE PELLETS, HAIL 4 = ICE PELLETS
TOTAL MONTH: 3.5 INCHES 5 = HAIL
GRTST 24HR 3.5 ON 14-14 6 = FREEZING RAIN OR DRIZZLE
GRTST DEPTH: 3 ON 15 7 = DUSTSTORM OR SANDSTORM:
VSBY 1/2 MILE OR LESS
8 = SMOKE OR HAZE
[NO. OF DAYS WITH] [WEATHER - DAYS WITH] 9 = BLOWING SNOW
X = TORNADO
MAX 32 OR BELOW: 0 0.01 INCH OR MORE: 8
MAX 90 OR ABOVE: 0 0.10 INCH OR MORE: 5
MIN 32 OR BELOW: 12 0.50 INCH OR MORE: 0
MIN 0 OR BELOW: 0 1.00 INCH OR MORE: 0
[HDD (BASE 65) ]
TOTAL THIS MO. 637 CLEAR (SCALE 0-3) 12
DPTR FM NORMAL 25 PTCLDY (SCALE 4-7) 13
TOTAL FM JUL 1 4311 CLOUDY (SCALE 8-10) 6
DPTR FM NORMAL -156
[CDD (BASE 65) ]
TOTAL THIS MO. 0
DPTR FM NORMAL 0 [PRESSURE DATA]
TOTAL FM JAN 1 0 HIGHEST SLP M ON M
DPTR FM NORMAL 0 LOWEST SLP 29.49 ON 13
[REMARKS]
#FINAL-03-20#