000
CXUS55 KPAH 012302
CF6OWB
PRELIMINARY LOCAL CLIMATOLOGICAL DATA (WS FORM: F-6)

                                          STATION:   OWENSBORO KY
                                          MONTH:     MAY
                                          YEAR:      2014
                                          LATITUDE:   37 45 N
                                          LONGITUDE:  87 10 W

  TEMPERATURE IN F:       :PCPN:    SNOW:  WIND      :SUNSHINE: SKY     :PK WND
================================================================================
1   2   3   4   5  6A  6B    7    8   9   10  11  12  13   14  15   16   17  18
                                     12Z  AVG MX 2MIN
DY MAX MIN AVG DEP HDD CDD  WTR  SNW DPTH SPD SPD DIR MIN PSBL S-S WX    SPD DR
================================================================================

 1  61  44  53 -11  12   0    T  0.0    0  9.5 21 240   M    M   6        26 240
 2  61  44  53 -12  12   0 0.00  0.0    0  6.4 16 250   M    M   5        20 270
 3  72  45  59  -6   6   0 0.00  0.0    0  6.8 20 310   M    M   2        22 310
 4  84  50  67   2   0   2 0.00  0.0    0  4.8 12  90   M    M   0        15 100
 5  87  57  72   6   0   7 0.00  0.0    0  9.2 23 240   M    M   0        25 230
 6  86  61  74   8   0   9 0.00  0.0    0  9.0 20 200   M    M   0        22 190
 7  85  61  73   7   0   8 0.00  0.0    0 13.2 26 180   M    M   0        31 180
 8  86  63  75   9   0  10 0.00  0.0    0 12.0 21 200   M    M   2        25 210
 9  78  62  70   4   0   5 0.46  0.0    0   M   M   M   M    M   7 13      M  M
10  79  63  71   4   0   6 0.24  0.0    0  8.1 25 300   M    M   5 3      29 300
11  83  63  73   6   0   8 0.47  0.0    0  7.0 24 190   M    M   4 35     30 190
12  87  69  78  11   0  13 0.00  0.0    0 11.2 21 190   M    M   2        25 210
13  86  62  74   7   0   9 0.09  0.0    0 12.3 35 270   M    M   5 13     42 270
14  66  51  59  -9   6   0 1.89  0.0    0  9.0 22 280   M    M  10 13     26 280
15  61  47  54 -14  11   0 0.02  0.0    0 10.1 16 300   M    M   8 1      22 300
16  60  45  53 -15  12   0    T  0.0    0  9.1 21 280   M    M   5 18     27 280
17  61  44  53 -15  12   0 0.00  0.0    0  5.4 12  10   M    M   2        15 280
18  67  43  55 -14  10   0 0.00  0.0    0  5.0 11  60   M    M   1        13  50
19  76  49  63  -6   2   0 0.00  0.0    0  7.8 14 170   M    M   0        20 170
20  84  63  74   5   0   9 0.00  0.0    0 13.5 28 230   M    M   2        32 220
21  86  63  75   6   0  10 0.00  0.0    0  9.7 24 210   M    M   3        29 210
22  88  67  78   8   0  13 0.00  0.0    0  7.6 17 300   M    M   4        22 280
23  80  62  71   1   0   6 0.07  0.0    0  5.1 25 270   M    M   2 3      29 270
24  81  58  70   0   0   5 0.00  0.0    0  5.0 11 100   M    M   0        14  M
25  80  64  72   2   0   7    T  0.0    0  6.7 12  90   M    M   3        18  M
26  88  62  75   4   0  10 0.09  0.0    0  5.2 11 230   M    M   2 3      17  M
27  89  69  79   8   0  14    T  0.0    0  6.2 17 280   M    M   2        22 280
28  87  67  77   6   0  12 0.00  0.0    0  7.0 15 200   M    M   3        18 220
29  87  68  78   6   0  13    T  0.0    0  4.4  8 190   M    M   3        11 140
30  88  69  79   7   0  14 0.68  0.0    0  3.0 17 310   M    M   2 13     22 120
31  86  68  77   5   0  12 0.00  0.0    0  6.8 12  60   M    M   1        14  70
================================================================================
SM 2450 1803        83 202  4.01     0.0 236.1          M       91
================================================================================
AV 79.0 58.2                               7.9 FASTST   M    M   3    MAX(MPH)
                                 MISC ---->  # 35 270               # 42  270
================================================================================
NOTES:
# LAST OF SEVERAL OCCURRENCES

COLUMN 17 PEAK WIND IN M.P.H.

PRELIMINARY LOCAL CLIMATOLOGICAL DATA (WS FORM: F-6) , PAGE 2

                                          STATION:  OWENSBORO KY
                                          MONTH:    MAY
                                          YEAR:     2014
                                          LATITUDE:   37 45 N
                                          LONGITUDE:  87 10 W

[TEMPERATURE DATA]      [PRECIPITATION DATA]       SYMBOLS USED IN COLUMN 16

AVERAGE MONTHLY: 68.6   TOTAL FOR MONTH:   4.01    1 = FOG OR MIST
DPTR FM NORMAL:   0.4   DPTR FM NORMAL:   -1.83    2 = FOG REDUCING VISIBILITY
HIGHEST:    89 ON 27    GRTST 24HR  1.89 ON 14-14      TO 1/4 MILE OR LESS
LOWEST:     43 ON 18                               3 = THUNDER
                        SNOW, ICE PELLETS, HAIL    4 = ICE PELLETS
                        TOTAL MONTH:   0.0 INCH    5 = HAIL
                        GRTST 24HR     0.0         6 = FREEZING RAIN OR DRIZZLE
                        GRTST DEPTH:   0           7 = DUSTSTORM OR SANDSTORM:
                                                       VSBY 1/2 MILE OR LESS
                                                   8 = SMOKE OR HAZE
[NO. OF DAYS WITH]      [WEATHER - DAYS WITH]      9 = BLOWING SNOW
                                                   X = TORNADO
MAX 32 OR BELOW:   0    0.01 INCH OR MORE:   9
MAX 90 OR ABOVE:   0    0.10 INCH OR MORE:   5
MIN 32 OR BELOW:   0    0.50 INCH OR MORE:   2
MIN  0 OR BELOW:   0    1.00 INCH OR MORE:   1

[HDD (BASE 65) ]
TOTAL THIS MO.    83    CLEAR  (SCALE 0-3)  21
DPTR FM NORMAL    32    PTCLDY (SCALE 4-7)   8
TOTAL FM JUL 1  5041    CLOUDY (SCALE 8-10)  2
DPTR FM NORMAL  1172

[CDD (BASE 65) ]
TOTAL THIS MO.   202
DPTR FM NORMAL    52    [PRESSURE DATA]
TOTAL FM JAN 1   217    HIGHEST SLP M ON M
DPTR FM NORMAL    16    LOWEST  SLP M ON M

[REMARKS]
#FINAL-05-14#
