000
CXUS55 KPAH 012302
CF6OWB
PRELIMINARY LOCAL CLIMATOLOGICAL DATA (WS FORM: F-6)

                                          STATION:   OWENSBORO KY
                                          MONTH:     MARCH
                                          YEAR:      2014
                                          LATITUDE:   37 45 N
                                          LONGITUDE:  87 10 W

  TEMPERATURE IN F:       :PCPN:    SNOW:  WIND      :SUNSHINE: SKY     :PK WND
================================================================================
1   2   3   4   5  6A  6B    7    8   9   10  11  12  13   14  15   16   17  18
                                     12Z  AVG MX 2MIN
DY MAX MIN AVG DEP HDD CDD  WTR  SNW DPTH SPD SPD DIR MIN PSBL S-S WX    SPD DR
================================================================================

 1  54  38  46   2  19   0    T    M    0  4.0 12  30   M    M  10        14  30
 2  43  19  31 -13  34   0 0.79    M    M 10.1 17  30   M    M  10 136    22  20
 3  23  15  19 -25  46   0 0.01    M    M 11.3 17  30   M    M   6 1      21  20
 4  32  13  23 -22  42   0 0.00  0.0    M  3.6 12 150   M    M   0        13 150
 5  42  20  31 -14  34   0 0.00  0.0    M  4.0 13  70   M    M   4 12     10  80
 6  45  26  36  -9  29   0 0.00  0.0    0  6.5 13  60   M    M   0        15  70
 7  56  26  41  -5  24   0 0.00  0.0    0  2.6  9 250   M    M   0 18     11 240
 8  60  33  47   1  18   0    T  0.0    0  8.0 23 320   M    M   3 1      26 320
 9  48  27  38  -8  27   0 0.00  0.0    0  6.0 10  20   M    M   0        15  30
10  67  33  50   3  15   0 0.00  0.0    0 10.2 21 210   M    M   0 18     27 230
11  76  43  60  13   5   0 0.00  0.0    0  9.3 18 210   M    M   1 1      21 200
12  64  32  48   1  17   0 0.06    M    M 18.7 35 320   M    M   9 1      40 320
13  47  24  36 -12  29   0    T    M    0  6.4 14 170   M    M   1        17 180
14  63  37  50   2  15   0 0.00  0.0    0 17.1 33 220   M    M   1        43 200
15  67  33  50   2  15   0 0.00  0.0    0  4.6 10  70   M    M   0        13  70
16  54  29  42  -6  23   0 0.29    M    0 15.3 23  60   M    M   9 16     33  70
17  40  27  34 -15  31   0 0.00  0.0    0  6.9 13  30   M    M   6         M  M
18  56  28  42  -7  23   0 0.00  0.0    0  9.6 20 160   M    M   6 1      23 170
19  59  36  48  -2  17   0    T    M    0 15.4 28 290   M    M   5        33 270
20  61  27  44  -6  21   0 0.00  0.0    0  6.0 16 270   M    M   0 1      21 260
21  69  38  54   4  11   0 0.00  0.0    0 10.5 24 210   M    M   0        30 190
22  56  41  49  -1  16   0 0.00  0.0    0 10.0 17  10   M    M   2        23  20
23  45  31  38 -13  27   0 0.00  0.0    0  9.9 21 320   M    M   2        24 320
24  45  25  35 -16  30   0    T    M    M  6.3 15  40   M    M   2 1      17  30
25  41  27  34 -18  31   0    T    M    0 12.7 30 310   M    M   6 1      39 320
26  45  18  32 -20  33   0 0.00  0.0    0  4.5 12 200   M    M   0        19 190
27  62  38  50  -2  15   0 0.03    M    0 18.4 24 170   M    M   8        40 180
28  61  50  56   3   9   0 0.30  0.0    0 11.0 23 180   M    M   6 13     27  M
29  51  40  46  -7  19   0 0.85    M    0 11.4 22 320   M    M  10 13     26 320
30  57  31  44  -9  21   0 0.00  0.0    0  6.7 12 340   M    M   1 1      15 360
31  71  35  53  -1  12   0    T    M    0  8.7 16 180   M    M   1        20 170
================================================================================
SM 1660  940       708   0  2.33     0.0 285.7          M      109
================================================================================
AV 53.5 30.3                               9.2 FASTST   M    M   4    MAX(MPH)
                                 MISC ---->  # 35 320               # 43  200
================================================================================
NOTES:
# LAST OF SEVERAL OCCURRENCES

COLUMN 17 PEAK WIND IN M.P.H.

PRELIMINARY LOCAL CLIMATOLOGICAL DATA (WS FORM: F-6) , PAGE 2

                                          STATION:  OWENSBORO KY
                                          MONTH:    MARCH
                                          YEAR:     2014
                                          LATITUDE:   37 45 N
                                          LONGITUDE:  87 10 W

[TEMPERATURE DATA]      [PRECIPITATION DATA]       SYMBOLS USED IN COLUMN 16

AVERAGE MONTHLY: 41.9   TOTAL FOR MONTH:   2.33    1 = FOG OR MIST
DPTR FM NORMAL:  -6.7   DPTR FM NORMAL:   -2.31    2 = FOG REDUCING VISIBILITY
HIGHEST:    76 ON 11    GRTST 24HR  0.85 ON 29-29      TO 1/4 MILE OR LESS
LOWEST:     13 ON  4                               3 = THUNDER
                        SNOW, ICE PELLETS, HAIL    4 = ICE PELLETS
                        TOTAL MONTH:   0.0 INCH    5 = HAIL
                        GRTST 24HR     0.0         6 = FREEZING RAIN OR DRIZZLE
                        GRTST DEPTH:   0           7 = DUSTSTORM OR SANDSTORM:
                                                       VSBY 1/2 MILE OR LESS
                                                   8 = SMOKE OR HAZE
[NO. OF DAYS WITH]      [WEATHER - DAYS WITH]      9 = BLOWING SNOW
                                                   X = TORNADO
MAX 32 OR BELOW:   2    0.01 INCH OR MORE:   7
MAX 90 OR ABOVE:   0    0.10 INCH OR MORE:   4
MIN 32 OR BELOW:  18    0.50 INCH OR MORE:   2
MIN  0 OR BELOW:   0    1.00 INCH OR MORE:   0

[HDD (BASE 65) ]
TOTAL THIS MO.   708    CLEAR  (SCALE 0-3)  18
DPTR FM NORMAL   194    PTCLDY (SCALE 4-7)   7
TOTAL FM JUL 1  4745    CLOUDY (SCALE 8-10)  6
DPTR FM NORMAL  1142

[CDD (BASE 65) ]
TOTAL THIS MO.     0
DPTR FM NORMAL    -6    [PRESSURE DATA]
TOTAL FM JAN 1     0    HIGHEST SLP M ON M
DPTR FM NORMAL    -6    LOWEST  SLP M ON M

[REMARKS]
#FINAL-03-14#
