000
CXUS55 KPAH 312302
CF6OWB
PRELIMINARY LOCAL CLIMATOLOGICAL DATA (WS FORM: F-6)

                                          STATION:   OWENSBORO KY
                                          MONTH:     DECEMBER
                                          YEAR:      2013
                                          LATITUDE:   37 45 N
                                          LONGITUDE:  87 10 W

  TEMPERATURE IN F:       :PCPN:    SNOW:  WIND      :SUNSHINE: SKY     :PK WND
================================================================================
1   2   3   4   5  6A  6B    7    8   9   10  11  12  13   14  15   16   17  18
                                     12Z  AVG MX 2MIN
DY MAX MIN AVG DEP HDD CDD  WTR  SNW DPTH SPD SPD DIR MIN PSBL S-S WX    SPD DR
================================================================================

 1  55  41  48   5  17   0 0.00  0.0    0  5.8 10 190   M    M   8        12  M
 2  56  34  45   2  20   0 0.00  0.0    0  3.5 10 180   M    M   4        12 170
 3  58  40  49   7  16   0    T  0.0    0  7.0 15 160   M    M   6 12     18 150
 4  70  49  60  18   5   0    T  0.0    0 12.1 25 210   M    M   6 1      29 210
 5  65  28  47   5  18   0 0.50    M    0 11.0 19 320   M    M  10 136    24 320
 6  30  22  26 -15  39   0 0.69    M    0   M   M   M   M    M   9 1246    M  M
 7  22  12  17 -24  48   0    T    M    0  9.1 12  50   M    M   3        12  50
 8  32  22  27 -14  38   0 0.01    M    M   M   M   M   M    M   8 146     M  M
 9  31  24  28 -12  37   0 0.01    M    M  6.7 13 280   M    M   6 1      15 300
10  30  18  24 -16  41   0    T    M    M  7.1 14 230   M    M   3 1      16 230
11  35  17  26 -14  39   0 0.00  0.0    M  9.1 18 330   M    M   1 1      22 250
12  26   7  17 -23  48   0 0.00  0.0    0  4.4 11 330   M    M   0        13 340
13  37  19  28 -11  37   0 0.02    M    0  6.0 19 210   M    M   2 1      21 220
14  37  32  35  -4  30   0 0.51  0.0    0 10.6 22 320   M    M  10 1      25 310
15  32  27  30  -9  35   0 0.00  0.0    0 11.0 19 310   M    M  10 1      24 310
16  48  31  40   2  25   0 0.00  0.0    M  8.3 14 250   M    M   3        15 230
17  40  25  33  -5  32   0 0.00  0.0    0  7.7 15 310   M    M   4 18     18  M
18  46  22  34  -4  31   0 0.00  0.0    0  7.0 13 170   M    M   0        15 180
19  59  36  48  10  17   0 0.00  0.0    0 11.6 27 220   M    M   3        31 210
20  62  51  57  19   8   0 0.06  0.0    0 15.5 21 200   M    M   9        29 210
21  67  49  58  20   7   0 1.88    M    0 12.5 24 170   M    M  10 13     58 250
22  60  35  48  11  17   0 0.02  0.0    0 11.6 23 180   M    M  10 1       M  M
23  34  26  30  -7  35   0 0.00  0.0    0 10.5 17 320   M    M  10         M  M
24  26  14  20 -17  45   0    T    M    0  5.9 15 340   M    M   4        18 340
25  40  17  29  -8  36   0 0.00  0.0    0  7.0 14 210   M    M   4        18  M
26  42  23  33  -4  32   0 0.00  0.0    M  4.7 12 290   M    M   2 18     14 290
27  50  26  38   1  27   0 0.00  0.0    M  6.7 12 220   M    M   0        13 210
28  45  31  38   2  27   0 0.01    M    M  6.2 14 190   M    M   2        15 190
29  49  26  38   2  27   0 0.15    M    M 11.7 25 320   M    M   9 1      29 320
30  27  18  23 -13  42   0 0.00  0.0    M  6.7 16 310   M    M   6        18 310
================================================================================
SM 1311  822       876   0  3.86     0.0 237.0          M      162
================================================================================
AV 43.7 27.4                               8.5 FASTST   M    M   5    MAX(MPH)
                                 MISC ---->  # 27 220               # 58  250
================================================================================
NOTES:
# LAST OF SEVERAL OCCURRENCES

COLUMN 17 PEAK WIND IN M.P.H.

PRELIMINARY LOCAL CLIMATOLOGICAL DATA (WS FORM: F-6) , PAGE 2

                                          STATION:  OWENSBORO KY
                                          MONTH:    DECEMBER
                                          YEAR:     2013
                                          LATITUDE:   37 45 N
                                          LONGITUDE:  87 10 W

[TEMPERATURE DATA]      [PRECIPITATION DATA]       SYMBOLS USED IN COLUMN 16

AVERAGE MONTHLY: 35.5   TOTAL FOR MONTH:   3.86    1 = FOG OR MIST
DPTR FM NORMAL:  -3.5   DPTR FM NORMAL:   -0.23    2 = FOG REDUCING VISIBILITY
HIGHEST:    70 ON  4    GRTST 24HR  1.88 ON 21-21      TO 1/4 MILE OR LESS
LOWEST:      7 ON 12                               3 = THUNDER
                        SNOW, ICE PELLETS, HAIL    4 = ICE PELLETS
                        TOTAL MONTH:   0.0 INCH    5 = HAIL
                        GRTST 24HR     0.0         6 = FREEZING RAIN OR DRIZZLE
                        GRTST DEPTH:   0           7 = DUSTSTORM OR SANDSTORM:
                                                       VSBY 1/2 MILE OR LESS
                                                   8 = SMOKE OR HAZE
[NO. OF DAYS WITH]      [WEATHER - DAYS WITH]      9 = BLOWING SNOW
                                                   X = TORNADO
MAX 32 OR BELOW:   9    0.01 INCH OR MORE:  11
MAX 90 OR ABOVE:   0    0.10 INCH OR MORE:   5
MIN 32 OR BELOW:  22    0.50 INCH OR MORE:   4
MIN  0 OR BELOW:   0    1.00 INCH OR MORE:   1

[HDD (BASE 65) ]
TOTAL THIS MO.   876    CLEAR  (SCALE 0-3)  10
DPTR FM NORMAL    94    PTCLDY (SCALE 4-7)  10
TOTAL FM JUL 1  1817    CLOUDY (SCALE 8-10) 10
DPTR FM NORMAL   353

[CDD (BASE 65) ]
TOTAL THIS MO.     0
DPTR FM NORMAL     0    [PRESSURE DATA]
TOTAL FM JAN 1  1524    HIGHEST SLP M ON M
DPTR FM NORMAL  -234    LOWEST  SLP M ON M

[REMARKS]
