000
CXUS55 KPAH 012302
CF6OWB
PRELIMINARY LOCAL CLIMATOLOGICAL DATA (WS FORM: F-6)

                                          STATION:   OWENSBORO KY
                                          MONTH:     JUNE
                                          YEAR:      2014
                                          LATITUDE:   37 45 N
                                          LONGITUDE:  87 10 W

  TEMPERATURE IN F:       :PCPN:    SNOW:  WIND      :SUNSHINE: SKY     :PK WND
================================================================================
1   2   3   4   5  6A  6B    7    8   9   10  11  12  13   14  15   16   17  18
                                     12Z  AVG MX 2MIN
DY MAX MIN AVG DEP HDD CDD  WTR  SNW DPTH SPD SPD DIR MIN PSBL S-S WX    SPD DR
================================================================================

 1  89  67  78   6   0  13 0.18  0.0    0  7.6 19 260   M    M   3 13     25 240
 2  81  69  75   2   0  10 0.20  0.0    0 11.7 22 200   M    M   6 1      25 180
 3  88  71  80   7   0  15 0.00  0.0    0  6.8 12 220   M    M   7 18     17  M
 4  87  70  79   6   0  14 0.60  0.0    0  8.9 18 240   M    M   5 13     31 250
 5  73  65  69  -5   0   4 0.00  0.0    0  5.3 14  80   M    M   6 18     17  80
 6  82  62  72  -2   0   7 0.00  0.0    0  3.1  8 100   M    M   3 1      10  60
 7  83  64  74   0   0   9 0.03  0.0    0  8.2 14 200   M    M   3        20  M
 8  76  66  71  -4   0   6 0.00  0.0    0 10.0 18 300   M    M   5        29 290
 9  76  66  71  -4   0   6    T  0.0    0  7.4 13 100   M    M   6        17  M
10  76  67  72  -3   0   7 0.19  0.0    0 10.1 13 200   M    M   8 1      18 160
11  77  66  72  -4   0   7 0.27  0.0    0  7.0 17 230   M    M   6 12     20 220
12  82  62  72  -4   0   7    T  0.0    0  3.6 14 320   M    M   4 1      16 320
13  78  65  72  -4   0   7 0.01  0.0    0  7.4 16 310   M    M   3        20 340
14  79  57  68  -8   0   3 0.00  0.0    0  6.4 16 100   M    M   0        20 100
15  88  62  75  -2   0  10    T  0.0    0  8.6 21 210   M    M   2        24 200
16  92  71  82   5   0  17    T  0.0    0  8.3 16 230   M    M   1        20 220
17  92  71  82   5   0  17 0.00  0.0    0  9.8 22 220   M    M   2        24 230
18  93  72  83   5   0  18 0.00  0.0    0  8.7 18 220   M    M   1        24 220
19  93  72  83   5   0  18 0.00  0.0    0  6.8 12 240   M    M   1        18  M
20  91  72  82   4   0  17    T  0.0    0  8.6 16 250   M    M   1 3      22  M
21  91  71  81   3   0  16 0.00  0.0    0  4.2  9 330   M    M   1        13 310
22  91  68  80   1   0  15 0.00  0.0    0  4.1 12 250   M    M   1        18 220
23  93  71  82   3   0  17 0.01  0.0    0  6.8 22 230   M    M   2 13     26 240
24  83  71  77  -2   0  12 1.03  0.0    0  8.5 19 210   M    M   4 12     24 210
25  87  68  78  -1   0  13 0.00  0.0    0  5.7 13 300   M    M   2 8      16 280
26  90  69  80   1   0  15 0.01  0.0    0  2.0  M   M   M    M   2 3       M  M
27  86  67  77  -3   0  12    T  0.0    0  3.8 12 190   M    M   1 13     15  M
28  87  72  80   0   0  15    T  0.0    0  8.4 18 190   M    M   3 1      22  M
29  84  72  78  -2   0  13    T  0.0    0  9.3 18 230   M    M   4        23  M
30  92  71  82   2   0  17 0.00  0.0    0  9.5 17 190   M    M   4        24 220
================================================================================
SM 2560 2037         0 357  2.53     0.0 216.6          M       97
================================================================================
AV 85.3 67.9                               7.2 FASTST   M    M   3    MAX(MPH)
                                 MISC ---->  # 22 200                 31    M
================================================================================
NOTES:
# LAST OF SEVERAL OCCURRENCES

COLUMN 17 PEAK WIND IN M.P.H.

PRELIMINARY LOCAL CLIMATOLOGICAL DATA (WS FORM: F-6) , PAGE 2

                                          STATION:  OWENSBORO KY
                                          MONTH:    JUNE
                                          YEAR:     2014
                                          LATITUDE:   37 45 N
                                          LONGITUDE:  87 10 W

[TEMPERATURE DATA]      [PRECIPITATION DATA]       SYMBOLS USED IN COLUMN 16

AVERAGE MONTHLY: 76.6   TOTAL FOR MONTH:   2.53    1 = FOG OR MIST
DPTR FM NORMAL:  -0.1   DPTR FM NORMAL:   -0.48    2 = FOG REDUCING VISIBILITY
HIGHEST:    93 ON 23,19 GRTST 24HR  1.03 ON 24-24      TO 1/4 MILE OR LESS
LOWEST:     57 ON 14                               3 = THUNDER
                        SNOW, ICE PELLETS, HAIL    4 = ICE PELLETS
                        TOTAL MONTH:   0.0 INCH    5 = HAIL
                        GRTST 24HR     0.0         6 = FREEZING RAIN OR DRIZZLE
                        GRTST DEPTH:   0           7 = DUSTSTORM OR SANDSTORM:
                                                       VSBY 1/2 MILE OR LESS
                                                   8 = SMOKE OR HAZE
[NO. OF DAYS WITH]      [WEATHER - DAYS WITH]      9 = BLOWING SNOW
                                                   X = TORNADO
MAX 32 OR BELOW:   0    0.01 INCH OR MORE:  10
MAX 90 OR ABOVE:  10    0.10 INCH OR MORE:   6
MIN 32 OR BELOW:   0    0.50 INCH OR MORE:   2
MIN  0 OR BELOW:   0    1.00 INCH OR MORE:   1

[HDD (BASE 65) ]
TOTAL THIS MO.     0    CLEAR  (SCALE 0-3)  16
DPTR FM NORMAL    -4    PTCLDY (SCALE 4-7)  14
TOTAL FM JUL 1  5041    CLOUDY (SCALE 8-10)  0
DPTR FM NORMAL  1168

[CDD (BASE 65) ]
TOTAL THIS MO.   357
DPTR FM NORMAL     3    [PRESSURE DATA]
TOTAL FM JAN 1   574    HIGHEST SLP M ON M
DPTR FM NORMAL    19    LOWEST  SLP M ON M

[REMARKS]
#FINAL-06-14#
