000
CXUS55 KPAH 010638
CF6OWB
PRELIMINARY LOCAL CLIMATOLOGICAL DATA (WS FORM: F-6)

                                          STATION:   OWENSBORO KY
                                          MONTH:     OCTOBER
                                          YEAR:      2015
                                          LATITUDE:   37 45 N
                                          LONGITUDE:  87 10 W

  TEMPERATURE IN F:       :PCPN:    SNOW:  WIND      :SUNSHINE: SKY     :PK WND
================================================================================
1   2   3   4   5  6A  6B    7    8   9   10  11  12  13   14  15   16   17  18
                                     12Z  AVG MX 2MIN
DY MAX MIN AVG DEP HDD CDD  WTR  SNW DPTH SPD SPD DIR MIN PSBL S-S WX    SPD DR
================================================================================

 1  68  57  63  -3   2   0 0.00  0.0    0 10.0 15  30   M    M   6        25  30
 2  63  54  59  -6   6   0 0.09  0.0    0 10.2 16  50   M    M   9 1      21  20
 3  54  49  52 -13  13   0    T  0.0    0 10.6 18  20   M    M  10 1      25  40
 4  78  52  65   0   0   0    T  0.0    0  6.8 13  20   M    M   5 1      16  50
 5  83  58  71   7   0   6 0.00  0.0    0  5.7 13  50   M    M   0        16  50
 6  85  60  73   9   0   8    T  0.0    0  4.3  8  20   M    M   0         M  M
 7  82  60  71   7   0   6 0.00  0.0    0  4.4  8 350   M    M   1 1       M  M
 8  85  58  72   9   0   7 0.00  0.0    0  3.5 12 280   M    M   3 1      15 250
 9  73  62  68   5   0   3    T  0.0    0  6.9 17 320   M    M   5        21 320
10  71  49  60  -2   5   0 0.00  0.0    0  4.9 12  10   M    M   2 8      15 310
11  77  42  60  -2   5   0 0.00  0.0    0  6.0 14 220   M    M   0 128    16 210
12  85  55  70   8   0   5 0.49  0.0    0  8.7 21 220   M    M   4 123    26 230
13  72  50  61  -1   4   0 0.00  0.0    0  7.6 20 280   M    M   0        24 270
14  74  45  60  -1   5   0 0.00  0.0    0  2.6 13 300   M    M   1 8      15 300
15  80  43  62   1   3   0    T  0.0    0  5.3 15 200   M    M   1 1      20 220
16  68  44  56  -5   9   0 0.00  0.0    0  7.1 15 320   M    M   0        25 350
17  58  34  46 -14  19   0 0.00  0.0    0  6.4 17 310   M    M   0        25 310
18  61  30  46 -14  19   0 0.00  0.0    0  2.0 10  60   M    M   0        15  40
19  72  34  53  -7  12   0 0.00  0.0    0  5.8 15 180   M    M   0        21 170
20  74  44  59   0   6   0 0.00  0.0    0  8.0 15 170   M    M   0        19 220
21  80  46  63   4   2   0 0.00  0.0    0  6.9 17 200   M    M   0        22 220
22  83  55  69  10   0   4 0.00  0.0    0  4.3 17 150   M    M   0         M  M
23  81  49  65   7   0   0    T  0.0    0  5.2 16 190   M    M   3        20 190
24  74  60  67   9   0   2 0.28  0.0    0 10.5 20 310   M    M  10 1      24 220
25  64  53  59   1   6   0 0.00  0.0    0  8.3 15  60   M    M   3        18  40
26  65  53  59   2   6   0 0.14  0.0    0 11.0 15  70   M    M   9 1      24  60
27  59  55  57   0   8   0 2.76  0.0    0  9.0 16  90   M    M  10 1      24  90
28  70  55  63   6   2   0 0.57  0.0    0 10.2 20 250   M    M   9 13     21 230
29  58  43  51  -5  14   0 0.00  0.0    0  4.8 15 290   M    M   1 1      20  M
30  56  36  46 -10  19   0 0.00  0.0    0  1.9  9  90   M    M   3        13  50
31  63  48  56   0   9   0 0.19  0.0    0  8.6 26 160   M    M   5 1      31 160
================================================================================
SM 2216 1533       174  41  4.52     0.0 207.5          M      100
================================================================================
AV 71.5 49.5                               6.7 FASTST   M    M   3    MAX(MPH)
                                 MISC ---->  # 26 160               # 31  160
================================================================================
NOTES:
# LAST OF SEVERAL OCCURRENCES

COLUMN 17 PEAK WIND IN M.P.H.

PRELIMINARY LOCAL CLIMATOLOGICAL DATA (WS FORM: F-6) , PAGE 2

                                          STATION:  OWENSBORO KY
                                          MONTH:    OCTOBER
                                          YEAR:     2015
                                          LATITUDE:   37 45 N
                                          LONGITUDE:  87 10 W

[TEMPERATURE DATA]      [PRECIPITATION DATA]       SYMBOLS USED IN COLUMN 16

AVERAGE MONTHLY: 60.5   TOTAL FOR MONTH:   4.52    1 = FOG OR MIST
DPTR FM NORMAL:  -0.2   DPTR FM NORMAL:    1.06    2 = FOG REDUCING VISIBILITY
HIGHEST:    85 ON 12, 8 GRTST 24HR  2.76 ON 27-27      TO 1/4 MILE OR LESS
LOWEST:     30 ON 18                               3 = THUNDER
                        SNOW, ICE PELLETS, HAIL    4 = ICE PELLETS
                        TOTAL MONTH:   0.0 INCH    5 = HAIL
                        GRTST 24HR     0.0         6 = FREEZING RAIN OR DRIZZLE
                        GRTST DEPTH:   0           7 = DUSTSTORM OR SANDSTORM:
                                                       VSBY 1/2 MILE OR LESS
                                                   8 = SMOKE OR HAZE
[NO. OF DAYS WITH]      [WEATHER - DAYS WITH]      9 = BLOWING SNOW
                                                   X = TORNADO
MAX 32 OR BELOW:   0    0.01 INCH OR MORE:   7
MAX 90 OR ABOVE:   0    0.10 INCH OR MORE:   6
MIN 32 OR BELOW:   1    0.50 INCH OR MORE:   2
MIN  0 OR BELOW:   0    1.00 INCH OR MORE:   1

[HDD (BASE 65) ]
TOTAL THIS MO.   174    CLEAR  (SCALE 0-3)  19
DPTR FM NORMAL   -11    PTCLDY (SCALE 4-7)   6
TOTAL FM JUL 1   183    CLOUDY (SCALE 8-10)  6
DPTR FM NORMAL   -29

[CDD (BASE 65) ]
TOTAL THIS MO.    41
DPTR FM NORMAL   -10    [PRESSURE DATA]
TOTAL FM JAN 1  1670    HIGHEST SLP M ON M
DPTR FM NORMAL   -82    LOWEST  SLP M ON M

[REMARKS]
#FINAL-10-15#
