000
CXUS55 KPAH 010649
CF6OWB
PRELIMINARY LOCAL CLIMATOLOGICAL DATA (WS FORM: F-6)

                                          STATION:   OWENSBORO KY
                                          MONTH:     JANUARY
                                          YEAR:      2017
                                          LATITUDE:   37 45 N
                                          LONGITUDE:  87 10 W

  TEMPERATURE IN F:       :PCPN:    SNOW:  WIND      :SUNSHINE: SKY     :PK WND
================================================================================
1   2   3   4   5  6A  6B    7    8   9   10  11  12  13   14  15   16   17  18
                                     12Z  AVG MX 2MIN
DY MAX MIN AVG DEP HDD CDD  WTR  SNW DPTH SPD SPD DIR MIN PSBL S-S WX    SPD DR
================================================================================

 1  49  38  44   8  21   0    T    M    0  6.3 14  60   M    M   8 18     16  50
 2  59  46  53  17  12   0 0.16  0.0    0  4.9 16 130   M    M  10 12     21 120
 3  57  36  47  11  18   0 0.21    M    0 10.5 23 320   M    M  10 12     29 290
 4  36  24  30  -6  35   0 0.00  0.0    0 11.0 25 320   M    M   2        29 320
 5  27  15  21 -15  44   0 0.02    M    0  6.9 14 330   M    M  10 1      16 330
 6  19  11  15 -21  50   0    T    M    0  8.6 17 310   M    M   2        21 320
 7  19   5  12 -24  53   0 0.00  0.0    0  7.1 10 290   M    M   0         M  M
 8  33   4  19 -17  46   0 0.00  0.0    0  4.6 12 160   M    M   2        13 160
 9  41  21  31  -5  34   0 0.00  0.0    0 11.8 21 170   M    M   3        25 160
10  56  41  49  13  16   0    T  0.0    0 20.9 41 210   M    M  10 3      47 220
11  66  36  51  15  14   0 0.07  0.0    0 11.2 23 200   M    M   8 1      30 200
12  69  37  53  17  12   0 0.19  0.0    0 14.0 29 320   M    M  10 1      35 310
13  38  35  37   1  28   0 0.67  0.0    0  6.7 10  60   M    M   9 1       M  M
14  41  38  40   4  25   0 0.22  0.0    0  4.4 12 320   M    M  10 1      14 320
15  42  37  40   4  25   0 0.02  0.0    0  5.1  9  60   M    M  10 1      12  50
16  59  42  51  15  14   0 0.46  0.0    0  7.5 21 180   M    M   9 1      25 180
17  61  44  53  17  12   0 0.11  0.0    0 11.3 21 180   M    M   9 1      25 180
18  44  40  42   6  23   0 0.00  0.0    0  5.1 16 310   M    M   7 18     18 310
19  55  40  48  12  17   0 0.69    M    0  6.4 10 120   M    M   9 1       M  M
20  62  52  57  21   8   0 0.03  0.0    0  9.6 21 210   M    M   7 1      24 220
21  69  51  60  24   5   0 0.00  0.0    0  7.2 20 200   M    M   3        23 200
22  62  50  56  20   9   0 0.01  0.0    0  8.2 18 350   M    M   3        24 360
23  54  42  48  12  17   0 0.00  0.0    0 16.1 24 310   M    M  10        30 320
24  46  38  42   6  23   0 0.00  0.0    0  6.6 15 310   M    M   7 8      17 310
25  65  38  52  16  13   0 0.00  0.0    0 13.5 25 310   M    M   3        32 310
26  39  32  36   0  29   0    T    M    0 13.3 23 290   M    M   9 8      28 300
27  43  25  34  -2  31   0    T    M    0 11.2 22 310   M    M   8        29 300
28  46  26  36   0  29   0 0.00  0.0    0  8.7 20 270   M    M   3        22 270
29  37  31  34  -3  31   0    T    M    0 10.6 25 320   M    M  10 1      31 320
30  45  21  33  -4  32   0 0.00  0.0    0  7.2 17 190   M    M   1        21 190
31  51  41  46   9  19   0 0.00  0.0    0  8.4 22 240   M    M   2        28 230
================================================================================
SM 1490 1037       745   0  2.86     0.0 284.9          M      204
================================================================================
AV 48.1 33.5                               9.2 FASTST   M    M   7    MAX(MPH)
                                 MISC ---->  # 41 210               # 47  220
================================================================================
NOTES:
# LAST OF SEVERAL OCCURRENCES

COLUMN 17 PEAK WIND IN M.P.H.

PRELIMINARY LOCAL CLIMATOLOGICAL DATA (WS FORM: F-6) , PAGE 2

                                          STATION:  OWENSBORO KY
                                          MONTH:    JANUARY
                                          YEAR:     2017
                                          LATITUDE:   37 45 N
                                          LONGITUDE:  87 10 W

[TEMPERATURE DATA]      [PRECIPITATION DATA]       SYMBOLS USED IN COLUMN 16

AVERAGE MONTHLY: 40.8   TOTAL FOR MONTH:   2.86    1 = FOG OR MIST
DPTR FM NORMAL:   4.8   DPTR FM NORMAL:   -0.55    2 = FOG REDUCING VISIBILITY
HIGHEST:    69 ON 21,12 GRTST 24HR  0.69 ON 19-19      TO 1/4 MILE OR LESS
LOWEST:      4 ON  8                               3 = THUNDER
                        SNOW, ICE PELLETS, HAIL    4 = ICE PELLETS
                        TOTAL MONTH:   0.0 INCH    5 = HAIL
                        GRTST 24HR     0.0         6 = FREEZING RAIN OR DRIZZLE
                        GRTST DEPTH:   0           7 = DUSTSTORM OR SANDSTORM:
                                                       VSBY 1/2 MILE OR LESS
                                                   8 = SMOKE OR HAZE
[NO. OF DAYS WITH]      [WEATHER - DAYS WITH]      9 = BLOWING SNOW
                                                   X = TORNADO
MAX 32 OR BELOW:   3    0.01 INCH OR MORE:  13
MAX 90 OR ABOVE:   0    0.10 INCH OR MORE:   8
MIN 32 OR BELOW:  11    0.50 INCH OR MORE:   2
MIN  0 OR BELOW:   0    1.00 INCH OR MORE:   0

[HDD (BASE 65) ]
TOTAL THIS MO.   745    CLEAR  (SCALE 0-3)  10
DPTR FM NORMAL  -156    PTCLDY (SCALE 4-7)   6
TOTAL FM JUL 1  2054    CLOUDY (SCALE 8-10) 15
DPTR FM NORMAL  -338

[CDD (BASE 65) ]
TOTAL THIS MO.     0
DPTR FM NORMAL     0    [PRESSURE DATA]
TOTAL FM JAN 1     0    HIGHEST SLP 30.36 ON 15
DPTR FM NORMAL     0    LOWEST  SLP 29.34 ON 22

[REMARKS]
#FINAL-01-17#
