000
CXUS55 KPAH 012302
CF6OWB
PRELIMINARY LOCAL CLIMATOLOGICAL DATA (WS FORM: F-6)

                                          STATION:   OWENSBORO KY
                                          MONTH:     FEBRUARY
                                          YEAR:      2014
                                          LATITUDE:   37 45 N
                                          LONGITUDE:  87 10 W

  TEMPERATURE IN F:       :PCPN:    SNOW:  WIND      :SUNSHINE: SKY     :PK WND
================================================================================
1   2   3   4   5  6A  6B    7    8   9   10  11  12  13   14  15   16   17  18
                                     12Z  AVG MX 2MIN
DY MAX MIN AVG DEP HDD CDD  WTR  SNW DPTH SPD SPD DIR MIN PSBL S-S WX    SPD DR
================================================================================

 1  60  37  49  12  16   0 0.03  0.0    0 10.0 22 200   M    M   9 1      33 200
 2  39  27  33  -4  32   0 0.41    M    M  9.7 13 350   M    M  10 126     M  M
 3  28  16  22 -15  43   0 0.02    M    M  5.6 13 350   M    M   3 18     18  M
 4  31  16  24 -14  41   0 1.07    M    0  6.9 20  70   M    M   5 16     27  80
 5  31  22  27 -11  38   0    T    M    0  7.7  M   M   M    M  10 1       M  M
 6  21   6  14 -24  51   0    T    M    0   M   M   M   M    M   8 1       M  M
 7  18   3  11 -27  54   0 0.00  0.0    M   M   M   M   M    M   2         M  M
 8  29  18  24 -14  41   0    T    M    M   M   M   M   M    M  10 1       M  M
 9  30  21  26 -13  39   0 0.01    M    M   M   M   M   M    M   9 16      M  M
10  21   7  14 -25  51   0    T    M    M   M   M   M   M    M   5         M  M
11  21   2  12 -27  53   0 0.00  0.0    0  6.4 10  70   M    M   0        15  10
12  33  13  23 -16  42   0 0.00  0.0    M  5.1 10  70   M    M   0        12  70
13  37  14  26 -14  39   0 0.00  0.0    0  6.2 13 240   M    M   0 18     15 250
14  37  19  28 -12  37   0 0.18    M    0  7.4 22 330   M    M   5 1      32 330
15  28  11  20 -20  45   0    T    M    0  8.4 21 320   M    M   4        24 320
16  34  22  28 -12  37   0 0.00  0.0    0  5.7 12 330   M    M   5 18     16  M
17  42  24  33  -8  32   0 0.30    M    0 11.2 23 280   M    M   4 1      29 280
18  54  30  42   1  23   0 0.00  0.0    0  8.5 15 180   M    M   0 3      21 180
19  53  41  47   6  18   0 0.00  0.0    0  7.3 18 290   M    M   0 1      23 290
20  67  41  54  13  11   0 0.47    M    0 17.0 38 190   M    M   7 13     46 190
21  51  36  44   2  21   0 0.00  0.0    0 12.9 25 260   M    M   0        30 280
22  63  32  48   6  17   0 0.00  0.0    0  8.1 18 220   M    M   0        21  M
23  43  28  36  -6  29   0    T    M    0  9.6 17  20   M    M   3        22  20
24  38  23  31 -11  34   0 0.00  0.0    0  6.0 12 340   M    M   1        18  M
25  37  24  31 -12  34   0    T    M    0  8.2 14 320   M    M   6        21 320
26  25  13  19 -24  46   0    T    M    M  9.5 23 330   M    M   3 1      29 330
27  31  15  23 -20  42   0 0.00  0.0    0  9.9 18 330   M    M   0        24 310
28  45  16  31 -13  34   0 0.00  0.0    0  7.2 13 120   M    M   1        17 120
================================================================================
SM 1047  577      1000   0  2.49     0.0 194.5          M      110
================================================================================
AV 37.4 20.6                               8.5 FASTST   M    M   4    MAX(MPH)
                                 MISC ---->  # 38 190               # 46  190
================================================================================
NOTES:
# LAST OF SEVERAL OCCURRENCES

COLUMN 17 PEAK WIND IN M.P.H.

PRELIMINARY LOCAL CLIMATOLOGICAL DATA (WS FORM: F-6) , PAGE 2

                                          STATION:  OWENSBORO KY
                                          MONTH:    FEBRUARY
                                          YEAR:     2014
                                          LATITUDE:   37 45 N
                                          LONGITUDE:  87 10 W

[TEMPERATURE DATA]      [PRECIPITATION DATA]       SYMBOLS USED IN COLUMN 16

AVERAGE MONTHLY: 29.0   TOTAL FOR MONTH:   2.49    1 = FOG OR MIST
DPTR FM NORMAL: -11.1   DPTR FM NORMAL:   -1.62    2 = FOG REDUCING VISIBILITY
HIGHEST:    67 ON 20    GRTST 24HR  1.07 ON  4- 4      TO 1/4 MILE OR LESS
LOWEST:      2 ON 11                               3 = THUNDER
                        SNOW, ICE PELLETS, HAIL    4 = ICE PELLETS
                        TOTAL MONTH:   0.0 INCH    5 = HAIL
                        GRTST 24HR     0.0         6 = FREEZING RAIN OR DRIZZLE
                        GRTST DEPTH:   0           7 = DUSTSTORM OR SANDSTORM:
                                                       VSBY 1/2 MILE OR LESS
                                                   8 = SMOKE OR HAZE
[NO. OF DAYS WITH]      [WEATHER - DAYS WITH]      9 = BLOWING SNOW
                                                   X = TORNADO
MAX 32 OR BELOW:  12    0.01 INCH OR MORE:   8
MAX 90 OR ABOVE:   0    0.10 INCH OR MORE:   5
MIN 32 OR BELOW:  24    0.50 INCH OR MORE:   1
MIN  0 OR BELOW:   0    1.00 INCH OR MORE:   1

[HDD (BASE 65) ]
TOTAL THIS MO.  1000    CLEAR  (SCALE 0-3)  13
DPTR FM NORMAL   303    PTCLDY (SCALE 4-7)  10
TOTAL FM JUL 1  4037    CLOUDY (SCALE 8-10)  5
DPTR FM NORMAL   948

[CDD (BASE 65) ]
TOTAL THIS MO.     0
DPTR FM NORMAL     0    [PRESSURE DATA]
TOTAL FM JAN 1     0    HIGHEST SLP M ON M
DPTR FM NORMAL     0    LOWEST  SLP M ON M

[REMARKS]
#FINAL-02-14#
