285
CXUS55 KPAH 011340
CF6OWB
PRELIMINARY LOCAL CLIMATOLOGICAL DATA (WS FORM: F-6)

                                          STATION:   OWENSBORO KY
                                          MONTH:     JUNE
                                          YEAR:      2016
                                          LATITUDE:   37 45 N
                                          LONGITUDE:  87 10 W

  TEMPERATURE IN F:       :PCPN:    SNOW:  WIND      :SUNSHINE: SKY     :PK WND
================================================================================
1   2   3   4   5  6A  6B    7    8   9   10  11  12  13   14  15   16   17  18
                                     12Z  AVG MX 2MIN
DY MAX MIN AVG DEP HDD CDD  WTR  SNW DPTH SPD SPD DIR MIN PSBL S-S WX    SPD DR
================================================================================

 1  89  70  80   8   0  15    T  0.0    0  7.0 14 250   M    M   4 3      21 250
 2  84  70  77   4   0  12    T  0.0    0  5.4 15 310   M    M   4        18 270
 3  81  66  74   1   0   9    T  0.0    0  3.7  8  60   M    M   1 1      10  60
 4  82  71  77   4   0  12 0.22  0.0    0  7.2 28 290   M    M   6 1      37 290
 5  82  65  74   0   0   9    T  0.0    0  8.1 20 290   M    M   3        25 270
 6  87  61  74   0   0   9 0.00  0.0    0  7.4 16 250   M    M   0 3      20 220
 7  79  62  71  -3   0   6    T  0.0    0 10.3 18 330   M    M   1        24 330
 8  78  58  68  -7   0   3 0.00  0.0    0  3.9 12  50   M    M   0        15  M
 9  85  57  71  -4   0   6 0.00  0.0    0  3.9  9 180   M    M   0        12  M
10  91  64  78   3   0  13 0.00  0.0    0  4.7 12 150   M    M   0        14 160
11  93  67  80   4   0  15 0.00  0.0    0  6.3 16 270   M    M   0        20 240
12  96  71  84   8   0  19 0.00  0.0    0  4.5 13 310   M    M   1        17 310
13  96  75  86  10   0  21    T  0.0    0  4.7 13 210   M    M   0        15 210
14  94  74  84   8   0  19 0.08  0.0    0  6.3 31 200   M    M   1 38     33 200
15  92  70  81   4   0  16 0.36  0.0    0  8.9 28 280   M    M   5 138    37 230
16  98  68  83   6   0  18 0.00  0.0    0  8.8 18 300   M    M   0        22 300
17  86  69  78   1   0  13 0.00  0.0    0  8.0 17  50   M    M   3 8      21  60
18  89  69  79   1   0  14 0.00  0.0    0  7.0 14  70   M    M   2        17  70
19  89  73  81   3   0  16 0.00  0.0    0  7.6 21 220   M    M   4        25 230
20  92  73  83   5   0  18 0.00  0.0    0  8.7 15 230   M    M   3        21 260
21  91  77  84   6   0  19 0.01  0.0    0  9.8 14 290   M    M   2         M  M
22  95  76  86   7   0  21 0.00  0.0    0  9.7 20 220   M    M   3 18     25 220
23  96  74  85   6   0  20 0.47  0.0    0 14.0 24 250   M    M   4 3      31 250
24  90  69  80   1   0  15 0.00  0.0    0  5.2 15 309   M    M   0        18 310
25  94  71  83   4   0  18 0.00  0.0    0  4.1 12 260   M    M   0        13 260
26  96  74  85   6   0  20 0.03  0.0    0  6.7 15 340   M    M   2        24 340
27  86  73  80   0   0  15 0.58  0.0    0  4.1 12  60   M    M   4 13     14  60
28  91  69  80   0   0  15 0.00  0.0    0  6.1 16 310   M    M   1        24  39
29  80  64  72  -8   0   7 0.00  0.0    0  6.3 12 330   M    M   0        17 340
30  85  61  73  -7   0   8 0.00  0.0    0  3.7  9 170   M    M   0        11 300
================================================================================
SM 2667 2061         0 421  1.75     0.0 202.1          M       54
================================================================================
AV 88.9 68.7                               6.7 FASTST   M    M   2    MAX(MPH)
                                 MISC ---->  # 31 200               # 37  290
================================================================================
NOTES:
# LAST OF SEVERAL OCCURRENCES

COLUMN 17 PEAK WIND IN M.P.H.

PRELIMINARY LOCAL CLIMATOLOGICAL DATA (WS FORM: F-6) , PAGE 2

                                          STATION:  OWENSBORO KY
                                          MONTH:    JUNE
                                          YEAR:     2016
                                          LATITUDE:   37 45 N
                                          LONGITUDE:  87 10 W

[TEMPERATURE DATA]      [PRECIPITATION DATA]       SYMBOLS USED IN COLUMN 16

AVERAGE MONTHLY: 78.8   TOTAL FOR MONTH:   1.75    1 = FOG OR MIST
DPTR FM NORMAL:   2.1   DPTR FM NORMAL:   -1.26    2 = FOG REDUCING VISIBILITY
HIGHEST:    98 ON 16    GRTST 24HR  0.58 ON 27-27      TO 1/4 MILE OR LESS
LOWEST:     57 ON  9                               3 = THUNDER
                        SNOW, ICE PELLETS, HAIL    4 = ICE PELLETS
                        TOTAL MONTH:   0.0 INCH    5 = HAIL
                        GRTST 24HR     0.0         6 = FREEZING RAIN OR DRIZZLE
                        GRTST DEPTH:   0           7 = DUSTSTORM OR SANDSTORM:
                                                       VSBY 1/2 MILE OR LESS
                                                   8 = SMOKE OR HAZE
[NO. OF DAYS WITH]      [WEATHER - DAYS WITH]      9 = BLOWING SNOW
                                                   X = TORNADO
MAX 32 OR BELOW:   0    0.01 INCH OR MORE:   7
MAX 90 OR ABOVE:  15    0.10 INCH OR MORE:   4
MIN 32 OR BELOW:   0    0.50 INCH OR MORE:   1
MIN  0 OR BELOW:   0    1.00 INCH OR MORE:   0

[HDD (BASE 65) ]
TOTAL THIS MO.     0    CLEAR  (SCALE 0-3)  21
DPTR FM NORMAL    -4    PTCLDY (SCALE 4-7)   9
TOTAL FM JUL 1  3465    CLOUDY (SCALE 8-10)  0
DPTR FM NORMAL  -408

[CDD (BASE 65) ]
TOTAL THIS MO.   421
DPTR FM NORMAL    67    [PRESSURE DATA]
TOTAL FM JAN 1   583    HIGHEST SLP M ON M
DPTR FM NORMAL    28    LOWEST  SLP M ON M

[REMARKS]
#FINAL-06-16#
