000
CXUS55 KPAH 012302
CF6OWB
PRELIMINARY LOCAL CLIMATOLOGICAL DATA (WS FORM: F-6)

                                          STATION:   OWENSBORO KY
                                          MONTH:     NOVEMBER
                                          YEAR:      2013
                                          LATITUDE:   37 45 N
                                          LONGITUDE:  87 10 W

  TEMPERATURE IN F:       :PCPN:    SNOW:  WIND      :SUNSHINE: SKY     :PK WND
================================================================================
1   2   3   4   5  6A  6B    7    8   9   10  11  12  13   14  15   16   17  18
                                     12Z  AVG MX 2MIN
DY MAX MIN AVG DEP HDD CDD  WTR  SNW DPTH SPD SPD DIR MIN PSBL S-S WX    SPD DR
================================================================================

 1  68  47  58   3   7   0 0.00  0.0    0  9.6 21 290   M    M   2        26 290
 2  58  38  48  -7  17   0    T  0.0    0  5.9 24 320   M    M   4        28 330
 3  56  29  43 -12  22   0 0.00  0.0    0  2.3  8 110   M    M   1 1      10 120
 4  62  41  52  -2  13   0    T  0.0    0  8.1 22 200   M    M   0        27 200
 5  68  49  59   5   6   0 0.00  0.0    0  7.4 14 160   M    M   4        17 150
 6  62  43  53  -1  12   0 0.30    M    0   M   M 200   M    M   8 1       M 200
 7  50  35  43 -10  22   0 0.00  0.0    0  6.1 14 330   M    M   1        16 320
 8  55  28  42 -11  23   0 0.00    M    0  2.7  9 170   M    M   0        10 170
 9  64  34  49  -3  16   0 0.00  0.0    0  8.6 24 230   M    M   0        32 230
10  57  36  47  -5  18   0 0.00  0.0    0  4.3 11 330   M    M   0        15  M
11  65  30  48  -4  17   0    T    M    0  6.9 21  20   M    M   4        28  20
12  42  27  35 -16  30   0    T    M    0 11.6 23  20   M    M   4        29  10
13  42  19  31 -20  34   0 0.00  0.0    0  3.1 10 220   M    M   0        13 170
14  55  26  41  -9  24   0 0.00  0.0    0  8.7 20 210   M    M   0        23 220
15  49  33  41  -9  24   0 0.04    M    0  6.9 12 160   M    M   6 1      15 200
16  64  49  57   8   8   0    T    M    0 13.8 24 180   M    M  10 1      30 190
17  70  50  60  11   5   0 2.52  0.0    0 14.6 32 210   M    M   7 13     40 210
18  56  38  47  -1  18   0 0.00  0.0    0  8.1 21 310   M    M   0        25 290
19  46  33  40  -8  25   0 0.00  0.0    0  6.7 11  70   M    M   0        15  70
20  56  30  43  -5  22   0 0.00  0.0    0  8.0 15 180   M    M   0        20 180
21  60  45  53   6  12   0 0.03    M    0  8.3 20 180   M    M   3 1      22 170
22  55  40  48   1  17   0 0.01  0.0    0  9.7 16 330   M    M  10 1      23 330
23  41  21  31 -15  34   0 0.00  0.0    0 11.3 24 320   M    M   3        29 310
24  29  17  23 -23  42   0 0.00  0.0    0  6.0 13  10   M    M   0        17  10
25  38  26  32 -14  33   0    T    M    0  7.9 14 220   M    M   6 1      17 220
26  36  32  34 -11  31   0 0.01    T    0  7.3 21 330   M    M  10 1      25 330
27  32  15  24 -21  41   0 0.00  0.0    0 11.7 26 330   M    M   3        29 330
28  40  15  28 -16  37   0 0.00  0.0    0  6.0 20 210   M    M   0        22 200
29  46  20  33 -11  32   0 0.00  0.0    0  2.7  8 180   M    M   0        10  M
30  55  26  41  -3  24   0 0.00  0.0    0  7.7 16 210   M    M   1        23 210
================================================================================
SM 1577  972       666   0  2.91    T    222.0          M       87
================================================================================
AV 52.6 32.4                               7.7 FASTST   M    M   3    MAX(MPH)
                                 MISC ---->  # 32 210               # 40  210
================================================================================
NOTES:
# LAST OF SEVERAL OCCURRENCES

COLUMN 17 PEAK WIND IN M.P.H.

PRELIMINARY LOCAL CLIMATOLOGICAL DATA (WS FORM: F-6) , PAGE 2

                                          STATION:  OWENSBORO KY
                                          MONTH:    NOVEMBER
                                          YEAR:     2013
                                          LATITUDE:   37 45 N
                                          LONGITUDE:  87 10 W

[TEMPERATURE DATA]      [PRECIPITATION DATA]       SYMBOLS USED IN COLUMN 16

AVERAGE MONTHLY: 42.5   TOTAL FOR MONTH:   2.91    1 = FOG OR MIST
DPTR FM NORMAL:  -7.0   DPTR FM NORMAL:   -1.15    2 = FOG REDUCING VISIBILITY
HIGHEST:    70 ON 17    GRTST 24HR  2.52 ON 17-17      TO 1/4 MILE OR LESS
LOWEST:     15 ON 28,27                            3 = THUNDER
                        SNOW, ICE PELLETS, HAIL    4 = ICE PELLETS
                        TOTAL MONTH:    T          5 = HAIL
                        GRTST 24HR    T  ON 26-26  6 = FREEZING RAIN OR DRIZZLE
                        GRTST DEPTH:   0           7 = DUSTSTORM OR SANDSTORM:
                                                       VSBY 1/2 MILE OR LESS
                                                   8 = SMOKE OR HAZE
[NO. OF DAYS WITH]      [WEATHER - DAYS WITH]      9 = BLOWING SNOW
                                                   X = TORNADO
MAX 32 OR BELOW:   2    0.01 INCH OR MORE:   6
MAX 90 OR ABOVE:   0    0.10 INCH OR MORE:   2
MIN 32 OR BELOW:  15    0.50 INCH OR MORE:   1
MIN  0 OR BELOW:   0    1.00 INCH OR MORE:   1

[HDD (BASE 65) ]
TOTAL THIS MO.   666    CLEAR  (SCALE 0-3)  18
DPTR FM NORMAL   196    PTCLDY (SCALE 4-7)   9
TOTAL FM JUL 1   941    CLOUDY (SCALE 8-10)  3
DPTR FM NORMAL   259

[CDD (BASE 65) ]
TOTAL THIS MO.     0
DPTR FM NORMAL    -6    [PRESSURE DATA]
TOTAL FM JAN 1  1524    HIGHEST SLP M ON M
DPTR FM NORMAL  -234    LOWEST  SLP M ON M

[REMARKS]
#FINAL-11-13#
