000
CXUS55 KPAH 012135
CF6OWB
PRELIMINARY LOCAL CLIMATOLOGICAL DATA (WS FORM: F-6)

                                          STATION:   OWENSBORO KY
                                          MONTH:     NOVEMBER
                                          YEAR:      2016
                                          LATITUDE:   37 45 N
                                          LONGITUDE:  87 10 W

  TEMPERATURE IN F:       :PCPN:    SNOW:  WIND      :SUNSHINE: SKY     :PK WND
================================================================================
1   2   3   4   5  6A  6B    7    8   9   10  11  12  13   14  15   16   17  18
                                     12Z  AVG MX 2MIN
DY MAX MIN AVG DEP HDD CDD  WTR  SNW DPTH SPD SPD DIR MIN PSBL S-S WX    SPD DR
================================================================================

 1  85  61  73  18   0   8 0.00  0.0    0  8.5 24 230   M    M   0 18     30 230
 2  79  59  69  14   0   4    T  0.0    0  6.8 17 230   M    M   2 128    21 220
 3  73  55  64   9   1   0    T  0.0    0  6.0 13 330   M    M   5        15 330
 4  68  44  56   2   9   0 0.00  0.0    0  6.3 14  60   M    M   1 1      17  40
 5  64  38  51  -3  14   0 0.00  0.0    0  3.4  9  30   M    M   0 18     10  60
 6  68  41  55   1  10   0 0.00  0.0    0  3.0 13 250   M    M   0 18     14 110
 7  75  39  57   4   8   0 0.00  0.0    0  2.0 10 200   M    M   0 8      13 210
 8  67  51  59   6   6   0 0.18  0.0    0  6.3 13 330   M    M   8 18     16 330
 9  59  38  49  -3  16   0 0.00  0.0    0  6.7 15 330   M    M   3 1      18  30
10  62  33  48  -4  17   0 0.00  0.0    0  3.8 12 240   M    M   2 12     15 250
11  66  40  53   1  12   0 0.00  0.0    0  7.3 15  20   M    M   0 8      21 340
12  55  33  44  -7  21   0 0.00  0.0    0  5.8 13  80   M    M   0 8      17 110
13  60  26  43  -8  22   0 0.00  0.0    0  1.3  7 230   M    M   1 128     9 240
14  63  28  46  -4  19   0 0.00  0.0    0  3.9 13 270   M    M   0 1      17 220
15  67  43  55   5  10   0 0.01  0.0    0  4.7 13 280   M    M   3        16 280
16  71  38  55   6  10   0 0.00  0.0    0  4.8 13 290   M    M   0 8      16 260
17  80  45  63  14   2   0 0.00  0.0    0  8.6 20 190   M    M   0        22 200
18  78  45  62  14   3   0 0.44  0.0    0 13.7 32 230   M    M   4 1      44 230
19  47  35  41  -7  24   0 0.00  0.0    0 15.1 28 310   M    M   4        33 310
20  43  27  35 -13  30   0 0.00  0.0    0  6.3 13 270   M    M   0        16 300
21  46  23  35 -12  30   0 0.00  0.0    0  2.3  9 130   M    M   0        12 110
22  51  34  43  -4  22   0    T  0.0    0  6.8 15 120   M    M   2        17 120
23  58  44  51   5  14   0 0.31  0.0    0  8.4 21 200   M    M  10 1      26 190
24  54  44  49   3  16   0 0.00  0.0    0  6.9 18 320   M    M  10 1      23 320
25  46  42  44  -2  21   0 0.00  0.0    0  6.4 14 310   M    M  10 1      16 340
26  49  34  42  -3  23   0 0.00  0.0    0  4.1  9 360   M    M   6        12 360
27  50  27  39  -6  26   0 0.00  0.0    0  8.3 15 160   M    M   0 18     17 160
28  56  47  52   8  13   0 1.13  0.0    0 12.8 30 270   M    M   8 1      36 260
29  67  45  56  12   9   0 0.01    M    0 10.2 22 200   M    M   3        25 200
30  58  42  50   6  15   0 0.00  0.0    0  7.4 20 270   M    M   7 12     24 270
================================================================================
SM 1865 1201       423  12  2.08     0.0 197.9          M       89
================================================================================
AV 62.2 40.0                               6.6 FASTST   M    M   3    MAX(MPH)
                                 MISC ---->  # 32 230               # 44  230
================================================================================
NOTES:
# LAST OF SEVERAL OCCURRENCES

COLUMN 17 PEAK WIND IN M.P.H.

PRELIMINARY LOCAL CLIMATOLOGICAL DATA (WS FORM: F-6) , PAGE 2

                                          STATION:  OWENSBORO KY
                                          MONTH:    NOVEMBER
                                          YEAR:     2016
                                          LATITUDE:   37 45 N
                                          LONGITUDE:  87 10 W

[TEMPERATURE DATA]      [PRECIPITATION DATA]       SYMBOLS USED IN COLUMN 16

AVERAGE MONTHLY: 51.1   TOTAL FOR MONTH:   2.08    1 = FOG OR MIST
DPTR FM NORMAL:   1.6   DPTR FM NORMAL:   -1.98    2 = FOG REDUCING VISIBILITY
HIGHEST:    85 ON  1    GRTST 24HR  1.14 ON 28-29      TO 1/4 MILE OR LESS
LOWEST:     23 ON 21                               3 = THUNDER
                        SNOW, ICE PELLETS, HAIL    4 = ICE PELLETS
                        TOTAL MONTH:   0.0 INCH    5 = HAIL
                        GRTST 24HR     0.0         6 = FREEZING RAIN OR DRIZZLE
                        GRTST DEPTH:   0           7 = DUSTSTORM OR SANDSTORM:
                                                       VSBY 1/2 MILE OR LESS
                                                   8 = SMOKE OR HAZE
[NO. OF DAYS WITH]      [WEATHER - DAYS WITH]      9 = BLOWING SNOW
                                                   X = TORNADO
MAX 32 OR BELOW:   0    0.01 INCH OR MORE:   6
MAX 90 OR ABOVE:   0    0.10 INCH OR MORE:   4
MIN 32 OR BELOW:   5    0.50 INCH OR MORE:   1
MIN  0 OR BELOW:   0    1.00 INCH OR MORE:   1

[HDD (BASE 65) ]
TOTAL THIS MO.   423    CLEAR  (SCALE 0-3)  19
DPTR FM NORMAL   -47    PTCLDY (SCALE 4-7)   6
TOTAL FM JUL 1   426    CLOUDY (SCALE 8-10)  5
DPTR FM NORMAL  -256

[CDD (BASE 65) ]
TOTAL THIS MO.    12
DPTR FM NORMAL     6    [PRESSURE DATA]
TOTAL FM JAN 1  1693    HIGHEST SLP 30.51 ON 26
DPTR FM NORMAL   -65    LOWEST  SLP 29.38 ON 28

[REMARKS]
#FINAL-11-16#
