000
CXUS55 KPAH 012302
CF6OWB
PRELIMINARY LOCAL CLIMATOLOGICAL DATA (WS FORM: F-6)

                                          STATION:   OWENSBORO KY
                                          MONTH:     JANUARY
                                          YEAR:      2014
                                          LATITUDE:   37 45 N
                                          LONGITUDE:  87 10 W

  TEMPERATURE IN F:       :PCPN:    SNOW:  WIND      :SUNSHINE: SKY     :PK WND
================================================================================
1   2   3   4   5  6A  6B    7    8   9   10  11  12  13   14  15   16   17  18
                                     12Z  AVG MX 2MIN
DY MAX MIN AVG DEP HDD CDD  WTR  SNW DPTH SPD SPD DIR MIN PSBL S-S WX    SPD DR
================================================================================

 1  46  26  36   0  29   0 0.01  0.0    0  7.7 15 210   M    M   1        16 200
 2  37  16  27  -9  38   0 0.03    M    0 14.9 25 320   M    M   8 1      33 320
 3  24  10  17 -19  48   0 0.00  0.0    0  7.5 14 170   M    M   0         M  M
 4  42  20  31  -5  34   0 0.00  0.0    0 14.2 24 200   M    M   2        30 200
 5  42  10  26 -10  39   0 0.48    M    0 13.9 36 320   M    M  10 1      39 320
 6  10  -4   3 -33  62   0    T    M    0 14.4 28 320   M    M   5 1      34 320
 7  17  -3   7 -29  58   0 0.00  0.0    0 10.7 15 180   M    M   1        21 170
 8  33  15  24 -12  41   0    T    M    0  7.0 12 190   M    M   4         M  M
 9  37  29  33  -3  32   0 0.01    M    0  6.2  9 150   M    M  10 16      M  M
10  49  35  42   6  23   0 0.77  0.0    0  8.3 15 150   M    M  10 13     18 240
11  50  34  42   6  23   0 0.14  0.0    0 11.2 17 270   M    M   6 13     23 280
12  51  27  39   3  26   0 0.00  0.0    0  8.9 15 180   M    M   0        18 160
13  49  40  45   9  20   0 0.08  0.0    0 11.6 18 200   M    M   6 1      23 190
14  54  27  41   5  24   0    T    M    0  8.1 23 320   M    M   2 1      28 320
15  32  19  26 -10  39   0    T    M    0  7.9 17 300   M    M   6 1      21 290
16  39  19  29  -7  36   0    T    M    0 10.4 19 190   M    M   6 1      23 190
17  34  18  26 -10  39   0    T    M    0 12.0 21 300   M    M   9 1      25 280
18  37  12  25 -11  40   0    T    M    M 10.2 24 170   M    M   6        29 170
19  40  25  33  -3  32   0    T    M    0 12.5 24 320   M    M   5        29 320
20  51  31  41   5  24   0 0.00  0.0    0  6.6 18 230   M    M   0        23 240
21  36  10  23 -13  42   0    T    M    M 12.7 28 350   M    M   6 1      36 360
22  23   7  15 -21  50   0    T    M    M  9.0 20 330   M    M   7 1      25 330
23  20   4  12 -24  53   0    T    T    0 11.2 25 330   M    M   3        30 320
24  26   1  14 -22  51   0 0.00  0.0    0 11.4 26 200   M    M   0        31 220
25  43  18  31  -5  34   0    T    M    0 15.4 33 220   M    M   5 1      40 220
26  56  16  36   0  29   0 0.00  0.0    0 11.9 25 240   M    M   4        33 230
27  43   7  25 -11  40   0 0.00  0.0    0 14.4 29 330   M    M   4        37 330
28  14   2   8 -28  57   0 0.00  0.0    M  5.8 12  20   M    M   0        15  20
29  27   1  14 -23  51   0 0.00  0.0    M  6.2 16 230   M    M   0        22 230
30  38  11  25 -12  40   0 0.00  0.0    M   M   M   M   M    M   0         M 190
31  46  25  36  -1  29   0    T    M    M  6.9 14 170   M    M   5 1      20 190
================================================================================
SM 1146  508      1183   0  1.52    T    309.1          M      131
================================================================================
AV 37.0 16.4                              10.3 FASTST   M    M   4    MAX(MPH)
                                 MISC ---->  # 36 320               # 40  220
================================================================================
NOTES:
# LAST OF SEVERAL OCCURRENCES

COLUMN 17 PEAK WIND IN M.P.H.

PRELIMINARY LOCAL CLIMATOLOGICAL DATA (WS FORM: F-6) , PAGE 2

                                          STATION:  OWENSBORO KY
                                          MONTH:    JANUARY
                                          YEAR:     2014
                                          LATITUDE:   37 45 N
                                          LONGITUDE:  87 10 W

[TEMPERATURE DATA]      [PRECIPITATION DATA]       SYMBOLS USED IN COLUMN 16

AVERAGE MONTHLY: 26.7   TOTAL FOR MONTH:   1.52    1 = FOG OR MIST
DPTR FM NORMAL:  -9.3   DPTR FM NORMAL:   -1.89    2 = FOG REDUCING VISIBILITY
HIGHEST:    56 ON 26    GRTST 24HR  0.77 ON 10-10      TO 1/4 MILE OR LESS
LOWEST:     -4 ON  6                               3 = THUNDER
                        SNOW, ICE PELLETS, HAIL    4 = ICE PELLETS
                        TOTAL MONTH:    T          5 = HAIL
                        GRTST 24HR    T  ON 23-23  6 = FREEZING RAIN OR DRIZZLE
                        GRTST DEPTH:   0           7 = DUSTSTORM OR SANDSTORM:
                                                       VSBY 1/2 MILE OR LESS
                                                   8 = SMOKE OR HAZE
[NO. OF DAYS WITH]      [WEATHER - DAYS WITH]      9 = BLOWING SNOW
                                                   X = TORNADO
MAX 32 OR BELOW:   9    0.01 INCH OR MORE:   7
MAX 90 OR ABOVE:   0    0.10 INCH OR MORE:   3
MIN 32 OR BELOW:  28    0.50 INCH OR MORE:   1
MIN  0 OR BELOW:   2    1.00 INCH OR MORE:   0

[HDD (BASE 65) ]
TOTAL THIS MO.  1183    CLEAR  (SCALE 0-3)  12
DPTR FM NORMAL   282    PTCLDY (SCALE 4-7)  14
TOTAL FM JUL 1  3037    CLOUDY (SCALE 8-10)  5
DPTR FM NORMAL   645

[CDD (BASE 65) ]
TOTAL THIS MO.     0
DPTR FM NORMAL     0    [PRESSURE DATA]
TOTAL FM JAN 1     0    HIGHEST SLP M ON M
DPTR FM NORMAL     0    LOWEST  SLP M ON M

[REMARKS]
#FINAL-01-14#
