000
CXUS53 KPAH 010730
CF6OWB
PRELIMINARY LOCAL CLIMATOLOGICAL DATA (WS FORM: F-6)
STATION: OWENSBORO KY
MONTH: AUGUST
YEAR: 2023
LATITUDE: 37 45 N
LONGITUDE: 87 10 W
TEMPERATURE IN F: :PCPN: SNOW: WIND :SUNSHINE: SKY :PK WND
================================================================================
1 2 3 4 5 6A 6B 7 8 9 10 11 12 13 14 15 16 17 18
12Z AVG MX 2MIN
DY MAX MIN AVG DEP HDD CDD WTR SNW DPTH SPD SPD DIR MIN PSBL S-S WX SPD DR
================================================================================
1 85 65 75 -5 0 10 0.00 M M 4.9 13 100 M M 0 17 50
2 80 63 72 -8 0 7 0.02 M M 3.7 12 170 M M 2 1 15 170
3 80 70 75 -5 0 10 0.67 M M 5.1 16 320 M M 8 123 20 320
4 87 68 78 -2 0 13 0.02 M M 3.8 12 100 M M 6 128 16 150
5 85 72 79 -1 0 14 0.18 M M 8.2 28 240 M M 5 3 35 240
6 87 72 80 0 0 15 0.04 M M 7.4 13 220 M M 4 17 270
7 82 69 76 -4 0 11 0.20 M M 9.8 23 290 M M 7 138 28 280
8 82 64 73 -7 0 8 0.00 M M 4.8 14 220 M M 4 1 16 230
9 81 66 74 -6 0 9 0.05 M M 6.4 17 190 M M 6 13 21 190
10 83 69 76 -4 0 11 0.02 M M 4.2 13 260 M M 7 1 17 290
11 87 66 77 -3 0 12 0.00 M M 4.2 14 220 M M 1 1 17 230
12 87 71 79 0 0 14 0.05 M M 6.7 17 250 M M 3 3 21 250
13 90 70 80 1 0 15 M M M 3.5 10 160 M M 5 123 13 170
14 85 68 77 -2 0 12 1.69 M M 8.1 21 300 M M 7 13 28 300
15 77 64 71 -8 0 6 0.00 M M 7.6 17 330 M M 5 21 310
16 81 62 72 -7 0 7 0.00 M M 4.2 13 20 M M 2 15 10
17 83 61 72 -7 0 7 0.00 M M 7.1 18 230 M M 3 1 22 220
18 80 60 70 -9 0 5 0.00 M M 4.7 12 310 M M 0 8 15 20
19 85 60 73 -6 0 8 0.00 M M 4.3 13 180 M M 0 15 180
20 91 67 79 0 0 14 0.00 M M 5.4 13 210 M M 0 16 230
21 93 76 85 6 0 20 0.00 M M 2.1 8 160 M M 5 12 140
22 93 76 85 6 0 20 0.00 M M 4.0 12 30 M M 3 128 15 40
23 93 73 83 4 0 18 0.00 M M 2.4 9 230 M M 0 18 12 230
24 95 74 85 6 0 20 0.00 M M 5.4 14 250 M M 1 18 15 250
25 97 74 86 8 0 21 0.00 M M 6.4 15 140 M M 0 1 17 150
26 88 72 80 2 0 15 0.60 M M 5.7 30 20 M M 3 13 39 10
27 82 71 77 -1 0 12 0.00 M M 9.2 17 60 M M 4 8 21 70
28 83 67 75 -3 0 10 0.00 M M 7.5 14 60 M M 1 17 70
29 81 62 72 -6 0 7 0.00 M M 4.0 13 330 M M 0 18 340
30 80 63 72 -6 0 7 0.00 M M 8.4 16 10 M M 1 22 30
31 78 59 69 -8 0 4 0.00 M M 7.2 15 40 M M 1 18 70
================================================================================
SM 2641 2094 0 362 3.54 M 176.4 M 94
================================================================================
AV 85.2 67.5 5.7 FASTST M M 3 MAX(MPH)
MISC ----> 30 20 39 10
================================================================================
NOTES:
# LAST OF SEVERAL OCCURRENCES
COLUMN 17 PEAK WIND IN M.P.H.
PRELIMINARY LOCAL CLIMATOLOGICAL DATA (WS FORM: F-6) , PAGE 2
STATION: OWENSBORO KY
MONTH: AUGUST
YEAR: 2023
LATITUDE: 37 45 N
LONGITUDE: 87 10 W
[TEMPERATURE DATA] [PRECIPITATION DATA] SYMBOLS USED IN COLUMN 16
AVERAGE MONTHLY: 76.4 TOTAL FOR MONTH: 3.54 1 = FOG OR MIST
DPTR FM NORMAL: -2.6 DPTR FM NORMAL: 0.23 2 = FOG REDUCING VISIBILITY
HIGHEST: 97 ON 25 GRTST 24HR 1.69 ON 14-15 TO 1/4 MILE OR LESS
LOWEST: 59 ON 31 3 = THUNDER
SNOW, ICE PELLETS, HAIL 4 = ICE PELLETS
TOTAL MONTH: M 5 = HAIL
GRTST 24HR M ON M 6 = FREEZING RAIN OR DRIZZLE
GRTST DEPTH: M ON M 7 = DUSTSTORM OR SANDSTORM:
VSBY 1/2 MILE OR LESS
8 = SMOKE OR HAZE
[NO. OF DAYS WITH] [WEATHER - DAYS WITH] 9 = BLOWING SNOW
X = TORNADO
MAX 32 OR BELOW: 0 0.01 INCH OR MORE: 11
MAX 90 OR ABOVE: 7 0.10 INCH OR MORE: 5
MIN 32 OR BELOW: 0 0.50 INCH OR MORE: 3
MIN 0 OR BELOW: 0 1.00 INCH OR MORE: 1
[HDD (BASE 65) ]
TOTAL THIS MO. 0 CLEAR (SCALE 0-3) 17
DPTR FM NORMAL -1 PTCLDY (SCALE 4-7) 14
TOTAL FM JUL 1 0 CLOUDY (SCALE 8-10) 0
DPTR FM NORMAL 0
[CDD (BASE 65) ]
TOTAL THIS MO. 362
DPTR FM NORMAL -72 [PRESSURE DATA]
TOTAL FM JAN 1 1177 HIGHEST SLP 30.20 ON 1
DPTR FM NORMAL -287 LOWEST SLP 29.73 ON 10
[REMARKS]
#FINAL-08-23#