000
CXUS51 KLWX 280815
CF6BWI
PRELIMINARY LOCAL CLIMATOLOGICAL DATA (WS FORM: F-6)
STATION: BALTIMORE MD
MONTH: MARCH
YEAR: 2024
LATITUDE: 39 10 N
LONGITUDE: 76 40 W
TEMPERATURE IN F: :PCPN: SNOW: WIND :SUNSHINE: SKY :PK WND
================================================================================
1 2 3 4 5 6A 6B 7 8 9 10 11 12 13 14 15 16 17 18
12Z AVG MX 2MIN
DY MAX MIN AVG DEP HDD CDD WTR SNW DPTH SPD SPD DIR MIN PSBL S-S WX SPD DR
================================================================================
1 50 26 38 -2 27 0 0.03 0.0 0 5.9 18 110 M M 6 26 130
2 56 40 48 8 17 0 1.02 0.0 0 8.1 16 290 M M 9 1 23 340
3 68 36 52 12 13 0 0.00 0.0 0 3.5 12 250 M M 3 1 17 230
4 67 47 57 16 8 0 T 0.0 0 6.6 17 100 M M 8 22 90
5 55 46 51 10 14 0 0.49 0.0 0 7.1 17 60 M M 10 1 26 30
6 53 45 49 8 16 0 0.35 0.0 0 6.2 14 50 M M 10 12 20 350
7 64 49 57 15 8 0 0.03 0.0 0 8.7 20 340 M M 7 32 330
8 56 43 50 8 15 0 0.00 0.0 0 7.6 18 120 M M 8 23 120
9 51 42 47 5 18 0 1.08 0.0 0 9.1 17 100 M M 10 13 23 100
10 49 35 42 0 23 0 0.01 T 0 19.5 36 270 M M 8 53 290
11 56 37 47 4 18 0 0.00 0.0 0 17.7 32 300 M M 2 48 300
12 73 44 59 16 6 0 0.00 0.0 0 10.4 21 280 M M 4 31 270
13 74 40 57 14 8 0 0.00 0.0 0 4.8 16 240 M M 5 21 240
14 80 44 62 18 3 0 0.00 0.0 0 4.6 15 240 M M 5 21 240
15 75 53 64 20 1 0 0.01 0.0 0 9.3 23 280 M M 10 33 300
16 64 41 53 9 12 0 0.00 0.0 0 6.3 17 250 M M 3 26 260
17 70 48 59 15 6 0 0.00 0.0 0 7.1 22 340 M M 7 33 270
18 52 35 44 -1 21 0 0.00 0.0 0 12.9 25 320 M M 5 39 330
19 52 32 42 -3 23 0 0.00 0.0 0 9.9 22 300 M M 6 37 280
20 68 37 53 7 12 0 0.00 0.0 0 13.8 32 290 M M 4 45 290
21 49 28 39 -7 26 0 0.00 0.0 0 8.5 21 280 M M 2 28 280
22 49 29 39 -7 26 0 T 0.0 0 8.4 16 80 M M 7 21 40
23 56 34 45 -1 20 0 1.53 0.0 0 13.3 29 310 M M 8 1 39 300
24 51 28 40 -7 25 0 0.00 0.0 0 6.4 22 340 M M 0 29 330
25 53 31 42 -5 23 0 0.00 0.0 0 6.6 16 70 M M 1 22 80
26 56 32 44 -4 21 0 0.00 0.0 0 6.2 14 120 M M 8 18 120
27 48 44 46 -2 19 0 0.82 0.0 0 4.1 15 120 M M 10 1 20 120
================================================================================
SM 1595 1046 429 0 5.37 T 232.6 M 166
================================================================================
AV 59.1 38.7 8.6 FASTST M M 6 MAX(MPH)
MISC ----> 36 270 53 290
================================================================================
NOTES:
# LAST OF SEVERAL OCCURRENCES
COLUMN 17 PEAK WIND IN M.P.H.
PRELIMINARY LOCAL CLIMATOLOGICAL DATA (WS FORM: F-6) , PAGE 2
STATION: BALTIMORE MD
MONTH: MARCH
YEAR: 2024
LATITUDE: 39 10 N
LONGITUDE: 76 40 W
[TEMPERATURE DATA] [PRECIPITATION DATA] SYMBOLS USED IN COLUMN 16
AVERAGE MONTHLY: 48.9 TOTAL FOR MONTH: 5.37 1 = FOG OR MIST
DPTR FM NORMAL: 5.2 DPTR FM NORMAL: 1.86 2 = FOG REDUCING VISIBILITY
HIGHEST: 80 ON 14 GRTST 24HR 1.53 ON 22-23 TO 1/4 MILE OR LESS
LOWEST: 26 ON 1 3 = THUNDER
SNOW, ICE PELLETS, HAIL 4 = ICE PELLETS
TOTAL MONTH: T 5 = HAIL
GRTST 24HR T ON 10-10 6 = FREEZING RAIN OR DRIZZLE
GRTST DEPTH: 0 7 = DUSTSTORM OR SANDSTORM:
VSBY 1/2 MILE OR LESS
8 = SMOKE OR HAZE
[NO. OF DAYS WITH] [WEATHER - DAYS WITH] 9 = BLOWING SNOW
X = TORNADO
MAX 32 OR BELOW: 0 0.01 INCH OR MORE: 10
MAX 90 OR ABOVE: 0 0.10 INCH OR MORE: 6
MIN 32 OR BELOW: 7 0.50 INCH OR MORE: 4
MIN 0 OR BELOW: 0 1.00 INCH OR MORE: 3
[HDD (BASE 65) ]
TOTAL THIS MO. 429 CLEAR (SCALE 0-3) 6
DPTR FM NORMAL -149 PTCLDY (SCALE 4-7) 14
TOTAL FM JUL 1 3318 CLOUDY (SCALE 8-10) 7
DPTR FM NORMAL -665
[CDD (BASE 65) ]
TOTAL THIS MO. 0
DPTR FM NORMAL 0 [PRESSURE DATA]
TOTAL FM JAN 1 0 HIGHEST SLP M ON M
DPTR FM NORMAL 0 LOWEST SLP 29.51 ON 9
[REMARKS]