000
CXUS52 KKEY 290600
CF6EYW
PRELIMINARY LOCAL CLIMATOLOGICAL DATA (WS FORM: F-6)
STATION: KEY WEST
MONTH: MARCH
YEAR: 2024
LATITUDE: 24 32 N
LONGITUDE: 81 45 W
TEMPERATURE IN F: :PCPN: SNOW: WIND :SUNSHINE: SKY :PK WND
================================================================================
1 2 3 4 5 6A 6B 7 8 9 10 11 12 13 14 15 16 17 18
12Z AVG MX 2MIN
DY MAX MIN AVG DEP HDD CDD WTR SNW DPTH SPD SPD DIR MIN PSBL S-S WX SPD DR
================================================================================
1 79 73 76 3 0 11 0.00 0.0 0 10.7 20 100 M M 3 26 130
2 80 73 77 4 0 12 0.00 0.0 0 9.0 15 100 M M 4 20 150
3 80 75 78 5 0 13 0.00 0.0 0 5.6 12 110 M M 1 16 170
4 81 73 77 3 0 12 0.00 0.0 0 7.7 14 110 M M 1 20 130
5 82 74 78 4 0 13 0.00 0.0 0 8.8 15 100 M M 1 23 140
6 81 73 77 3 0 12 0.01 0.0 0 4.5 17 160 M M 3 13 23 160
7 83 73 78 4 0 13 0.30 0.0 0 5.2 23 160 M M 2 138 34 160
8 83 75 79 5 0 14 0.00 0.0 0 9.4 14 120 M M 1 26 190
9 83 78 81 7 0 16 0.00 0.0 0 8.8 13 150 M M 2 20 160
10 84 72 78 4 0 13 T 0.0 0 10.7 18 350 M M 5 27 360
11 82 69 76 2 0 11 0.00 0.0 0 12.6 21 360 M M 3 29 350
12 81 72 77 3 0 12 0.00 0.0 0 9.9 17 110 M M 1 27 110
13 83 76 80 6 0 15 0.00 0.0 0 8.1 13 110 M M 2 21 140
14 84 76 80 6 0 15 0.00 0.0 0 11.5 20 100 M M 1 28 110
15 83 76 80 6 0 15 0.00 0.0 0 12.4 18 100 M M 2 27 130
16 84 77 81 7 0 16 0.00 0.0 0 8.1 13 160 M M 1 24 170
17 84 77 81 7 0 16 0.00 0.0 0 8.6 14 160 M M 2 25 170
18 85 78 82 8 0 17 0.06 0.0 0 8.2 13 340 M M 3 18 19 180
19 80 72 76 1 0 11 2.25 0.0 0 9.8 29 360 M M 5 138 46 10
20 81 72 77 2 0 12 0.00 0.0 0 9.8 18 100 M M 7 25 100
21 83 76 80 5 0 15 0.00 0.0 0 14.1 25 110 M M 4 34 100
22 79 70 75 0 0 10 1.93 0.0 0 16.7 31 150 M M 7 13 43 140
23 81 72 77 2 0 12 0.34 0.0 0 12.9 37 220 M M 7 138 52 210
24 79 69 74 -1 0 9 0.00 0.0 0 8.1 16 340 M M 2 24 350
25 81 71 76 1 0 11 0.00 0.0 0 16.6 25 110 M M 2 36 120
26 82 75 79 4 0 14 0.00 0.0 0 16.3 23 130 M M 2 35 160
27 83 77 80 5 0 15 0.00 0.0 0 12.7 18 120 M M 3 22 170
28 83 71 77 1 0 12 0.04 0.0 0 17.3 29 200 M M 5 138 40 330
================================================================================
SM 2294 2065 0 367 4.93 0.0 294.1 M 82
================================================================================
AV 81.9 73.8 10.5 FASTST M M 3 MAX(MPH)
MISC ----> 37 220 52 210
================================================================================
NOTES:
# LAST OF SEVERAL OCCURRENCES
COLUMN 17 PEAK WIND IN M.P.H.
PRELIMINARY LOCAL CLIMATOLOGICAL DATA (WS FORM: F-6) , PAGE 2
STATION: KEY WEST
MONTH: MARCH
YEAR: 2024
LATITUDE: 24 32 N
LONGITUDE: 81 45 W
[TEMPERATURE DATA] [PRECIPITATION DATA] SYMBOLS USED IN COLUMN 16
AVERAGE MONTHLY: 77.8 TOTAL FOR MONTH: 4.93 1 = FOG OR MIST
DPTR FM NORMAL: 3.6 DPTR FM NORMAL: 3.55 2 = FOG REDUCING VISIBILITY
HIGHEST: 85 ON 18 GRTST 24HR 2.31 ON 18-19 TO 1/4 MILE OR LESS
LOWEST: 69 ON 24,11 3 = THUNDER
SNOW, ICE PELLETS, HAIL 4 = ICE PELLETS
TOTAL MONTH: 0.0 INCH 5 = HAIL
GRTST 24HR 0.0 6 = FREEZING RAIN OR DRIZZLE
GRTST DEPTH: 0 7 = DUSTSTORM OR SANDSTORM:
VSBY 1/2 MILE OR LESS
8 = SMOKE OR HAZE
[NO. OF DAYS WITH] [WEATHER - DAYS WITH] 9 = BLOWING SNOW
X = TORNADO
MAX 32 OR BELOW: 0 0.01 INCH OR MORE: 7
MAX 90 OR ABOVE: 0 0.10 INCH OR MORE: 4
MIN 32 OR BELOW: 0 0.50 INCH OR MORE: 2
MIN 0 OR BELOW: 0 1.00 INCH OR MORE: 2
[HDD (BASE 65) ]
TOTAL THIS MO. 0 CLEAR (SCALE 0-3) 20
DPTR FM NORMAL 0 PTCLDY (SCALE 4-7) 8
TOTAL FM JUL 1 7 CLOUDY (SCALE 8-10) 0
DPTR FM NORMAL -35
[CDD (BASE 65) ]
TOTAL THIS MO. 367
DPTR FM NORMAL 102 [PRESSURE DATA]
TOTAL FM JAN 1 730 HIGHEST SLP M ON M
DPTR FM NORMAL 54 LOWEST SLP 29.72 ON 23
[REMARKS]