000
CXUS53 KBIS 260830
CF6HEI
PRELIMINARY LOCAL CLIMATOLOGICAL DATA (WS FORM: F-6)
STATION: HETTINGER ND
MONTH: APRIL
YEAR: 2024
LATITUDE: 46 0 N
LONGITUDE: 102 39 W
TEMPERATURE IN F: :PCPN: SNOW: WIND :SUNSHINE: SKY :PK WND
================================================================================
1 2 3 4 5 6A 6B 7 8 9 10 11 12 13 14 15 16 17 18
12Z AVG MX 2MIN
DY MAX MIN AVG DEP HDD CDD WTR SNW DPTH SPD SPD DIR MIN PSBL S-S WX SPD DR
================================================================================
1 42 26 34 -2 31 0 M M M 6.3 13 290 M M 7 1 18 180
2 53 24 39 2 26 0 0.00 M M 10.2 25 330 M M 1 35 340
3 63 19 41 4 24 0 0.00 M M 6.0 14 130 M M 0 20 130
4 63 31 47 10 18 0 0.00 M M 14.8 26 120 M M 0 33 130
5 59 38 49 11 16 0 0.00 M M 21.3 38 130 M M 0 55 120
6 60 38 49 11 16 0 T M M 18.8 30 100 M M 3 43 120
7 45 33 39 1 26 0 M M M 9.3 17 40 M M 10 1 23 70
8 51 33 42 3 23 0 0.01 M M 11.1 23 280 M M 10 1 27 280
9 62 32 47 8 18 0 0.00 M M 13.2 26 290 M M 2 36 290
10 51 29 40 1 25 0 0.00 M M 19.9 39 300 M M 5 61 310
11 57 21 39 -1 26 0 0.00 M M 11.2 26 320 M M 0 37 310
12 73 20 47 7 18 0 0.00 M M 11.6 25 190 M M 0 37 160
13 83 39 61 21 4 0 0.00 M M 9.0 25 310 M M 0 32 320
14 73 31 52 11 13 0 0.00 M M 12.0 24 130 M M 1 32 130
15 74 48 61 20 4 0 0.02 M M 20.0 38 140 M M 2 54 130
16 56 35 46 5 19 0 0.24 M M 14.2 25 330 M M 6 1 32 330
17 52 32 42 0 23 0 0.00 M M 22.7 32 300 M M 6 49 300
18 44 25 35 -7 30 0 T M M 24.2 37 300 M M 4 8 50 310
19 38 22 30 -12 35 0 T M M 19.9 32 300 M M 7 43 320
20 50 22 36 -7 29 0 0.00 M M 10.0 20 290 M M 4 24 290
21 66 16 41 -2 24 0 0.00 M M 8.7 22 200 M M 0 32 200
22 63 36 50 7 15 0 T M M 21.2 40 300 M M 3 58 300
23 62 28 45 1 20 0 0.00 M M 10.4 23 320 M M 0 37 310
24 72 26 49 5 16 0 0.00 M M 12.4 26 130 M M 0 37 130
25 72 30 51 7 14 0 0.06 M M 8.4 24 140 M M 3 123 32 140
================================================================================
SM 1484 734 513 0 0.33 M 346.8 M 74
================================================================================
AV 59.4 29.4 13.9 FASTST M M 3 MAX(MPH)
MISC ----> 40 300 61 310
================================================================================
NOTES:
# LAST OF SEVERAL OCCURRENCES
COLUMN 17 PEAK WIND IN M.P.H.
PRELIMINARY LOCAL CLIMATOLOGICAL DATA (WS FORM: F-6) , PAGE 2
STATION: HETTINGER ND
MONTH: APRIL
YEAR: 2024
LATITUDE: 46 0 N
LONGITUDE: 102 39 W
[TEMPERATURE DATA] [PRECIPITATION DATA] SYMBOLS USED IN COLUMN 16
AVERAGE MONTHLY: 44.4 TOTAL FOR MONTH: 0.33 1 = FOG OR MIST
DPTR FM NORMAL: 4.0 DPTR FM NORMAL: -0.47 2 = FOG REDUCING VISIBILITY
HIGHEST: 83 ON 13 GRTST 24HR 0.26 ON 15-16 TO 1/4 MILE OR LESS
LOWEST: 16 ON 21 3 = THUNDER
SNOW, ICE PELLETS, HAIL 4 = ICE PELLETS
TOTAL MONTH: M 5 = HAIL
GRTST 24HR M ON M 6 = FREEZING RAIN OR DRIZZLE
GRTST DEPTH: M ON M 7 = DUSTSTORM OR SANDSTORM:
VSBY 1/2 MILE OR LESS
8 = SMOKE OR HAZE
[NO. OF DAYS WITH] [WEATHER - DAYS WITH] 9 = BLOWING SNOW
X = TORNADO
MAX 32 OR BELOW: 0 0.01 INCH OR MORE: 4
MAX 90 OR ABOVE: 0 0.10 INCH OR MORE: 1
MIN 32 OR BELOW: 17 0.50 INCH OR MORE: 0
MIN 0 OR BELOW: 0 1.00 INCH OR MORE: 0
[HDD (BASE 65) ]
TOTAL THIS MO. 513 CLEAR (SCALE 0-3) 14
DPTR FM NORMAL -105 PTCLDY (SCALE 4-7) 9
TOTAL FM JUL 1 7046 CLOUDY (SCALE 8-10) 2
DPTR FM NORMAL -917
[CDD (BASE 65) ]
TOTAL THIS MO. 0
DPTR FM NORMAL 0 [PRESSURE DATA]
TOTAL FM JAN 1 0 HIGHEST SLP M ON M
DPTR FM NORMAL 0 LOWEST SLP 29.51 ON 6
[REMARKS]