000
CXUS56 KMFR 190930
CF6LMT
PRELIMINARY LOCAL CLIMATOLOGICAL DATA (WS FORM: F-6)
STATION: KLAMATH FALLS OR
MONTH: APRIL
YEAR: 2024
LATITUDE: 42 9 N
LONGITUDE: 121 44 W
TEMPERATURE IN F: :PCPN: SNOW: WIND :SUNSHINE: SKY :PK WND
================================================================================
1 2 3 4 5 6A 6B 7 8 9 10 11 12 13 14 15 16 17 18
12Z AVG MX 2MIN
DY MAX MIN AVG DEP HDD CDD WTR SNW DPTH SPD SPD DIR MIN PSBL S-S WX SPD DR
================================================================================
1 67 22 45 4 20 0 0.00 M M 5.3 18 330 M M 0 23 330
2 72 29 51 10 14 0 0.00 M M 5.6 20 260 M M 0 25 260
3 54 34 44 3 21 0 0.10 M M 7.5 36 270 M M 8 13 44 270
4 45 29 37 -4 28 0 T M M 8.7 23 310 M M 6 29 310
5 41 23 32 -9 33 0 T M M 8.7 20 300 M M 6 24 290
6 46 22 34 -7 31 0 0.00 M M 7.3 17 310 M M 6 22 310
7 49 26 38 -4 27 0 0.07 M M 4.5 17 310 M M 6 1 23 310
8 59 21 40 -2 25 0 0.00 M M 2.3 14 310 M M 0 17 300
9 66 26 46 4 19 0 0.00 M M 4.9 17 320 M M 0 1 22 320
10 68 24 46 4 19 0 0.00 M M 3.2 15 330 M M 0 19 270
11 69 29 49 7 16 0 0.00 M M 5.4 23 270 M M 1 31 280
12 54 31 43 1 22 0 0.04 M M 5.3 17 190 M M 7 23 180
13 54 39 47 5 18 0 0.36 M M 8.9 23 320 M M 8 1 34 330
14 46 34 40 -3 25 0 0.65 M M 9.4 30 90 M M 9 1 41 80
15 57 32 45 2 20 0 0.00 M M 5.1 16 260 M M 2 27 310
16 59 27 43 0 22 0 0.00 M M 6.8 23 280 M M 1 1 31 280
17 57 25 41 -2 24 0 0.00 M M 6.0 15 60 M M 0 19 60
18 65 27 46 2 19 0 0.00 M M 4.1 17 330 M M 0 22 330
================================================================================
SM 1028 500 403 0 1.22 M 109.0 M 60
================================================================================
AV 57.1 27.8 6.1 FASTST M M 3 MAX(MPH)
MISC ----> 36 270 44 270
================================================================================
NOTES:
# LAST OF SEVERAL OCCURRENCES
COLUMN 17 PEAK WIND IN M.P.H.
PRELIMINARY LOCAL CLIMATOLOGICAL DATA (WS FORM: F-6) , PAGE 2
STATION: KLAMATH FALLS OR
MONTH: APRIL
YEAR: 2024
LATITUDE: 42 9 N
LONGITUDE: 121 44 W
[TEMPERATURE DATA] [PRECIPITATION DATA] SYMBOLS USED IN COLUMN 16
AVERAGE MONTHLY: 42.4 TOTAL FOR MONTH: 1.22 1 = FOG OR MIST
DPTR FM NORMAL: 0.4 DPTR FM NORMAL: 0.59 2 = FOG REDUCING VISIBILITY
HIGHEST: 72 ON 2 GRTST 24HR 0.95 ON 13-14 TO 1/4 MILE OR LESS
LOWEST: 21 ON 8 3 = THUNDER
SNOW, ICE PELLETS, HAIL 4 = ICE PELLETS
TOTAL MONTH: M 5 = HAIL
GRTST 24HR M ON M 6 = FREEZING RAIN OR DRIZZLE
GRTST DEPTH: M ON M 7 = DUSTSTORM OR SANDSTORM:
VSBY 1/2 MILE OR LESS
8 = SMOKE OR HAZE
[NO. OF DAYS WITH] [WEATHER - DAYS WITH] 9 = BLOWING SNOW
X = TORNADO
MAX 32 OR BELOW: 0 0.01 INCH OR MORE: 5
MAX 90 OR ABOVE: 0 0.10 INCH OR MORE: 3
MIN 32 OR BELOW: 15 0.50 INCH OR MORE: 1
MIN 0 OR BELOW: 0 1.00 INCH OR MORE: 0
[HDD (BASE 65) ]
TOTAL THIS MO. 403 CLEAR (SCALE 0-3) 10
DPTR FM NORMAL -11 PTCLDY (SCALE 4-7) 7
TOTAL FM JUL 1 5429 CLOUDY (SCALE 8-10) 1
DPTR FM NORMAL -426
[CDD (BASE 65) ]
TOTAL THIS MO. 0
DPTR FM NORMAL 0 [PRESSURE DATA]
TOTAL FM JAN 1 0 HIGHEST SLP M ON M
DPTR FM NORMAL 0 LOWEST SLP 29.58 ON 4
[REMARKS]