000
CXUS56 KMFR 240930
CF6OTH
PRELIMINARY LOCAL CLIMATOLOGICAL DATA (WS FORM: F-6)
STATION: NORTH BEND OR
MONTH: APRIL
YEAR: 2024
LATITUDE: 43 25 N
LONGITUDE: 124 15 W
TEMPERATURE IN F: :PCPN: SNOW: WIND :SUNSHINE: SKY :PK WND
================================================================================
1 2 3 4 5 6A 6B 7 8 9 10 11 12 13 14 15 16 17 18
12Z AVG MX 2MIN
DY MAX MIN AVG DEP HDD CDD WTR SNW DPTH SPD SPD DIR MIN PSBL S-S WX SPD DR
================================================================================
1 59 41 50 1 15 0 0.00 M M 7.2 18 350 M M 3 1 22 340
2 54 46 50 1 15 0 0.06 M M 6.6 17 350 M M 10 12 21 340
3 51 42 47 -2 18 0 0.13 M M 5.9 15 340 M M 10 1 17 340
4 51 38 45 -4 20 0 0.07 M M 7.6 23 10 M M 8 30 360
5 52 37 45 -4 20 0 0.06 M M 8.1 20 260 M M 8 22 270
6 53 41 47 -2 18 0 0.16 M M 9.3 21 220 M M 9 1 28 220
7 53 41 47 -3 18 0 0.05 M M 6.9 13 300 M M 7 16 300
8 57 40 49 -1 16 0 0.00 M M 8.1 15 270 M M 8 17 260
9 58 44 51 1 14 0 0.02 M M 8.1 20 360 M M 7 1 22 10
10 56 37 47 -3 18 0 0.00 M M 8.7 24 350 M M 2 12 29 350
11 54 46 50 0 15 0 0.03 M M 6.8 14 260 M M 7 17 270
12 58 47 53 3 12 0 0.26 M M 7.3 23 360 M M 9 1 25 10
13 55 51 53 3 12 0 0.02 M M 4.6 15 350 M M 9 1 18 340
14 54 49 52 2 13 0 0.00 M M 11.1 17 330 M M 10 21 330
15 55 43 49 -1 16 0 T M M 10.4 22 350 M M 7 1 26 360
16 55 39 47 -3 18 0 0.00 M M 12.6 29 10 M M 2 35 10
17 56 38 47 -3 18 0 0.00 M M 12.5 30 350 M M 0 38 360
18 64 36 50 0 15 0 0.00 M M 8.8 26 360 M M 0 32 360
19 65 43 54 3 11 0 0.00 M M 6.7 14 360 M M 0 16 340
20 60 41 51 0 14 0 0.03 M M 8.5 28 220 M M 5 1 33 220
21 59 39 49 -2 16 0 0.00 M M 12.3 32 10 M M 1 37 10
22 60 41 51 0 14 0 T M M 13.5 27 350 M M 0 36 360
23 58 42 50 -1 15 0 0.00 M M 8.0 17 340 M M 8 1 23 340
================================================================================
SM 1297 962 361 0 0.89 M 199.6 M 130
================================================================================
AV 56.4 41.8 8.7 FASTST M M 6 MAX(MPH)
MISC ----> 32 10 38 360
================================================================================
NOTES:
# LAST OF SEVERAL OCCURRENCES
COLUMN 17 PEAK WIND IN M.P.H.
PRELIMINARY LOCAL CLIMATOLOGICAL DATA (WS FORM: F-6) , PAGE 2
STATION: NORTH BEND OR
MONTH: APRIL
YEAR: 2024
LATITUDE: 43 25 N
LONGITUDE: 124 15 W
[TEMPERATURE DATA] [PRECIPITATION DATA] SYMBOLS USED IN COLUMN 16
AVERAGE MONTHLY: 49.1 TOTAL FOR MONTH: 0.89 1 = FOG OR MIST
DPTR FM NORMAL: -0.8 DPTR FM NORMAL: -3.58 2 = FOG REDUCING VISIBILITY
HIGHEST: 65 ON 19 GRTST 24HR 0.27 ON 11-12 TO 1/4 MILE OR LESS
LOWEST: 36 ON 18 3 = THUNDER
SNOW, ICE PELLETS, HAIL 4 = ICE PELLETS
TOTAL MONTH: M 5 = HAIL
GRTST 24HR M ON M 6 = FREEZING RAIN OR DRIZZLE
GRTST DEPTH: M ON M 7 = DUSTSTORM OR SANDSTORM:
VSBY 1/2 MILE OR LESS
8 = SMOKE OR HAZE
[NO. OF DAYS WITH] [WEATHER - DAYS WITH] 9 = BLOWING SNOW
X = TORNADO
MAX 32 OR BELOW: 0 0.01 INCH OR MORE: 11
MAX 90 OR ABOVE: 0 0.10 INCH OR MORE: 3
MIN 32 OR BELOW: 0 0.50 INCH OR MORE: 0
MIN 0 OR BELOW: 0 1.00 INCH OR MORE: 0
[HDD (BASE 65) ]
TOTAL THIS MO. 361 CLEAR (SCALE 0-3) 8
DPTR FM NORMAL 14 PTCLDY (SCALE 4-7) 8
TOTAL FM JUL 1 3221 CLOUDY (SCALE 8-10) 7
DPTR FM NORMAL -493
[CDD (BASE 65) ]
TOTAL THIS MO. 0
DPTR FM NORMAL 0 [PRESSURE DATA]
TOTAL FM JAN 1 0 HIGHEST SLP M ON M
DPTR FM NORMAL 0 LOWEST SLP 29.69 ON 12
[REMARKS]