000
CXUS54 KHGX 281410
CF6UTS
PRELIMINARY LOCAL CLIMATOLOGICAL DATA (WS FORM: F-6)
STATION: HUNTSVILLE
MONTH: MARCH
YEAR: 2024
LATITUDE: 30 45 N
LONGITUDE: 95 35 W
TEMPERATURE IN F: :PCPN: SNOW: WIND :SUNSHINE: SKY :PK WND
================================================================================
1 2 3 4 5 6A 6B 7 8 9 10 11 12 13 14 15 16 17 18
12Z AVG MX 2MIN
DY MAX MIN AVG DEP HDD CDD WTR SNW DPTH SPD SPD DIR MIN PSBL S-S WX SPD DR
================================================================================
1 70 45 58 0 7 0 T 0.0 0 3.0 12 120 M M 6 16 110
2 74 52 63 5 2 0 0.00 0.0 0 7.1 14 190 M M 4 1 20 190
3 80 59 70 12 0 5 0.00 0.0 0 8.9 15 160 M M 6 1 24 190
4 84 68 76 17 0 11 T 0.0 0 5.9 13 160 M M 6 1 19 170
5 86 67 77 18 0 12 T 0.0 0 5.4 15 70 M M 3 18 25 80
6 83 64 74 15 0 9 0.00 0.0 0 6.5 13 160 M M 5 128 18 150
7 77 63 70 10 0 5 0.04 0.0 0 7.8 21 150 M M 6 18 31 150
8 77 61 69 9 0 4 0.22 0.0 0 7.4 22 310 M M 6 13 32 320
9 60 47 54 -6 11 0 0.00 0.0 0 11.3 22 350 M M 6 31 340
10 68 41 55 -5 10 0 0.00 0.0 0 2.6 10 40 M M 0 15 10
11 72 52 62 2 3 0 0.00 0.0 0 5.3 13 140 M M 4 18 140
12 78 55 67 6 0 2 0.00 0.0 0 9.7 16 200 M M 3 1 25 180
13 82 64 73 12 0 8 T 0.0 0 11.4 20 160 M M 7 18 26 160
14 85 72 79 18 0 14 T 0.0 M 12.8 23 170 M M 7 18 33 160
15 80 66 73 11 0 8 0.15 0.0 M 7.0 17 40 M M 6 13 23 60
16 67 63 65 3 0 0 0.08 0.0 M 5.2 13 100 M M 9 13 18 90
17 73 59 66 4 0 1 0.16 0.0 M 8.1 18 290 M M 8 13 26 290
18 67 46 57 -5 8 0 0.00 0.0 M 10.3 22 360 M M 3 30 360
19 68 39 54 -8 11 0 0.00 0.0 M 3.9 9 200 M M 0 14 70
20 69 49 59 -4 6 0 0.00 0.0 M 4.6 13 160 M M 8 8 19 160
21 62 56 59 -4 6 0 0.77 0.0 0 5.7 18 280 M M 10 13 29 280
22 67 52 60 -3 5 0 0.12 0.0 0 7.3 24 340 M M 7 123 37 340
23 76 50 63 0 2 0 0.00 0.0 0 3.5 12 140 M M 0 1 18 110
24 70 57 64 0 1 0 0.00 0.0 0 13.7 24 170 M M 5 39 170
25 72 56 64 0 1 0 0.54 0.0 0 8.4 26 330 M M 6 1 38 320
26 66 45 56 -8 9 0 0.00 0.0 0 6.4 17 360 M M 0 24 340
27 67 45 56 -8 9 0 0.00 0.0 0 2.4 9 60 M M 1 13 50
================================================================================
SM 1980 1493 91 79 2.08 0.0 191.6 M 132
================================================================================
AV 73.3 55.3 7.1 FASTST M M 5 MAX(MPH)
MISC ----> 26 330 39 170
================================================================================
NOTES:
# LAST OF SEVERAL OCCURRENCES
COLUMN 17 PEAK WIND IN M.P.H.
PRELIMINARY LOCAL CLIMATOLOGICAL DATA (WS FORM: F-6) , PAGE 2
STATION: HUNTSVILLE
MONTH: MARCH
YEAR: 2024
LATITUDE: 30 45 N
LONGITUDE: 95 35 W
[TEMPERATURE DATA] [PRECIPITATION DATA] SYMBOLS USED IN COLUMN 16
AVERAGE MONTHLY: 64.3 TOTAL FOR MONTH: 2.08 1 = FOG OR MIST
DPTR FM NORMAL: 3.1 DPTR FM NORMAL: -0.92 2 = FOG REDUCING VISIBILITY
HIGHEST: 86 ON 5 GRTST 24HR 0.89 ON 21-22 TO 1/4 MILE OR LESS
LOWEST: 39 ON 19 3 = THUNDER
SNOW, ICE PELLETS, HAIL 4 = ICE PELLETS
TOTAL MONTH: 0.0 INCH 5 = HAIL
GRTST 24HR 0.0 6 = FREEZING RAIN OR DRIZZLE
GRTST DEPTH: 0 7 = DUSTSTORM OR SANDSTORM:
VSBY 1/2 MILE OR LESS
8 = SMOKE OR HAZE
[NO. OF DAYS WITH] [WEATHER - DAYS WITH] 9 = BLOWING SNOW
X = TORNADO
MAX 32 OR BELOW: 0 0.01 INCH OR MORE: 8
MAX 90 OR ABOVE: 0 0.10 INCH OR MORE: 6
MIN 32 OR BELOW: 0 0.50 INCH OR MORE: 2
MIN 0 OR BELOW: 0 1.00 INCH OR MORE: 0
[HDD (BASE 65) ]
TOTAL THIS MO. 91 CLEAR (SCALE 0-3) 7
DPTR FM NORMAL -64 PTCLDY (SCALE 4-7) 17
TOTAL FM JUL 1 1357 CLOUDY (SCALE 8-10) 3
DPTR FM NORMAL -213
[CDD (BASE 65) ]
TOTAL THIS MO. 79
DPTR FM NORMAL 23 [PRESSURE DATA]
TOTAL FM JAN 1 120 HIGHEST SLP M ON M
DPTR FM NORMAL 30 LOWEST SLP 29.49 ON 25
[REMARKS]