000
CXUS53 KLBF 281410
CF6VTN
PRELIMINARY LOCAL CLIMATOLOGICAL DATA (WS FORM: F-6)
STATION: VALENTINE
MONTH: MARCH
YEAR: 2024
LATITUDE: 42 52 N
LONGITUDE: 100 33 W
TEMPERATURE IN F: :PCPN: SNOW: WIND :SUNSHINE: SKY :PK WND
================================================================================
1 2 3 4 5 6A 6B 7 8 9 10 11 12 13 14 15 16 17 18
12Z AVG MX 2MIN
DY MAX MIN AVG DEP HDD CDD WTR SNW DPTH SPD SPD DIR MIN PSBL S-S WX SPD DR
================================================================================
1 71 33 52 20 13 0 0.00 0.0 0 12.1 35 270 M M 0 8 44 270
2 66 25 46 14 19 0 0.00 0.0 0 5.5 14 100 M M 0 18 130
3 54 32 43 10 22 0 0.00 0.0 0 15.1 33 280 M M 2 18 49 270
4 46 30 38 5 27 0 0.00 0.0 0 7.5 14 150 M M 4 19 170
5 51 25 38 5 27 0 T T 0 12.6 28 250 M M 2 8 41 250
6 64 28 46 12 19 0 T M M 16.0 36 200 M M 3 44 210
7 32 24 28 -6 37 0 0.19 1.8 T 10.0 16 20 M M 10 128 23 10
8 46 22 34 -1 31 0 0.00 0.0 1 6.5 16 330 M M 5 19 330
9 56 17 37 2 28 0 0.00 0.0 0 5.5 12 210 M M 0 16 190
10 68 22 45 10 20 0 0.00 0.0 0 9.4 29 260 M M 0 39 260
11 70 26 48 12 17 0 0.00 0.0 0 7.7 23 260 M M 0 33 250
12 68 29 49 13 16 0 0.00 0.0 0 5.6 16 190 M M 1 20 190
13 61 36 49 12 16 0 0.00 0.0 0 7.8 18 10 M M 7 27 10
14 51 30 41 4 24 0 0.00 0.0 0 16.3 29 360 M M 6 8 41 350
15 59 21 40 3 25 0 0.00 0.0 0 9.5 21 240 M M 1 29 230
16 52 29 41 3 24 0 0.00 0.0 0 12.6 28 330 M M 0 40 320
17 39 15 27 -11 38 0 0.00 0.0 0 12.7 26 350 M M 2 36 350
18 60 5 33 -5 32 0 0.00 0.0 0 7.0 18 240 M M 0 25 240
19 67 28 48 9 17 0 0.00 0.0 0 8.6 23 40 M M 1 31 40
20 43 23 33 -6 32 0 0.00 0.0 0 11.3 22 50 M M 2 8 27 50
21 60 26 43 3 22 0 T 0.0 0 12.5 32 350 M M 3 8 43 350
22 34 23 29 -11 36 0 0.00 0.0 0 10.1 20 340 M M 10 25 330
23 37 22 30 -10 35 0 0.03 0.5 1 14.6 25 160 M M 9 1 33 150
24 30 24 27 -13 38 0 0.18 0.2 T 15.7 28 10 M M 10 16 37 10
25 24 16 20 -21 45 0 0.08 1.4 1 21.6 31 350 M M 10 1268 45 330
26 29 6 18 -23 47 0 0.00 0.0 2 11.4 23 320 M M 1 32 330
27 53 10 32 -10 33 0 0.00 0.0 1 5.0 20 290 M M 4 34 290
================================================================================
SM 1391 627 740 0 0.48 3.9 290.2 M 93
================================================================================
AV 51.5 23.2 10.7 FASTST M M 3 MAX(MPH)
MISC ----> 36 200 49 270
================================================================================
NOTES:
# LAST OF SEVERAL OCCURRENCES
COLUMN 17 PEAK WIND IN M.P.H.
PRELIMINARY LOCAL CLIMATOLOGICAL DATA (WS FORM: F-6) , PAGE 2
STATION: VALENTINE
MONTH: MARCH
YEAR: 2024
LATITUDE: 42 52 N
LONGITUDE: 100 33 W
[TEMPERATURE DATA] [PRECIPITATION DATA] SYMBOLS USED IN COLUMN 16
AVERAGE MONTHLY: 37.4 TOTAL FOR MONTH: 0.48 1 = FOG OR MIST
DPTR FM NORMAL: 0.5 DPTR FM NORMAL: -0.35 2 = FOG REDUCING VISIBILITY
HIGHEST: 71 ON 1 GRTST 24HR 0.19 ON 24-25 TO 1/4 MILE OR LESS
LOWEST: 5 ON 18 3 = THUNDER
SNOW, ICE PELLETS, HAIL 4 = ICE PELLETS
TOTAL MONTH: 3.9 INCHES 5 = HAIL
GRTST 24HR 1.8 ON 7- 7 6 = FREEZING RAIN OR DRIZZLE
GRTST DEPTH: 2 ON 26 7 = DUSTSTORM OR SANDSTORM:
VSBY 1/2 MILE OR LESS
8 = SMOKE OR HAZE
[NO. OF DAYS WITH] [WEATHER - DAYS WITH] 9 = BLOWING SNOW
X = TORNADO
MAX 32 OR BELOW: 4 0.01 INCH OR MORE: 4
MAX 90 OR ABOVE: 0 0.10 INCH OR MORE: 2
MIN 32 OR BELOW: 25 0.50 INCH OR MORE: 0
MIN 0 OR BELOW: 0 1.00 INCH OR MORE: 0
[HDD (BASE 65) ]
TOTAL THIS MO. 740 CLEAR (SCALE 0-3) 17
DPTR FM NORMAL -20 PTCLDY (SCALE 4-7) 5
TOTAL FM JUL 1 5376 CLOUDY (SCALE 8-10) 5
DPTR FM NORMAL -389
[CDD (BASE 65) ]
TOTAL THIS MO. 0
DPTR FM NORMAL 0 [PRESSURE DATA]
TOTAL FM JAN 1 0 HIGHEST SLP M ON M
DPTR FM NORMAL 0 LOWEST SLP 29.26 ON 3
[REMARKS]