000
CXUS51 KPHI 011927
CLMGED
CLIMATE REPORT
NATIONAL WEATHER SERVICE MOUNT HOLLY NJ
327 PM EDT MON APR 01 2024
...................................
...THE GEORGETOWN DE CLIMATE SUMMARY FOR THE MONTH OF MARCH 2024...
CLIMATE NORMAL PERIOD: 1991 TO 2020
CLIMATE RECORD PERIOD: 1948 TO 2024
WEATHER OBSERVED NORMAL DEPART LAST YEAR`S
VALUE DATE(S) VALUE FROM VALUE
NORMAL
..............................................................
TEMPERATURE (F)
RECORD
HIGH 87 03/15/1990
LOW 3 03/12/1960
03/07/1960
HIGHEST 79 MM MM 77
LOWEST 24 MM MM 24
AVG. MAXIMUM 58.2 55.2 3.0 58.7
AVG. MINIMUM 38.7 36.3 2.4 36.5
MEAN 48.5 45.8 2.7 47.6
DAYS MAX >= 90 0 0.0 0.0 0
DAYS MAX <= 32 0 0.3 -0.3 0
DAYS MIN <= 32 5 12.5 -7.5 8
DAYS MIN <= 0 0 0.0 0.0 0
PRECIPITATION (INCHES)
RECORD
MAXIMUM 7.97 1984
MINIMUM 0.31 2006
TOTALS 6.31 3.86 2.45 1.48
DAILY AVG. 0.20 0.12 0.08 0.05
DAYS >= .01 10 11.3 -1.3 9
DAYS >= .10 8 6.5 1.5 3
DAYS >= .50 4 2.0 2.0 1
DAYS >= 1.00 4 0.6 3.4 0
GREATEST
24 HR. TOTAL 1.84 03/06 TO 03/07 0.83
DEGREE DAYS
HEATING TOTAL 505 600 -95 530
SINCE 7/1 3423 3654 -231 MM
COOLING TOTAL 0 3 -3 0
SINCE 1/1 0 3 -3 MM
..............................................................
WIND (MPH)
AVERAGE WIND SPEED 8.1
HIGHEST WIND SPEED/DIRECTION 35/160 DATE 03/23
HIGHEST GUST SPEED/DIRECTION 48/160 DATE 03/23
SKY COVER
POSSIBLE SUNSHINE (PERCENT) MM
AVERAGE SKY COVER 0.43
NUMBER OF DAYS FAIR 19
NUMBER OF DAYS PC 2
NUMBER OF DAYS CLOUDY 10
AVERAGE RH (PERCENT) 67
WEATHER CONDITIONS. NUMBER OF DAYS WITH
THUNDERSTORM 1 MIXED PRECIP 0
HEAVY RAIN 4 RAIN 8
LIGHT RAIN 12 FREEZING RAIN 0
LT FREEZING RAIN 0 HEAVY SNOW 0
SNOW 0 LIGHT SNOW 0
SLEET 0 FOG 13
FOG W/VIS <= 1/4 MILE 1 HAZE 1
- INDICATES NEGATIVE NUMBERS.
R INDICATES RECORD WAS SET OR TIED.
MM INDICATES DATA IS MISSING.
T INDICATES TRACE AMOUNT.
$$