000
CXAK57 PAJK 031020
CLMYAK
NATIONAL WEATHER SERVICE JUNEAU AK
147 AM AKDT WED APR 03 2024
...................................
...THE YAKUTAT CLIMATE SUMMARY FOR THE MONTH OF MARCH 2024...
CLIMATE NORMAL PERIOD: 1991 TO 2020
CLIMATE RECORD PERIOD: 1917 TO 2024
WEATHER OBSERVED NORMAL DEPART LAST YEAR`S
VALUE DATE(S) VALUE FROM VALUE
NORMAL
..............................................................
TEMPERATURE (F)
RECORD
HIGH 60 03/26/2019
03/19/2019
LOW -20 03/08/1972
HIGHEST 50 03/19 47 3
LOWEST 7 03/03 8 -1
AVG. MAXIMUM 41.3 40.0 1.3
AVG. MINIMUM 28.8 23.8 5.0
MEAN 35.0 31.9 3.1
DAYS MAX >= 90 0 0.0 0.0
DAYS MAX <= 32 3 3.3 -0.3
DAYS MIN <= 32 24 25.2 -1.2
DAYS MIN <= 0 0 0.4 -0.4
PRECIPITATION (INCHES)
RECORD
MAXIMUM 37.28 1992
MINIMUM 2.06 1958
TOTALS 10.73 9.52 1.21
DAILY AVG. 0.35 0.31 0.04
DAYS >= .01 20 18.3 1.7
DAYS >= .10 17 14.3 2.7
DAYS >= .50 7 6.5 0.5
DAYS >= 1.00 3 2.4 0.6
GREATEST
24 HR. TOTAL 3.05 03/15 TO 03/16
DEGREE DAYS
HEATING TOTAL 923 1026 -103
SINCE 7/1 6380 6923 -543
COOLING TOTAL 0 0 0
SINCE 1/1 0 0 0
FREEZE DATES
EARLIEST 09/25
LATEST 05/07
..............................................................
WIND (MPH)
AVERAGE WIND SPEED 6.4
HIGHEST WIND SPEED/DIRECTION 30/230 DATE 03/14
HIGHEST GUST SPEED/DIRECTION 41/230 DATE 03/14
WEATHER CONDITIONS. NUMBER OF DAYS WITH
THUNDERSTORM 0 MIXED PRECIP 0
HEAVY RAIN 5 RAIN 10
LIGHT RAIN 15 FREEZING RAIN 0
LT FREEZING RAIN 0 HAIL 0
HEAVY SNOW 2 SNOW 4
LIGHT SNOW 11 SLEET 0
FOG 27 FOG W/VIS <= 1/4 MILE 7
HAZE 2
- INDICATES NEGATIVE NUMBERS.
R INDICATES RECORD WAS SET OR TIED.
MM INDICATES DATA IS MISSING.
T INDICATES TRACE AMOUNT.
$$
...A MAINLY BENIGN MARCH WAS EXPERIENCED ACROSS SOUTHEAST ALASKA...
Daily average temperatures were a bit above normal and total
precipitation values were a bit below normal as a whole for the
region for March. This is primarily due to most of the frontal
systems approaching the Panhandle from a south or southwesterly
direction, which brought primarily southerly warm air advection to
the area out ahead of those. Also, high temperatures skyrocketed on
several days during March between weather systems during prolonged
periods of widespread mostly sunny to sunny skies over the area.
Many of the aforementioned frontal systems were also relatively
quick-moving, which means they did not dump massive amounts of
liquid equivalent precipitation over the region. The only exception
is Yakutat, which experienced 1.21 inches above normal liquid
equivalent precipitation mainly due to a long deep swath of
atmospheric moisture aimed at the northeastern Gulf Coast region
from a frontal system approaching from the southwest around the
middle of the month. Significant snow storms were also not
experienced during the month for the 4 climate sites.
Juneau Airport`s average temperature was 2.1 degrees above normal
and their liquid equivalent precipitation was 0.59 inches below
normal for March. For Yakutat, their average temperature was 3.1
degrees above normal and their liquid equivalent precipitation was
1.21 inches above normal for the month. For Sitka, their average
temperature was 2.5 degrees above normal and their liquid equivalent
precipitation was just 0.06 inches below normal for March. For
Ketchikan, their average temperature was 1 degree above normal and
their liquid equivalent precipitation was 2.64 inches below normal
for the month.
As for records tied or broken during the month, On March 5th,
Ketchikan Airport set a record low temperature of 8 degrees, which
broke their previous record of 9 degrees, which was set way back in
1951. On March 14th, Ketchikan Airport set record liquid equivalent
precipitation with 1.95 inches, which broke their old record of 1.77
inches, which was set in 2017. On that same day, Juneau Airport
reported a record high temperature of 48, which broke their previous
record of 47, which was set back in 1998. On March 15th, Yakutat
reported 2.65 inches of liquid equivalent precipitation, which tied
their old record, which was set way back in 1947. On the 16th,
Ketchikan Airport broke their old high temperature record of 55 with
56 degrees, which was set back in 1966. On the 23rd, Juneau Airport
broke their high temperature record of 51 with 52 degrees, which was
set in 2019.
Chambers
$$