000
CXUS54 KMAF 012127
CF66R6
PRELIMINARY LOCAL CLIMATOLOGICAL DATA (WS FORM: F-6)
STATION: TERRELL COUNTY AIRPORT
MONTH: JANUARY
YEAR: 2024
LATITUDE: 30 2 N
LONGITUDE: 102 13 W
TEMPERATURE IN F: :PCPN: SNOW: WIND :SUNSHINE: SKY :PK WND
================================================================================
1 2 3 4 5 6A 6B 7 8 9 10 11 12 13 14 15 16 17 18
12Z AVG MX 2MIN
DY MAX MIN AVG DEP HDD CDD WTR SNW DPTH SPD SPD DIR MIN PSBL S-S WX SPD DR
================================================================================
1 59 39 49 1 16 0 0.00 M M 8.7 18 360 M M 0 25 360
2 53 36 45 -3 20 0 0.00 M M 4.1 10 110 M M 0 15 10
3 63 35 49 1 16 0 0.00 M M 7.1 12 250 M M 0 16 80
4 44 37 41 -7 24 0 0.00 M M 9.5 18 130 M M 0 26 120
5 63 30 47 -1 18 0 0.00 M M 10.0 26 250 M M 0 36 240
6 63 34 49 1 16 0 0.00 M M 10.4 25 270 M M 0 38 240
7 67 26 47 -1 18 0 0.00 M M 10.5 23 130 M M 0 36 130
8 56 38 47 -1 18 0 0.00 M M 15.0 41 270 M M 0 63 270
9 60 33 47 -2 18 0 0.00 M M 9.2 21 220 M M 0 28 220
10 70 37 54 5 11 0 0.00 M M 12.7 26 240 M M 0 34 240
11 77 32 55 6 10 0 0.00 M M 12.4 28 310 M M 0 41 330
12 65 38 52 3 13 0 0.00 M M 13.3 31 300 M M 0 45 310
13 63 30 47 -2 18 0 0.00 M M 5.9 13 150 M M 0 17 160
14 44 25 35 -14 30 0 0.00 M M 9.7 15 30 M M 0 20 40
15 43 21 32 -17 33 0 0.00 M M 8.0 23 20 M M 0 34 30
16 35 13 24 -25 41 0 0.00 M M 5.9 26 20 M M 0 36 20
17 48 17 33 -16 32 0 0.00 M M 4.7 13 140 M M 0 17 150
18 81 26 54 5 11 0 0.00 M M 10.2 24 240 M M 0 36 230
19 59 29 44 -6 21 0 0.00 M M 12.2 25 10 M M 0 38 20
20 43 22 33 -17 32 0 0.00 M M 8.2 15 110 M M 0 20 110
21 37 29 33 -17 32 0 0.00 M M 6.5 18 100 M M 0 24 90
22 56 36 46 -4 19 0 0.01 M M 3.2 9 330 M M 0 14 80
23 64 42 53 3 12 0 0.00 M M 5.1 16 300 M M 0 21 290
24 66 42 54 4 11 0 0.00 M M 7.2 15 250 M M 0 20 240
25 71 39 55 5 10 0 0.00 M M 9.2 21 230 M M 0 28 230
26 72 44 58 8 7 0 0.00 M M 11.5 28 270 M M 0 35 300
27 65 44 55 4 10 0 0.00 M M 10.1 20 310 M M 0 27 320
28 67 31 49 -2 16 0 0.00 M M 5.6 10 180 M M 0 14 180
29 68 36 52 1 13 0 0.00 M M 6.3 10 140 M M 0 14 120
30 70 42 56 5 9 0 0.00 M M 7.7 12 100 M M 0 17 100
31 71 44 58 7 7 0 0.00 M M 7.9 16 140 M M 0 22 130
================================================================================
SM 1863 1027 562 0 0.01 M 268.0 M 0
================================================================================
AV 60.1 33.1 8.6 FASTST M M 0 MAX(MPH)
MISC ----> 41 270 63 270
================================================================================
NOTES:
# LAST OF SEVERAL OCCURRENCES
COLUMN 17 PEAK WIND IN M.P.H.
PRELIMINARY LOCAL CLIMATOLOGICAL DATA (WS FORM: F-6) , PAGE 2
STATION: TERRELL COUNTY AIRPORT
MONTH: JANUARY
YEAR: 2024
LATITUDE: 30 2 N
LONGITUDE: 102 13 W
[TEMPERATURE DATA] [PRECIPITATION DATA] SYMBOLS USED IN COLUMN 16
AVERAGE MONTHLY: 46.6 TOTAL FOR MONTH: 0.01 1 = FOG OR MIST
DPTR FM NORMAL: -2.8 DPTR FM NORMAL: -0.65 2 = FOG REDUCING VISIBILITY
HIGHEST: 81 ON 18 GRTST 24HR 0.04 ON 22-22 TO 1/4 MILE OR LESS
LOWEST: 13 ON 16 3 = THUNDER
SNOW, ICE PELLETS, HAIL 4 = ICE PELLETS
TOTAL MONTH: M 5 = HAIL
GRTST 24HR M ON M 6 = FREEZING RAIN OR DRIZZLE
GRTST DEPTH: M ON M 7 = DUSTSTORM OR SANDSTORM:
VSBY 1/2 MILE OR LESS
8 = SMOKE OR HAZE
[NO. OF DAYS WITH] [WEATHER - DAYS WITH] 9 = BLOWING SNOW
X = TORNADO
MAX 32 OR BELOW: 0 0.01 INCH OR MORE: 1
MAX 90 OR ABOVE: 0 0.10 INCH OR MORE: 0
MIN 32 OR BELOW: 13 0.50 INCH OR MORE: 0
MIN 0 OR BELOW: 0 1.00 INCH OR MORE: 0
[HDD (BASE 65) ]
TOTAL THIS MO. 562 CLEAR (SCALE 0-3) 31
DPTR FM NORMAL 78 PTCLDY (SCALE 4-7) 0
TOTAL FM JUL 1 1228 CLOUDY (SCALE 8-10) 0
DPTR FM NORMAL -4
[CDD (BASE 65) ]
TOTAL THIS MO. 0
DPTR FM NORMAL -1 [PRESSURE DATA]
TOTAL FM JAN 1 0 HIGHEST SLP 30.50 ON 16
DPTR FM NORMAL -1 LOWEST SLP 29.44 ON 11
[REMARKS]
#FINAL-01-24#