000
CDUS44 KLZK 010634
CLIHRO


CLIMATE REPORT
NATIONAL WEATHER SERVICE LITTLE ROCK AR
133 AM CDT SAT OCT 1 2016


...................................

...THE HARRISON CLIMATE SUMMARY FOR SEPTEMBER 30 2016...

CLIMATE NORMAL PERIOD 1981 TO 2010
CLIMATE RECORD PERIOD 1891 TO 2016


WEATHER ITEM   OBSERVED TIME   RECORD YEAR NORMAL DEPARTURE LAST
                VALUE   (LST)  VALUE       VALUE  FROM      YEAR
                                                  NORMAL
..................................................................
TEMPERATURE (F)
 YESTERDAY
  MAXIMUM         75    210 PM  94    1953  75      0       68
  MINIMUM         51    607 AM  31    1949  52     -1       55
  AVERAGE         63                        64     -1       62

PRECIPITATION (IN)
  YESTERDAY        0.00          2.32 1927   0.12  -0.12     0.00
  MONTH TO DATE    1.24                      4.20  -2.96     5.05
  SINCE SEP 1      1.24                      4.20  -2.96     5.05
  SINCE JAN 1     29.52                     33.16  -3.64    45.27

SNOWFALL (IN)
  YESTERDAY        0.0          MM      MM   0.0    0.0      0.0
  MONTH TO DATE    0.0                       0.0    0.0      0.0
  SINCE SEP 1      0.0                       0.0    0.0      0.0
  SINCE JUL 1      0.0                       0.0    0.0      0.0
  SNOW DEPTH       0

DEGREE DAYS
 HEATING
  YESTERDAY        2                         4     -2        3
  MONTH TO DATE   12                        42    -30       14
  SINCE SEP 1     12                        42    -30       14
  SINCE JUL 1     12                        43    -31       15

 COOLING
  YESTERDAY        0                         2     -2        0
  MONTH TO DATE  227                       168     59      216
  SINCE SEP 1    227                       168     59      216
  SINCE JAN 1   1538                      1379    159     1436
..................................................................


WIND (MPH)
  HIGHEST WIND SPEED    13   HIGHEST WIND DIRECTION     N (340)
  HIGHEST GUST SPEED    19   HIGHEST GUST DIRECTION    NW (300)
  AVERAGE WIND SPEED     5.7


SKY COVER
  POSSIBLE SUNSHINE  MM
  AVERAGE SKY COVER 0.2


WEATHER CONDITIONS
 THE FOLLOWING WEATHER WAS RECORDED YESTERDAY.
  NO SIGNIFICANT WEATHER WAS OBSERVED.


RELATIVE HUMIDITY (PERCENT)
 HIGHEST    89           600 AM
 LOWEST     46           200 PM
 AVERAGE    68

..........................................................


THE HARRISON CLIMATE NORMALS FOR TODAY
                         NORMAL    RECORD    YEAR
 MAXIMUM TEMPERATURE (F)   75        96      1926
 MINIMUM TEMPERATURE (F)   52        32      1939


SUNRISE AND SUNSET
OCTOBER  1 2016.......SUNRISE   708 AM CDT   SUNSET   655 PM CDT
OCTOBER  2 2016.......SUNRISE   709 AM CDT   SUNSET   654 PM CDT


-  INDICATES NEGATIVE NUMBERS.
R  INDICATES RECORD WAS SET OR TIED.
MM INDICATES DATA IS MISSING.
T  INDICATES TRACE AMOUNT.




$$
