000
CDUS44 KLZK 292200
CLIHRO


CLIMATE REPORT
NATIONAL WEATHER SERVICE LITTLE ROCK AR
500 PM CDT SUN MAR 29 2015


...................................

...THE HARRISON CLIMATE SUMMARY FOR MARCH 29 2015...
VALID TODAY AS OF 0500 PM LOCAL TIME.

CLIMATE NORMAL PERIOD 1981 TO 2010
CLIMATE RECORD PERIOD 1891 TO 2015


WEATHER ITEM   OBSERVED TIME   RECORD YEAR NORMAL DEPARTURE LAST
                VALUE   (LST)  VALUE       VALUE  FROM      YEAR
                                                  NORMAL
..................................................................
TEMPERATURE (F)
 TODAY
  MAXIMUM         74    245 PM  85    1963  65      9       58
  MINIMUM         34    307 AM  22    1937  41     -7       36
  AVERAGE         54                        53      1       47

PRECIPITATION (IN)
  TODAY            0.00          4.26 1988   0.14  -0.14     0.00
  MONTH TO DATE    5.94                      3.51   2.43     4.41
  SINCE MAR 1      5.94                      3.51   2.43     4.41
  SINCE JAN 1      9.48                      8.71   0.77     6.36

SNOWFALL (IN)
  TODAY            0.0           0.6  1975   0.0    0.0      0.0
  MONTH TO DATE    4.3                       2.0    2.3     10.0
  SINCE MAR 1      4.3                       2.0    2.3     10.0
  SINCE JUL 1     13.6                      11.2    2.4     25.8
  SNOW DEPTH       0

DEGREE DAYS
 HEATING
  TODAY           11                        13     -2       18
  MONTH TO DATE  498                       484     14      595
  SINCE MAR 1    498                       484     14      595
  SINCE JUL 1   3893                      3656    237     4130

 COOLING
  TODAY            0                         0      0        0
  MONTH TO DATE    0                         0      0        0
  SINCE MAR 1      0                         0      0        0
  SINCE JAN 1      0                         0      0        0
..................................................................


WIND (MPH)
  HIGHEST WIND SPEED    26   HIGHEST WIND DIRECTION    SE (150)
  HIGHEST GUST SPEED    33   HIGHEST GUST DIRECTION    SE (140)
  AVERAGE WIND SPEED    15.6


SKY COVER
  POSSIBLE SUNSHINE  MM
  AVERAGE SKY COVER 0.0


WEATHER CONDITIONS
 THE FOLLOWING WEATHER WAS RECORDED TODAY.
  NO SIGNIFICANT WEATHER WAS OBSERVED.


RELATIVE HUMIDITY (PERCENT)
 HIGHEST    89           100 AM
 LOWEST     38           200 PM
 AVERAGE    64

..........................................................


THE HARRISON CLIMATE NORMALS FOR TOMORROW
                         NORMAL    RECORD    YEAR
 MAXIMUM TEMPERATURE (F)   65        84      1963
 MINIMUM TEMPERATURE (F)   42        17      1964


SUNRISE AND SUNSET
MARCH 29 2015.........SUNRISE   703 AM CDT   SUNSET   732 PM CDT
MARCH 30 2015.........SUNRISE   702 AM CDT   SUNSET   733 PM CDT


-  INDICATES NEGATIVE NUMBERS.
R  INDICATES RECORD WAS SET OR TIED.
MM INDICATES DATA IS MISSING.
T  INDICATES TRACE AMOUNT.




$$
