634
CDUS44 KLZK 270634
CLIHRO


CLIMATE REPORT
NATIONAL WEATHER SERVICE LITTLE ROCK AR
1233 AM CST MON FEB 27 2017


...................................

...THE HARRISON CLIMATE SUMMARY FOR FEBRUARY 26 2017...

CLIMATE NORMAL PERIOD 1981 TO 2010
CLIMATE RECORD PERIOD 1891 TO 2017


WEATHER ITEM   OBSERVED TIME   RECORD YEAR NORMAL DEPARTURE LAST
                VALUE   (LST)  VALUE       VALUE  FROM      YEAR
                                                  NORMAL
..................................................................
TEMPERATURE (F)
 YESTERDAY
  MAXIMUM         51    121 PM  83    1917  54     -3       52
  MINIMUM         24    516 AM  10    1934  33     -9       25
  AVERAGE         38                        43     -5       39

PRECIPITATION (IN)
  YESTERDAY        T             3.48 1945   0.10  -0.10     0.00
  MONTH TO DATE    1.37                      2.44  -1.07     1.33
  SINCE DEC 1      4.87                      8.20  -3.33    10.72
  SINCE JAN 1      3.55                      5.00  -1.45     2.28

SNOWFALL (IN)
  YESTERDAY        0.0           2.0  1941   0.1   -0.1      0.0
  MONTH TO DATE    0.0                       3.0   -3.0      3.0
  SINCE DEC 1      0.9                       8.5   -7.6      3.7
  SINCE JUL 1      0.9                       9.0   -8.1      3.7
  SNOW DEPTH       0

DEGREE DAYS
 HEATING
  YESTERDAY       27                        22      5       26
  MONTH TO DATE  391                       644   -253      574
  SINCE DEC 1   1941                      2366   -425     1998
  SINCE JUL 1   2391                      3130   -739     2584

 COOLING
  YESTERDAY        0                         0      0        0
  MONTH TO DATE    4                         0      4        0
  SINCE DEC 1      4                         0      4        2
  SINCE JAN 1      4                         0      4        0
..................................................................


WIND (MPH)
  HIGHEST WIND SPEED    20   HIGHEST WIND DIRECTION     S (160)
  HIGHEST GUST SPEED    22   HIGHEST GUST DIRECTION     S (160)
  AVERAGE WIND SPEED     6.4


SKY COVER
  POSSIBLE SUNSHINE  MM
  AVERAGE SKY COVER 0.6


WEATHER CONDITIONS
 THE FOLLOWING WEATHER WAS RECORDED YESTERDAY.
  NO SIGNIFICANT WEATHER WAS OBSERVED.


RELATIVE HUMIDITY (PERCENT)
 HIGHEST    81           300 AM
 LOWEST     32           100 PM
 AVERAGE    57

..........................................................


THE HARRISON CLIMATE NORMALS FOR TODAY
                         NORMAL    RECORD    YEAR
 MAXIMUM TEMPERATURE (F)   54        77      1932
 MINIMUM TEMPERATURE (F)   33         6      1934


SUNRISE AND SUNSET
FEBRUARY 27 2017......SUNRISE   645 AM CST   SUNSET   606 PM CST
FEBRUARY 28 2017......SUNRISE   644 AM CST   SUNSET   607 PM CST


-  INDICATES NEGATIVE NUMBERS.
R  INDICATES RECORD WAS SET OR TIED.
MM INDICATES DATA IS MISSING.
T  INDICATES TRACE AMOUNT.




$$
