000
CDUS44 KLZK 040730
CLIHRO


CLIMATE REPORT
NATIONAL WEATHER SERVICE LITTLE ROCK AR
130 AM CST SUN DEC 4 2016


...................................

...THE HARRISON CLIMATE SUMMARY FOR DECEMBER 3 2016...

CLIMATE NORMAL PERIOD 1981 TO 2010
CLIMATE RECORD PERIOD 1891 TO 2016


WEATHER ITEM   OBSERVED TIME   RECORD YEAR NORMAL DEPARTURE LAST
                VALUE   (LST)  VALUE       VALUE  FROM      YEAR
                                                  NORMAL
..................................................................
TEMPERATURE (F)
 YESTERDAY
  MAXIMUM         45   1214 AM  79    1956  51     -6       54
  MINIMUM         37   1159 PM   8    1929  32      5       31
  AVERAGE         41                        41      0       43

PRECIPITATION (IN)
  YESTERDAY        0.14          3.58 1982   0.12   0.02     0.00
  MONTH TO DATE    0.14                      0.37  -0.23     0.00
  SINCE DEC 1      0.14                      0.37  -0.23     0.00
  SINCE JAN 1     34.23                     41.31  -7.08    54.20

SNOWFALL (IN)
  YESTERDAY        0.0           2.0  1898   0.0    0.0      0.0
  MONTH TO DATE    0.0                       0.0    0.0      0.0
  SINCE DEC 1      0.0                       0.0    0.0      0.0
  SINCE JUL 1      0.0                       0.5   -0.5       T
  SNOW DEPTH       0

DEGREE DAYS
 HEATING
  YESTERDAY       24                        24      0       22
  MONTH TO DATE   67                        70     -3       71
  SINCE DEC 1     67                        70     -3       71
  SINCE JUL 1    517                       834   -317      657

 COOLING
  YESTERDAY        0                         0      0        0
  MONTH TO DATE    0                         0      0        0
  SINCE DEC 1      0                         0      0        0
  SINCE JAN 1   1647                      1416    231     1464
..................................................................


WIND (MPH)
  HIGHEST WIND SPEED    16   HIGHEST WIND DIRECTION     E (110)
  HIGHEST GUST SPEED    21   HIGHEST GUST DIRECTION    SE (120)
  AVERAGE WIND SPEED     8.0


SKY COVER
  POSSIBLE SUNSHINE  MM
  AVERAGE SKY COVER 0.8


WEATHER CONDITIONS
 THE FOLLOWING WEATHER WAS RECORDED YESTERDAY.
  LIGHT RAIN
  FOG
  FOG W/VISIBILITY <= 1/4 MILE


RELATIVE HUMIDITY (PERCENT)
 HIGHEST   100           600 PM
 LOWEST     62          1200 AM
 AVERAGE    81

..........................................................


THE HARRISON CLIMATE NORMALS FOR TODAY
                         NORMAL    RECORD    YEAR
 MAXIMUM TEMPERATURE (F)   51        74      2001
 MINIMUM TEMPERATURE (F)   31         7      1905


SUNRISE AND SUNSET
DECEMBER  4 2016......SUNRISE   708 AM CST   SUNSET   458 PM CST
DECEMBER  5 2016......SUNRISE   709 AM CST   SUNSET   458 PM CST


-  INDICATES NEGATIVE NUMBERS.
R  INDICATES RECORD WAS SET OR TIED.
MM INDICATES DATA IS MISSING.
T  INDICATES TRACE AMOUNT.




$$
