000
CDUS44 KLZK 162204
CLIHRO


CLIMATE REPORT
NATIONAL WEATHER SERVICE LITTLE ROCK AR
404 PM CST SAT DEC 16 2017


...................................

...THE HARRISON CLIMATE SUMMARY FOR DECEMBER 16 2017...
VALID TODAY AS OF 0400 PM LOCAL TIME.

CLIMATE NORMAL PERIOD 1981 TO 2010
CLIMATE RECORD PERIOD 1891 TO 2017


WEATHER ITEM   OBSERVED TIME   RECORD YEAR NORMAL DEPARTURE LAST
                VALUE   (LST)  VALUE       VALUE  FROM      YEAR
                                                  NORMAL
..................................................................
TEMPERATURE (F)
 TODAY
  MAXIMUM         59    238 PM  78    1924  47     12       58
  MINIMUM         31    713 AM  -4    1989  28      3       29
  AVERAGE         45                        38      7       44

PRECIPITATION (IN)
  TODAY            0.00          2.81 2001   0.09  -0.09     0.00
  MONTH TO DATE    T                         1.78  -1.78     0.62
  SINCE DEC 1      T                         1.78  -1.78     0.62
  SINCE JAN 1     39.01                     42.72  -3.71    34.71

SNOWFALL (IN)
  TODAY            0.0           2.0  1911   0.0    0.0      0.0
  MONTH TO DATE    0.0                       0.0    0.0      0.0
  SINCE DEC 1      0.0                       0.0    0.0      0.0
  SINCE JUL 1      0.0                       0.5   -0.5      0.0
  SNOW DEPTH       0

DEGREE DAYS
 HEATING
  TODAY           20                        27     -7       21
  MONTH TO DATE  338                       406    -68      455
  SINCE DEC 1    338                       406    -68      455
  SINCE JUL 1    934                      1170   -236      905

 COOLING
  TODAY            0                         0      0        0
  MONTH TO DATE    0                         0      0        0
  SINCE DEC 1      0                         0      0        0
  SINCE JAN 1   1406                      1416    -10     1647
..................................................................


WIND (MPH)
  HIGHEST WIND SPEED    17   HIGHEST WIND DIRECTION    SW (240)
  HIGHEST GUST SPEED    24   HIGHEST GUST DIRECTION    SW (240)
  AVERAGE WIND SPEED     7.5


SKY COVER
  POSSIBLE SUNSHINE  MM
  AVERAGE SKY COVER 0.0


WEATHER CONDITIONS
 THE FOLLOWING WEATHER WAS RECORDED TODAY.
  NO SIGNIFICANT WEATHER WAS OBSERVED.


RELATIVE HUMIDITY (PERCENT)
 HIGHEST    75           200 AM
 LOWEST     21           200 PM
 AVERAGE    48

..........................................................


THE HARRISON CLIMATE NORMALS FOR TOMORROW
                         NORMAL    RECORD    YEAR
 MAXIMUM TEMPERATURE (F)   47        73      1962
 MINIMUM TEMPERATURE (F)   28         1      1901


SUNRISE AND SUNSET
DECEMBER 16 2017......SUNRISE   717 AM CST   SUNSET   459 PM CST
DECEMBER 17 2017......SUNRISE   718 AM CST   SUNSET   500 PM CST


-  INDICATES NEGATIVE NUMBERS.
R  INDICATES RECORD WAS SET OR TIED.
MM INDICATES DATA IS MISSING.
T  INDICATES TRACE AMOUNT.




$$
