000
CDUS44 KLZK 160635
CLIHRO


CLIMATE REPORT
NATIONAL WEATHER SERVICE LITTLE ROCK AR
1235 AM CST MON JAN 16 2017


...................................

...THE HARRISON CLIMATE SUMMARY FOR JANUARY 15 2017...

CLIMATE NORMAL PERIOD 1981 TO 2010
CLIMATE RECORD PERIOD 1891 TO 2017


WEATHER ITEM   OBSERVED TIME   RECORD YEAR NORMAL DEPARTURE LAST
                VALUE   (LST)  VALUE       VALUE  FROM      YEAR
                                                  NORMAL
..................................................................
TEMPERATURE (F)
 YESTERDAY
  MAXIMUM         46    329 PM  72    1928  46      0       53
  MINIMUM         39    856 AM  -5    1905  26     13       30
  AVERAGE         43                        36      7       42

PRECIPITATION (IN)
  YESTERDAY        0.17          1.12 1962   0.08   0.09     0.00
  MONTH TO DATE    1.04                      1.26  -0.22     0.79
  SINCE DEC 1      2.36                      4.46  -2.10     9.23
  SINCE JAN 1      1.04                      1.26  -0.22     0.79

SNOWFALL (IN)
  YESTERDAY        0.0           1.0  1930   0.1   -0.1      0.0
  MONTH TO DATE    0.4                       1.5   -1.1       T
  SINCE DEC 1      0.9                       2.8   -1.9       T
  SINCE JUL 1      0.9                       3.3   -2.4       T
  SNOW DEPTH       0

DEGREE DAYS
 HEATING
  YESTERDAY       22                        29     -7       23
  MONTH TO DATE  433                       435     -2      418
  SINCE DEC 1   1242                      1270    -28      979
  SINCE JUL 1   1692                      2034   -342     1565

 COOLING
  YESTERDAY        0                         0      0        0
  MONTH TO DATE    0                         0      0        0
  SINCE DEC 1      0                         0      0        2
  SINCE JAN 1      0                         0      0        0
..................................................................


WIND (MPH)
  HIGHEST WIND SPEED    14   HIGHEST WIND DIRECTION    SE (130)
  HIGHEST GUST SPEED    18   HIGHEST GUST DIRECTION    SE (130)
  AVERAGE WIND SPEED     8.4


SKY COVER
  POSSIBLE SUNSHINE  MM
  AVERAGE SKY COVER 1.0


WEATHER CONDITIONS
 THE FOLLOWING WEATHER WAS RECORDED YESTERDAY.
  RAIN
  LIGHT RAIN
  FOG
  FOG W/VISIBILITY <= 1/4 MILE


RELATIVE HUMIDITY (PERCENT)
 HIGHEST   100          1200 AM
 LOWEST    100          1200 AM
 AVERAGE   100

..........................................................


THE HARRISON CLIMATE NORMALS FOR TODAY
                         NORMAL    RECORD    YEAR
 MAXIMUM TEMPERATURE (F)   46        74      1943
 MINIMUM TEMPERATURE (F)   26        -1      1977


SUNRISE AND SUNSET
JANUARY 16 2017.......SUNRISE   723 AM CST   SUNSET   523 PM CST
JANUARY 17 2017.......SUNRISE   722 AM CST   SUNSET   524 PM CST


-  INDICATES NEGATIVE NUMBERS.
R  INDICATES RECORD WAS SET OR TIED.
MM INDICATES DATA IS MISSING.
T  INDICATES TRACE AMOUNT.




$$
