000
CDUS44 KLZK 240635
CLIHRO


CLIMATE REPORT
NATIONAL WEATHER SERVICE LITTLE ROCK AR
134 AM CDT SUN SEP 24 2017


...................................

...THE HARRISON CLIMATE SUMMARY FOR SEPTEMBER 23 2017...

CLIMATE NORMAL PERIOD 1981 TO 2010
CLIMATE RECORD PERIOD 1891 TO 2017


WEATHER ITEM   OBSERVED TIME   RECORD YEAR NORMAL DEPARTURE LAST
                VALUE   (LST)  VALUE       VALUE  FROM      YEAR
                                                  NORMAL
..................................................................
TEMPERATURE (F)
 YESTERDAY
  MAXIMUM         92    201 PM  94    1935  78     14       87
  MINIMUM         65    618 AM  35    1953  55     10       61
  AVERAGE         79                        66     13       74

PRECIPITATION (IN)
  YESTERDAY       MM             3.03 1970   0.14  MM         T
  MONTH TO DATE    0.38                      3.25  -2.87     1.08
  SINCE SEP 1      0.38                      3.25  -2.87     1.08
  SINCE JAN 1     35.56                     32.21   3.35    29.36

SNOWFALL (IN)
  YESTERDAY        0.0          MM      MM   0.0    0.0      0.0
  MONTH TO DATE    0.0                       0.0    0.0      0.0
  SINCE SEP 1      0.0                       0.0    0.0      0.0
  SINCE JUL 1      0.0                       0.0    0.0      0.0
  SNOW DEPTH       0

DEGREE DAYS
 HEATING
  YESTERDAY        0                         2     -2        0
  MONTH TO DATE    4                        19    -15        0
  SINCE SEP 1      4                        19    -15        0
  SINCE JUL 1      4                        20    -16        0

 COOLING
  YESTERDAY       14                         4     10        9
  MONTH TO DATE  167                       148     19      203
  SINCE SEP 1    167                       148     19      203
  SINCE JAN 1   1272                      1359    -87     1514
..................................................................


WIND (MPH)
  HIGHEST WIND SPEED    13   HIGHEST WIND DIRECTION    SE (130)
  HIGHEST GUST SPEED    17   HIGHEST GUST DIRECTION    SE (130)
  AVERAGE WIND SPEED     4.4


SKY COVER
  POSSIBLE SUNSHINE  MM
  AVERAGE SKY COVER 0.1


WEATHER CONDITIONS
 THE FOLLOWING WEATHER WAS RECORDED YESTERDAY.
  NO SIGNIFICANT WEATHER WAS OBSERVED.


RELATIVE HUMIDITY (PERCENT)
 HIGHEST   100           300 AM
 LOWEST     34           200 PM
 AVERAGE    67

..........................................................


THE HARRISON CLIMATE NORMALS FOR TODAY
                         NORMAL    RECORD    YEAR
 MAXIMUM TEMPERATURE (F)   77        99      1926
 MINIMUM TEMPERATURE (F)   55        33      1989


SUNRISE AND SUNSET
SEPTEMBER 24 2017.....SUNRISE   702 AM CDT   SUNSET   706 PM CDT
SEPTEMBER 25 2017.....SUNRISE   703 AM CDT   SUNSET   705 PM CDT


-  INDICATES NEGATIVE NUMBERS.
R  INDICATES RECORD WAS SET OR TIED.
MM INDICATES DATA IS MISSING.
T  INDICATES TRACE AMOUNT.




$$
