426
CDUS44 KLZK 060640
CLIHRO


CLIMATE REPORT
NATIONAL WEATHER SERVICE LITTLE ROCK AR
1239 AM CST SAT FEB 6 2016


...................................

...THE HARRISON CLIMATE SUMMARY FOR FEBRUARY 5 2016...

CLIMATE NORMAL PERIOD 1981 TO 2010
CLIMATE RECORD PERIOD 1891 TO 2016


WEATHER ITEM   OBSERVED TIME   RECORD YEAR NORMAL DEPARTURE LAST
                VALUE   (LST)  VALUE       VALUE  FROM      YEAR
                                                  NORMAL
..................................................................
TEMPERATURE (F)
 YESTERDAY
  MAXIMUM         53    352 PM  87    1927  49      4       34
  MINIMUM         26    742 AM  -5    1906  28     -2       12
  AVERAGE         40                        38      2       23

PRECIPITATION (IN)
  YESTERDAY        0.00          2.32 1957   0.08  -0.08      T
  MONTH TO DATE    0.24                      0.43  -0.19     0.22
  SINCE DEC 1      9.63                      6.19   3.44     4.29
  SINCE JAN 1      1.19                      2.99  -1.80     2.04

SNOWFALL (IN)
  YESTERDAY        0.0           3.0  2004   0.1   -0.1       T
  MONTH TO DATE    0.0                       0.9   -0.9      0.2
  SINCE DEC 1      0.7                       6.4   -5.7      0.2
  SINCE JUL 1      0.7                       6.9   -6.2      0.8
  SNOW DEPTH       0

DEGREE DAYS
 HEATING
  YESTERDAY       25                        27     -2       42
  MONTH TO DATE  118                       135    -17      166
  SINCE DEC 1   1542                      1857   -315     1788
  SINCE JUL 1   2128                      2621   -493     2642

 COOLING
  YESTERDAY        0                         0      0        0
  MONTH TO DATE    0                         0      0        0
  SINCE DEC 1      2                         0      2        0
  SINCE JAN 1      0                         0      0        0
..................................................................


WIND (MPH)
  HIGHEST WIND SPEED    17   HIGHEST WIND DIRECTION     W (260)
  HIGHEST GUST SPEED    22   HIGHEST GUST DIRECTION     W (260)
  AVERAGE WIND SPEED     3.7


SKY COVER
  POSSIBLE SUNSHINE  MM
  AVERAGE SKY COVER 0.0


WEATHER CONDITIONS
 THE FOLLOWING WEATHER WAS RECORDED YESTERDAY.
  NO SIGNIFICANT WEATHER WAS OBSERVED.


RELATIVE HUMIDITY (PERCENT)
 HIGHEST    68           700 AM
 LOWEST     19           300 PM
 AVERAGE    44

..........................................................


THE HARRISON CLIMATE NORMALS FOR TODAY
                         NORMAL    RECORD    YEAR
 MAXIMUM TEMPERATURE (F)   49        72      1904
 MINIMUM TEMPERATURE (F)   28        -7      1959


SUNRISE AND SUNSET
FEBRUARY  6 2016......SUNRISE   710 AM CST   SUNSET   544 PM CST
FEBRUARY  7 2016......SUNRISE   709 AM CST   SUNSET   545 PM CST


-  INDICATES NEGATIVE NUMBERS.
R  INDICATES RECORD WAS SET OR TIED.
MM INDICATES DATA IS MISSING.
T  INDICATES TRACE AMOUNT.




$$
