000
CDUS44 KLZK 012103
CLIHRO


CLIMATE REPORT
NATIONAL WEATHER SERVICE LITTLE ROCK AR
402 PM CDT FRI JUL 1 2016


...................................

...THE HARRISON CLIMATE SUMMARY FOR JULY 1 2016...
VALID TODAY AS OF 0400 PM LOCAL TIME.

CLIMATE NORMAL PERIOD 1981 TO 2010
CLIMATE RECORD PERIOD 1891 TO 2016


WEATHER ITEM   OBSERVED TIME   RECORD YEAR NORMAL DEPARTURE LAST
                VALUE   (LST)  VALUE       VALUE  FROM      YEAR
                                                  NORMAL
..................................................................
TEMPERATURE (F)
 TODAY
  MAXIMUM         85    157 PM 102    1941  88     -3       86
  MINIMUM         66    524 AM  48    1924  66      0       73
  AVERAGE         76                        77     -1       80

PRECIPITATION (IN)
  TODAY            0.00          1.65 1968   0.10  -0.10     0.07
  MONTH TO DATE    0.00                      0.10  -0.10     0.07
  SINCE JUN 1      3.28                      4.34  -1.06     5.59
  SINCE JAN 1     16.11                     22.34  -6.23    28.54

SNOWFALL (IN)
  TODAY            0.0          MM      MM   0.0    0.0      0.0
  MONTH TO DATE    0.0                       0.0    0.0      0.0
  SINCE JUN 1      0.0                       0.0    0.0      0.0
  SINCE JUL 1      0.0                       0.0    0.0      0.0
  SNOW DEPTH       0

DEGREE DAYS
 HEATING
  TODAY            0                         0      0        0
  MONTH TO DATE    0                         0      0        0
  SINCE JUN 1      0                         6     -6        0
  SINCE JUL 1      0                         0      0        0

 COOLING
  TODAY           11                        12     -1       15
  MONTH TO DATE   11                        12     -1       15
  SINCE JUN 1    369                       277     92      344
  SINCE JAN 1    474                       416     58      468
..................................................................


WIND (MPH)
  HIGHEST WIND SPEED     9   HIGHEST WIND DIRECTION    NW (320)
  HIGHEST GUST SPEED    12   HIGHEST GUST DIRECTION     W (290)
  AVERAGE WIND SPEED     3.3


SKY COVER
  POSSIBLE SUNSHINE  MM
  AVERAGE SKY COVER 0.2


WEATHER CONDITIONS
 THE FOLLOWING WEATHER WAS RECORDED TODAY.
  NO SIGNIFICANT WEATHER WAS OBSERVED.


RELATIVE HUMIDITY (PERCENT)
 HIGHEST   100           200 AM
 LOWEST     61           200 PM
 AVERAGE    81

..........................................................


THE HARRISON CLIMATE NORMALS FOR TOMORROW
                         NORMAL    RECORD    YEAR
 MAXIMUM TEMPERATURE (F)   88       104      1933
 MINIMUM TEMPERATURE (F)   67        47      1924


SUNRISE AND SUNSET
JULY  1 2016..........SUNRISE   559 AM CDT   SUNSET   834 PM CDT
JULY  2 2016..........SUNRISE   600 AM CDT   SUNSET   834 PM CDT


-  INDICATES NEGATIVE NUMBERS.
R  INDICATES RECORD WAS SET OR TIED.
MM INDICATES DATA IS MISSING.
T  INDICATES TRACE AMOUNT.




$$
