000
CDUS44 KLZK 262131
CLIHRO


CLIMATE REPORT
NATIONAL WEATHER SERVICE LITTLE ROCK AR
431 PM CDT SUN APR 26 2015


...................................

...THE HARRISON CLIMATE SUMMARY FOR APRIL 26 2015...
VALID TODAY AS OF 0400 PM LOCAL TIME.

CLIMATE NORMAL PERIOD 1981 TO 2010
CLIMATE RECORD PERIOD 1891 TO 2015


WEATHER ITEM   OBSERVED TIME   RECORD YEAR NORMAL DEPARTURE LAST
                VALUE   (LST)  VALUE       VALUE  FROM      YEAR
                                                  NORMAL
..................................................................
TEMPERATURE (F)
 TODAY
  MAXIMUM         59    159 PM  92    1927  72    -13       83
  MINIMUM         55    844 AM  26    1910  50      5       50
  AVERAGE         57                        61     -4       67

PRECIPITATION (IN)
  TODAY            0.00          1.60 1967   0.16  -0.16      T
  MONTH TO DATE    2.76                      3.66  -0.90     2.58
  SINCE MAR 1      8.70                      7.45   1.25     7.02
  SINCE JAN 1     12.24                     12.65  -0.41     8.97

SNOWFALL (IN)
  TODAY            0.0          MM      MM   0.0    0.0      0.0
  MONTH TO DATE    0.0                       0.3   -0.3      0.0
  SINCE MAR 1      4.3                       2.3    2.0     10.0
  SINCE JUL 1     13.6                      11.5    2.1     25.8
  SNOW DEPTH       0

DEGREE DAYS
 HEATING
  TODAY            8                         5      3        0
  MONTH TO DATE  168                       221    -53      186
  SINCE MAR 1    674                       729    -55      803
  SINCE JUL 1   4069                      3901    168     4338

 COOLING
  TODAY            0                         1     -1        2
  MONTH TO DATE   21                        26     -5       16
  SINCE MAR 1     25                        32     -7       16
  SINCE JAN 1     25                        32     -7       16
..................................................................


WIND (MPH)
  HIGHEST WIND SPEED    12   HIGHEST WIND DIRECTION    NE (50)
  HIGHEST GUST SPEED    14   HIGHEST GUST DIRECTION    NE (50)
  AVERAGE WIND SPEED     6.2


SKY COVER
  POSSIBLE SUNSHINE  MM
  AVERAGE SKY COVER 0.9


WEATHER CONDITIONS
 THE FOLLOWING WEATHER WAS RECORDED TODAY.
  NO SIGNIFICANT WEATHER WAS OBSERVED.


RELATIVE HUMIDITY (PERCENT)
 HIGHEST    86          1200 AM
 LOWEST     67           200 PM
 AVERAGE    77

..........................................................


THE HARRISON CLIMATE NORMALS FOR TOMORROW
                         NORMAL    RECORD    YEAR
 MAXIMUM TEMPERATURE (F)   72        99      1927
 MINIMUM TEMPERATURE (F)   50        32      1904


SUNRISE AND SUNSET
APRIL 26 2015.........SUNRISE   626 AM CDT   SUNSET   756 PM CDT
APRIL 27 2015.........SUNRISE   624 AM CDT   SUNSET   757 PM CDT


-  INDICATES NEGATIVE NUMBERS.
R  INDICATES RECORD WAS SET OR TIED.
MM INDICATES DATA IS MISSING.
T  INDICATES TRACE AMOUNT.




$$
