000
CDUS44 KLZK 310905
CLIHRO


CLIMATE REPORT
NATIONAL WEATHER SERVICE LITTLE ROCK AR
405 AM CDT THU JUL 31 2014


...................................

...THE HARRISON CLIMATE SUMMARY FOR JULY 30 2014...

CLIMATE NORMAL PERIOD 1981 TO 2010
CLIMATE RECORD PERIOD 1891 TO 2014


WEATHER ITEM   OBSERVED TIME   RECORD YEAR NORMAL DEPARTURE LAST
                VALUE   (LST)  VALUE       VALUE  FROM      YEAR
                                                  NORMAL
..................................................................
TEMPERATURE (F)
 YESTERDAY
  MAXIMUM         70   1034 AM 106    1986  90    -20       86
  MINIMUM         64    106 PM  54    1925  68     -4       72
  AVERAGE         67                        79    -12       79

PRECIPITATION (IN)
  YESTERDAY        2.17          4.90 1927   0.11   2.06     1.24
  MONTH TO DATE    5.34                      3.04   2.30     6.29
  SINCE JUN 1     10.22                      7.28   2.94     7.25
  SINCE JAN 1     25.53                     25.28   0.25    25.37

SNOWFALL (IN)
  YESTERDAY        0.0          MM      MM   0.0    0.0      0.0
  MONTH TO DATE    0.0                       0.0    0.0      0.0
  SINCE JUN 1      0.0                       0.0    0.0      0.0
  SINCE JUL 1      0.0                       0.0    0.0      0.0
  SNOW DEPTH       0

DEGREE DAYS
 HEATING
  YESTERDAY        0                         0      0        0
  MONTH TO DATE    0                         0      0        0
  SINCE JUN 1      0                         6     -6        5
  SINCE JUL 1      0                         0      0        0

 COOLING
  YESTERDAY        2                        14    -12       14
  MONTH TO DATE  270                       401   -131      343
  SINCE JUN 1    545                       666   -121      649
  SINCE JAN 1    732                       805    -73      795
..................................................................


WIND (MPH)
  HIGHEST WIND SPEED    12   HIGHEST WIND DIRECTION     N (10)
  HIGHEST GUST SPEED    14   HIGHEST GUST DIRECTION     N (360)
  AVERAGE WIND SPEED     2.6


SKY COVER
  POSSIBLE SUNSHINE  MM
  AVERAGE SKY COVER 0.9


WEATHER CONDITIONS
 THE FOLLOWING WEATHER WAS RECORDED YESTERDAY.
  HEAVY RAIN
  RAIN
  LIGHT RAIN
  FOG


RELATIVE HUMIDITY (PERCENT)
 HIGHEST   100           500 AM
 LOWEST     87           400 AM
 AVERAGE    94

..........................................................


THE HARRISON CLIMATE NORMALS FOR TODAY
                         NORMAL    RECORD    YEAR
 MAXIMUM TEMPERATURE (F)   90       107      1934
 MINIMUM TEMPERATURE (F)   68        46      1971


SUNRISE AND SUNSET
JULY 31 2014..........SUNRISE   619 AM CDT   SUNSET   819 PM CDT
AUGUST  1 2014........SUNRISE   619 AM CDT   SUNSET   818 PM CDT


-  INDICATES NEGATIVE NUMBERS.
R  INDICATES RECORD WAS SET OR TIED.
MM INDICATES DATA IS MISSING.
T  INDICATES TRACE AMOUNT.




$$
