000
CDUS44 KLZK 312156
CLIHRO


CLIMATE REPORT
NATIONAL WEATHER SERVICE LITTLE ROCK AR
356 PM CST SAT JAN 31 2015


...................................

...THE HARRISON CLIMATE SUMMARY FOR JANUARY 31 2015...
VALID TODAY AS OF 0300 PM LOCAL TIME.

CLIMATE NORMAL PERIOD 1981 TO 2010
CLIMATE RECORD PERIOD 1891 TO 2015


WEATHER ITEM   OBSERVED TIME   RECORD YEAR NORMAL DEPARTURE LAST
                VALUE   (LST)  VALUE       VALUE  FROM      YEAR
                                                  NORMAL
..................................................................
TEMPERATURE (F)
 TODAY
  MAXIMUM         46    259 PM  74    1927  48     -2       44
  MINIMUM         36    805 AM   0    1899  28      8       31
  AVERAGE         41                        38      3       38

PRECIPITATION (IN)
  TODAY            T             1.81 2002   0.08  -0.08     0.00
  MONTH TO DATE    1.82                      2.56  -0.74     1.03
  SINCE DEC 1      4.07                      5.76  -1.69     4.78
  SINCE JAN 1      1.82                      2.56  -0.74     1.03

SNOWFALL (IN)
  TODAY            0.0           5.0  2008   0.1   -0.1      0.0
                                      1982
  MONTH TO DATE    T                         4.2   -4.2      1.0
  SINCE DEC 1      T                         5.5   -5.5     10.0
  SINCE JUL 1      0.6                       6.0   -5.4     10.0
  SNOW DEPTH       0

DEGREE DAYS
 HEATING
  TODAY           24                        27     -3       27
  MONTH TO DATE  843                       886    -43      992
  SINCE DEC 1   1622                      1722   -100     1870
  SINCE JUL 1   2476                      2486    -10     2683

 COOLING
  TODAY            0                         0      0        0
  MONTH TO DATE    0                         0      0        0
  SINCE DEC 1      0                         0      0        0
  SINCE JAN 1      0                         0      0        0
..................................................................


WIND (MPH)
  HIGHEST WIND SPEED    18   HIGHEST WIND DIRECTION    SE (140)
  HIGHEST GUST SPEED    22   HIGHEST GUST DIRECTION    SE (150)
  AVERAGE WIND SPEED     9.4


SKY COVER
  POSSIBLE SUNSHINE  MM
  AVERAGE SKY COVER 0.7


WEATHER CONDITIONS
 THE FOLLOWING WEATHER WAS RECORDED TODAY.
  LIGHT RAIN


RELATIVE HUMIDITY (PERCENT)
 HIGHEST    64           300 AM
 LOWEST     37          1200 PM
 AVERAGE    51

..........................................................


THE HARRISON CLIMATE NORMALS FOR TOMORROW
                         NORMAL    RECORD    YEAR
 MAXIMUM TEMPERATURE (F)   48        82      1911
 MINIMUM TEMPERATURE (F)   28        -4      1951


SUNRISE AND SUNSET
JANUARY 31 2015.......SUNRISE   715 AM CST   SUNSET   538 PM CST
FEBRUARY  1 2015......SUNRISE   714 AM CST   SUNSET   539 PM CST


-  INDICATES NEGATIVE NUMBERS.
R  INDICATES RECORD WAS SET OR TIED.
MM INDICATES DATA IS MISSING.
T  INDICATES TRACE AMOUNT.




$$
