000
CDUS44 KLZK 232103
CLIHRO


CLIMATE REPORT
NATIONAL WEATHER SERVICE LITTLE ROCK AR
403 PM CDT TUE SEP 23 2014


...................................

...THE HARRISON CLIMATE SUMMARY FOR SEPTEMBER 23 2014...
VALID TODAY AS OF 0400 PM LOCAL TIME.

CLIMATE NORMAL PERIOD 1981 TO 2010
CLIMATE RECORD PERIOD 1891 TO 2014


WEATHER ITEM   OBSERVED TIME   RECORD YEAR NORMAL DEPARTURE LAST
                VALUE   (LST)  VALUE       VALUE  FROM      YEAR
                                                  NORMAL
..................................................................
TEMPERATURE (F)
 TODAY
  MAXIMUM         73    151 PM  94    1935  78     -5       78
  MINIMUM         47    613 AM  35    1953  55     -8       49
  AVERAGE         60                        66     -6       64

PRECIPITATION (IN)
  TODAY            0.00          3.03 1970   0.14  -0.14     0.00
  MONTH TO DATE    5.15                      3.25   1.90     1.09
  SINCE SEP 1      5.15                      3.25   1.90     1.09
  SINCE JAN 1     31.83                     32.21  -0.38    33.91

SNOWFALL (IN)
  TODAY            0.0          MM      MM   0.0    0.0      0.0
  MONTH TO DATE    0.0                       0.0    0.0      0.0
  SINCE SEP 1      0.0                       0.0    0.0      0.0
  SINCE JUL 1      0.0                       0.0    0.0      0.0
  SNOW DEPTH       0

DEGREE DAYS
 HEATING
  TODAY            5                         2      3        1
  MONTH TO DATE   30                        19     11        7
  SINCE SEP 1     30                        19     11        7
  SINCE JUL 1     31                        20     11        8

 COOLING
  TODAY            0                         4     -4        0
  MONTH TO DATE  140                       148     -8      189
  SINCE SEP 1    140                       148     -8      189
  SINCE JAN 1   1270                      1359    -89     1333
..................................................................


WIND (MPH)
  HIGHEST WIND SPEED    13   HIGHEST WIND DIRECTION    SE (120)
  HIGHEST GUST SPEED    17   HIGHEST GUST DIRECTION    SE (130)
  AVERAGE WIND SPEED     4.8


SKY COVER
  POSSIBLE SUNSHINE  MM
  AVERAGE SKY COVER 0.0


WEATHER CONDITIONS
 THE FOLLOWING WEATHER WAS RECORDED TODAY.
  NO SIGNIFICANT WEATHER WAS OBSERVED.


RELATIVE HUMIDITY (PERCENT)
 HIGHEST   100           100 AM
 LOWEST     41           100 PM
 AVERAGE    71

..........................................................


THE HARRISON CLIMATE NORMALS FOR TOMORROW
                         NORMAL    RECORD    YEAR
 MAXIMUM TEMPERATURE (F)   77        99      1926
 MINIMUM TEMPERATURE (F)   55        33      1989


SUNRISE AND SUNSET
SEPTEMBER 23 2014.....SUNRISE   701 AM CDT   SUNSET   708 PM CDT
SEPTEMBER 24 2014.....SUNRISE   702 AM CDT   SUNSET   706 PM CDT


-  INDICATES NEGATIVE NUMBERS.
R  INDICATES RECORD WAS SET OR TIED.
MM INDICATES DATA IS MISSING.
T  INDICATES TRACE AMOUNT.




$$
