000
CDUS44 KLZK 240904
CLIHRO


CLIMATE REPORT
NATIONAL WEATHER SERVICE LITTLE ROCK AR
404 AM CDT FRI OCT 24 2014


...................................

...THE HARRISON CLIMATE SUMMARY FOR OCTOBER 23 2014...

CLIMATE NORMAL PERIOD 1981 TO 2010
CLIMATE RECORD PERIOD 1891 TO 2014


WEATHER ITEM   OBSERVED TIME   RECORD YEAR NORMAL DEPARTURE LAST
                VALUE   (LST)  VALUE       VALUE  FROM      YEAR
                                                  NORMAL
..................................................................
TEMPERATURE (F)
 YESTERDAY
  MAXIMUM         64    341 PM  88    1939  68     -4       61
  MINIMUM         47    509 AM  21    1937  46      1       36
  AVERAGE         56                        57     -1       49

PRECIPITATION (IN)
  YESTERDAY        T             1.70 1951   0.12  -0.12     0.00
  MONTH TO DATE    4.91                      2.59   2.32     3.76
  SINCE SEP 1     10.06                      6.79   3.27     5.11
  SINCE JAN 1     36.74                     35.75   0.99    37.93

SNOWFALL (IN)
  YESTERDAY        0.0          MM      MM   0.0    0.0      0.0
  MONTH TO DATE    0.0                       0.0    0.0      0.0
  SINCE SEP 1      0.0                       0.0    0.0      0.0
  SINCE JUL 1      0.0                       0.0    0.0      0.0
  SNOW DEPTH       0

DEGREE DAYS
 HEATING
  YESTERDAY        9                         9      0       16
  MONTH TO DATE  109                       142    -33      152
  SINCE SEP 1    142                       184    -42      159
  SINCE JUL 1    143                       185    -42      160

 COOLING
  YESTERDAY        0                         1     -1        0
  MONTH TO DATE   39                        29     10       47
  SINCE SEP 1    205                       197      8      270
  SINCE JAN 1   1335                      1408    -73     1414
..................................................................


WIND (MPH)
  HIGHEST WIND SPEED     9   HIGHEST WIND DIRECTION    SE (150)
  HIGHEST GUST SPEED    11   HIGHEST GUST DIRECTION    SE (140)
  AVERAGE WIND SPEED     4.3


SKY COVER
  POSSIBLE SUNSHINE  MM
  AVERAGE SKY COVER 0.3


WEATHER CONDITIONS
 THE FOLLOWING WEATHER WAS RECORDED YESTERDAY.
  LIGHT RAIN
  FOG


RELATIVE HUMIDITY (PERCENT)
 HIGHEST   100           200 AM
 LOWEST     64          1200 PM
 AVERAGE    82

..........................................................


THE HARRISON CLIMATE NORMALS FOR TODAY
                         NORMAL    RECORD    YEAR
 MAXIMUM TEMPERATURE (F)   68        92      1927
 MINIMUM TEMPERATURE (F)   46        20      1917


SUNRISE AND SUNSET
OCTOBER 24 2014.......SUNRISE   728 AM CDT   SUNSET   625 PM CDT
OCTOBER 25 2014.......SUNRISE   729 AM CDT   SUNSET   624 PM CDT


-  INDICATES NEGATIVE NUMBERS.
R  INDICATES RECORD WAS SET OR TIED.
MM INDICATES DATA IS MISSING.
T  INDICATES TRACE AMOUNT.




$$
