000
CDUS44 KLZK 200903
CLILIT


CLIMATE REPORT
NATIONAL WEATHER SERVICE LITTLE ROCK AR
402 AM CDT MON OCT 20 2014


...................................

...THE LITTLE ROCK ADAMS FIELD CLIMATE SUMMARY FOR OCTOBER 19 2014...

CLIMATE NORMAL PERIOD 1981 TO 2010
CLIMATE RECORD PERIOD 1874 TO 2014


WEATHER ITEM   OBSERVED TIME   RECORD YEAR NORMAL DEPARTURE LAST
                VALUE   (LST)  VALUE       VALUE  FROM      YEAR
                                                  NORMAL
..................................................................
TEMPERATURE (F)
 YESTERDAY
  MAXIMUM         71    322 PM  90    1963  74     -3       64
  MINIMUM         48    630 AM  33    1989  52     -4       44
  AVERAGE         60                        63     -3       54

PRECIPITATION (IN)
  YESTERDAY        0.00          2.02 1883   0.18  -0.18     0.09
  MONTH TO DATE    3.28                      2.88   0.40     2.04
  SINCE SEP 1      5.29                      6.06  -0.77     5.25
  SINCE JAN 1     42.42                     37.47   4.95    39.85

SNOWFALL (IN)
  YESTERDAY        0.0          MM      MM   0.0    0.0      0.0
  MONTH TO DATE    0.0                       0.0    0.0      0.0
  SINCE SEP 1      0.0                       0.0    0.0      0.0
  SINCE JUL 1      0.0                       0.0    0.0      0.0
  SNOW DEPTH       0

DEGREE DAYS
 HEATING
  YESTERDAY        5                         4      1       11
  MONTH TO DATE   23                        50    -27       31
  SINCE SEP 1     27                        61    -34       31
  SINCE JUL 1     27                        61    -34       31

 COOLING
  YESTERDAY        0                         2     -2        0
  MONTH TO DATE   87                        63     24       82
  SINCE SEP 1    417                       375     42      486
  SINCE JAN 1   2027                      2176   -149     2192
..................................................................


WIND (MPH)
  HIGHEST WIND SPEED    10   HIGHEST WIND DIRECTION     E (100)
  HIGHEST GUST SPEED    16   HIGHEST GUST DIRECTION    NE (60)
  AVERAGE WIND SPEED     2.5


SKY COVER
  POSSIBLE SUNSHINE  MM
  AVERAGE SKY COVER 0.5


WEATHER CONDITIONS
 THE FOLLOWING WEATHER WAS RECORDED YESTERDAY.
  NO SIGNIFICANT WEATHER WAS OBSERVED.


RELATIVE HUMIDITY (PERCENT)
 HIGHEST    86           500 AM
 LOWEST     37           300 PM
 AVERAGE    62

..........................................................


THE LITTLE ROCK ADAMS FIELD CLIMATE NORMALS FOR TODAY
                         NORMAL    RECORD    YEAR
 MAXIMUM TEMPERATURE (F)   74        90      1963
 MINIMUM TEMPERATURE (F)   51        29      1989


SUNRISE AND SUNSET
OCTOBER 20 2014.......SUNRISE   719 AM CDT   SUNSET   628 PM CDT
OCTOBER 21 2014.......SUNRISE   720 AM CDT   SUNSET   627 PM CDT


-  INDICATES NEGATIVE NUMBERS.
R  INDICATES RECORD WAS SET OR TIED.
MM INDICATES DATA IS MISSING.
T  INDICATES TRACE AMOUNT.




$$
