000
CDUS44 KLZK 240909
CLILIT


CLIMATE REPORT
NATIONAL WEATHER SERVICE LITTLE ROCK AR
409 AM CDT THU APR 24 2014


...................................

...THE LITTLE ROCK ADAMS FIELD CLIMATE SUMMARY FOR APRIL 23 2014...

CLIMATE NORMAL PERIOD 1981 TO 2010
CLIMATE RECORD PERIOD 1874 TO 2014


WEATHER ITEM   OBSERVED TIME   RECORD YEAR NORMAL DEPARTURE LAST
                VALUE   (LST)  VALUE       VALUE  FROM      YEAR
                                                  NORMAL
..................................................................
TEMPERATURE (F)
 YESTERDAY
  MAXIMUM         78    449 PM  90    2009  75      3       77
  MINIMUM         51    503 AM  40    1982  53     -2       52
  AVERAGE         65                        64      1       65

PRECIPITATION (IN)
  YESTERDAY        0.00          5.13 1878   0.19  -0.19     0.00
  MONTH TO DATE    4.13                      3.89   0.24     3.03
  SINCE MAR 1      9.42                      8.57   0.85     7.60
  SINCE JAN 1     14.99                     15.78  -0.79    17.16

SNOWFALL (IN)
  YESTERDAY        0.0          MM      MM   0.0    0.0      0.0
  MONTH TO DATE    T                         0.0    0.0      0.0
  SINCE MAR 1      2.2                       0.4    1.8       T
  SINCE JUL 1      6.2                       3.5    2.7     10.6
  SNOW DEPTH       0

DEGREE DAYS
 HEATING
  YESTERDAY        0                         3     -3        0
  MONTH TO DATE  130                       128      2      158
  SINCE MAR 1    625                       503    122      651
  SINCE JUL 1   3398                      3016    382     2937

 COOLING
  YESTERDAY        0                         2     -2        0
  MONTH TO DATE   38                        36      2       44
  SINCE MAR 1     38                        50    -12       47
  SINCE JAN 1     38                        52    -14       52
..................................................................


WIND (MPH)
  HIGHEST WIND SPEED    16   HIGHEST WIND DIRECTION     E (110)
  HIGHEST GUST SPEED    21   HIGHEST GUST DIRECTION    SE (120)
  AVERAGE WIND SPEED     5.5


SKY COVER
  POSSIBLE SUNSHINE  MM
  AVERAGE SKY COVER 0.2


WEATHER CONDITIONS
 THE FOLLOWING WEATHER WAS RECORDED YESTERDAY.
  NO SIGNIFICANT WEATHER WAS OBSERVED.


RELATIVE HUMIDITY (PERCENT)
 HIGHEST    89           300 AM
 LOWEST     29           500 PM
 AVERAGE    59

..........................................................


THE LITTLE ROCK ADAMS FIELD CLIMATE NORMALS FOR TODAY
                         NORMAL    RECORD    YEAR
 MAXIMUM TEMPERATURE (F)   75        89      1965
                                             1949
 MINIMUM TEMPERATURE (F)   54        36      1910


SUNRISE AND SUNSET
APRIL 24 2014.........SUNRISE   626 AM CDT   SUNSET   748 PM CDT
APRIL 25 2014.........SUNRISE   625 AM CDT   SUNSET   749 PM CDT


-  INDICATES NEGATIVE NUMBERS.
R  INDICATES RECORD WAS SET OR TIED.
MM INDICATES DATA IS MISSING.
T  INDICATES TRACE AMOUNT.




$$
