000
CDUS44 KLZK 230635
CLILIT


CLIMATE REPORT
NATIONAL WEATHER SERVICE LITTLE ROCK AR
135 AM CDT THU MAR 23 2017


...................................

...THE LITTLE ROCK ADAMS FIELD CLIMATE SUMMARY FOR MARCH 22 2017...

CLIMATE NORMAL PERIOD 1981 TO 2010
CLIMATE RECORD PERIOD 1874 TO 2017


WEATHER ITEM   OBSERVED TIME   RECORD YEAR NORMAL DEPARTURE LAST
                VALUE   (LST)  VALUE       VALUE  FROM      YEAR
                                                  NORMAL
..................................................................
TEMPERATURE (F)
 YESTERDAY
  MAXIMUM         64    356 PM  86    1910  66     -2       73
                                      1907
  MINIMUM         48    641 AM  24    1915  44      4       41
  AVERAGE         56                        55      1       57

PRECIPITATION (IN)
  YESTERDAY        0.00          1.28 1879   0.16  -0.16     0.00
  MONTH TO DATE    2.86                      3.26  -0.40     8.08
  SINCE MAR 1      2.86                      3.26  -0.40     8.08
  SINCE JAN 1      7.86                     10.47  -2.61    13.77

SNOWFALL (IN)
  YESTERDAY        0.0           T    1968   0.0    0.0      0.0
                                      1955
  MONTH TO DATE    0.0                       0.4   -0.4      0.0
  SINCE MAR 1      0.0                       0.4   -0.4      0.0
  SINCE JUL 1      0.2                       3.5   -3.3      5.7
  SNOW DEPTH       0

DEGREE DAYS
 HEATING
  YESTERDAY        9                        10     -1        8
  MONTH TO DATE  262                       292    -30      163
  SINCE MAR 1    262                       292    -30      163
  SINCE JUL 1   2176                      2805   -629     2052

 COOLING
  YESTERDAY        0                         1     -1        0
  MONTH TO DATE   10                         2      8       13
  SINCE MAR 1     10                         2      8       13
  SINCE JAN 1     22                         4     18       19
..................................................................


WIND (MPH)
  HIGHEST WIND SPEED    22   HIGHEST WIND DIRECTION    NE (40)
  HIGHEST GUST SPEED    27   HIGHEST GUST DIRECTION    NE (40)
  AVERAGE WIND SPEED    12.6


SKY COVER
  POSSIBLE SUNSHINE  MM
  AVERAGE SKY COVER 0.6


WEATHER CONDITIONS
 THE FOLLOWING WEATHER WAS RECORDED YESTERDAY.
  NO SIGNIFICANT WEATHER WAS OBSERVED.


RELATIVE HUMIDITY (PERCENT)
 HIGHEST    83          1200 AM
 LOWEST     52           200 PM
 AVERAGE    68

..........................................................


THE LITTLE ROCK ADAMS FIELD CLIMATE NORMALS FOR TODAY
                         NORMAL    RECORD    YEAR
 MAXIMUM TEMPERATURE (F)   66        89      1929
 MINIMUM TEMPERATURE (F)   45        28      2002
                                             1885


SUNRISE AND SUNSET
MARCH 23 2017.........SUNRISE   708 AM CDT   SUNSET   723 PM CDT
MARCH 24 2017.........SUNRISE   707 AM CDT   SUNSET   724 PM CDT


-  INDICATES NEGATIVE NUMBERS.
R  INDICATES RECORD WAS SET OR TIED.
MM INDICATES DATA IS MISSING.
T  INDICATES TRACE AMOUNT.




$$
