000
CDUS44 KLZK 240634
CLILIT


CLIMATE REPORT
NATIONAL WEATHER SERVICE LITTLE ROCK AR
1233 AM CST WED JAN 24 2018


...................................

...THE LITTLE ROCK ADAMS FIELD CLIMATE SUMMARY FOR JANUARY 23 2018...

CLIMATE NORMAL PERIOD 1981 TO 2010
CLIMATE RECORD PERIOD 1874 TO 2018


WEATHER ITEM   OBSERVED TIME   RECORD YEAR NORMAL DEPARTURE LAST
                VALUE   (LST)  VALUE       VALUE  FROM      YEAR
                                                  NORMAL
..................................................................
TEMPERATURE (F)
 YESTERDAY
  MAXIMUM         53    404 PM  81    1943  51      2       57
  MINIMUM         38   1159 PM   6    1963  31      7       39
  AVERAGE         46                        41      5       48

PRECIPITATION (IN)
  YESTERDAY        0.00          1.31 1939   0.11  -0.11     0.00
  MONTH TO DATE    1.51                      2.66  -1.15     1.47
  SINCE DEC 1      9.25                      7.63   1.62     5.86
  SINCE JAN 1      1.51                      2.66  -1.15     1.47

SNOWFALL (IN)
  YESTERDAY        0.0           2.0  1940   0.1   -0.1      0.0
  MONTH TO DATE    1.7                       1.2    0.5      0.2
  SINCE DEC 1      1.7                       1.4    0.3      0.2
  SINCE JUL 1      1.7                       1.4    0.3      0.2
  SNOW DEPTH       0

DEGREE DAYS
 HEATING
  YESTERDAY       19                        24     -5       17
  MONTH TO DATE  689                       552    137      435
  SINCE DEC 1   1362                      1235    127     1102
  SINCE JUL 1   1828                      1749     79     1441

 COOLING
  YESTERDAY        0                         0      0        0
  MONTH TO DATE    0                         0      0        0
  SINCE DEC 1      0                         2     -2        2
  SINCE JAN 1      0                         0      0        0
..................................................................


WIND (MPH)
  HIGHEST WIND SPEED    20   HIGHEST WIND DIRECTION     W (290)
  HIGHEST GUST SPEED    26   HIGHEST GUST DIRECTION     W (270)
  AVERAGE WIND SPEED    11.5


SKY COVER
  POSSIBLE SUNSHINE  MM
  AVERAGE SKY COVER 0.0


WEATHER CONDITIONS
 THE FOLLOWING WEATHER WAS RECORDED YESTERDAY.
  NO SIGNIFICANT WEATHER WAS OBSERVED.


RELATIVE HUMIDITY (PERCENT)
 HIGHEST    70           700 AM
 LOWEST     38           300 PM
 AVERAGE    54

..........................................................


THE LITTLE ROCK ADAMS FIELD CLIMATE NORMALS FOR TODAY
                         NORMAL    RECORD    YEAR
 MAXIMUM TEMPERATURE (F)   51        81      1950
 MINIMUM TEMPERATURE (F)   31         2      1963


SUNRISE AND SUNSET
JANUARY 24 2018.......SUNRISE   712 AM CST   SUNSET   530 PM CST
JANUARY 25 2018.......SUNRISE   712 AM CST   SUNSET   531 PM CST


-  INDICATES NEGATIVE NUMBERS.
R  INDICATES RECORD WAS SET OR TIED.
MM INDICATES DATA IS MISSING.
T  INDICATES TRACE AMOUNT.




$$
