000
CDUS44 KLZK 302118
CLILIT


CLIMATE REPORT
NATIONAL WEATHER SERVICE LITTLE ROCK AR
418 PM CDT THU OCT 30 2014


...................................

...THE LITTLE ROCK ADAMS FIELD CLIMATE SUMMARY FOR OCTOBER 30 2014...
VALID TODAY AS OF 0400 PM LOCAL TIME.

CLIMATE NORMAL PERIOD 1981 TO 2010
CLIMATE RECORD PERIOD 1874 TO 2014


WEATHER ITEM   OBSERVED TIME   RECORD YEAR NORMAL DEPARTURE LAST
                VALUE   (LST)  VALUE       VALUE  FROM      YEAR
                                                  NORMAL
..................................................................
TEMPERATURE (F)
 TODAY
  MAXIMUM         74    159 PM  87    1961  70      4       71
                                      1937
  MINIMUM         45    643 AM  27    1917  48     -3       62
  AVERAGE         60                        59      1       67

PRECIPITATION (IN)
  TODAY            0.00          2.66 1929   0.17  -0.17     0.17
  MONTH TO DATE    3.63                      4.75  -1.12     2.49
  SINCE SEP 1      5.64                      7.93  -2.29     5.70
  SINCE JAN 1     42.77                     39.34   3.43    40.30

SNOWFALL (IN)
  TODAY            0.0           T    1993   0.0    0.0      0.0
                                      1925
  MONTH TO DATE    0.0                       0.0    0.0      0.0
  SINCE SEP 1      0.0                       0.0    0.0      0.0
  SINCE JUL 1      0.0                       0.0    0.0      0.0
  SNOW DEPTH       0

DEGREE DAYS
 HEATING
  TODAY            5                         7     -2        0
  MONTH TO DATE   51                       115    -64      114
  SINCE SEP 1     55                       126    -71      114
  SINCE JUL 1     55                       126    -71      114

 COOLING
  TODAY            0                         1     -1        2
  MONTH TO DATE  109                        79     30       84
  SINCE SEP 1    439                       391     48      488
  SINCE JAN 1   2049                      2192   -143     2194
..................................................................


WIND (MPH)
  HIGHEST WIND SPEED    13   HIGHEST WIND DIRECTION    SW (220)
  HIGHEST GUST SPEED    21   HIGHEST GUST DIRECTION    SW (240)
  AVERAGE WIND SPEED     3.2


SKY COVER
  POSSIBLE SUNSHINE  MM
  AVERAGE SKY COVER 0.2


WEATHER CONDITIONS
 THE FOLLOWING WEATHER WAS RECORDED TODAY.
  NO SIGNIFICANT WEATHER WAS OBSERVED.


RELATIVE HUMIDITY (PERCENT)
 HIGHEST    93           300 AM
 LOWEST     31           200 PM
 AVERAGE    62

..........................................................


THE LITTLE ROCK ADAMS FIELD CLIMATE NORMALS FOR TOMORROW
                         NORMAL    RECORD    YEAR
 MAXIMUM TEMPERATURE (F)   70        86      1961
 MINIMUM TEMPERATURE (F)   48        29      1925


SUNRISE AND SUNSET
OCTOBER 30 2014.......SUNRISE   728 AM CDT   SUNSET   617 PM CDT
OCTOBER 31 2014.......SUNRISE   729 AM CDT   SUNSET   616 PM CDT


-  INDICATES NEGATIVE NUMBERS.
R  INDICATES RECORD WAS SET OR TIED.
MM INDICATES DATA IS MISSING.
T  INDICATES TRACE AMOUNT.




$$
