000
CDUS44 KLZK 280909
CLILIT


CLIMATE REPORT
NATIONAL WEATHER SERVICE LITTLE ROCK AR
409 AM CDT SAT MAR 28 2015


...................................

...THE LITTLE ROCK ADAMS FIELD CLIMATE SUMMARY FOR MARCH 27 2015...

CLIMATE NORMAL PERIOD 1981 TO 2010
CLIMATE RECORD PERIOD 1874 TO 2015


WEATHER ITEM   OBSERVED TIME   RECORD YEAR NORMAL DEPARTURE LAST
                VALUE   (LST)  VALUE       VALUE  FROM      YEAR
                                                  NORMAL
..................................................................
TEMPERATURE (F)
 YESTERDAY
  MAXIMUM         58    339 PM  87    1895  68    -10       64
  MINIMUM         41    236 AM  21    1955  46     -5       52
  AVERAGE         50                        57     -7       58

PRECIPITATION (IN)
  YESTERDAY        T             2.55 1946   0.15  -0.15     1.02
  MONTH TO DATE    8.04                      4.03   4.01     4.44
  SINCE MAR 1      8.04                      4.03   4.01     4.44
  SINCE JAN 1     14.85                     11.24   3.61    10.01

SNOWFALL (IN)
  YESTERDAY        0.0           T    1931   0.0    0.0      0.0
                                      1913
  MONTH TO DATE    5.7                       0.4    5.3      2.2
  SINCE MAR 1      5.7                       0.4    5.3      2.2
  SINCE JUL 1     11.1                       3.5    7.6      6.2
  SNOW DEPTH       0

DEGREE DAYS
 HEATING
  YESTERDAY       15                         9      6        7
  MONTH TO DATE  372                       340     32      465
  SINCE MAR 1    372                       340     32      465
  SINCE JUL 1   3018                      2853    165     3238

 COOLING
  YESTERDAY        0                         1     -1        0
  MONTH TO DATE    8                         7      1        0
  SINCE MAR 1      8                         7      1        0
  SINCE JAN 1      8                         9     -1        0
..................................................................


WIND (MPH)
  HIGHEST WIND SPEED    18   HIGHEST WIND DIRECTION     N (350)
  HIGHEST GUST SPEED    33   HIGHEST GUST DIRECTION     N (340)
  AVERAGE WIND SPEED     6.0


SKY COVER
  POSSIBLE SUNSHINE  MM
  AVERAGE SKY COVER 0.7


WEATHER CONDITIONS
 THE FOLLOWING WEATHER WAS RECORDED YESTERDAY.
  LIGHT RAIN


RELATIVE HUMIDITY (PERCENT)
 HIGHEST    86           200 AM
 LOWEST     30           500 PM
 AVERAGE    58

..........................................................


THE LITTLE ROCK ADAMS FIELD CLIMATE NORMALS FOR TODAY
                         NORMAL    RECORD    YEAR
 MAXIMUM TEMPERATURE (F)   68        86      1907
 MINIMUM TEMPERATURE (F)   46        26      1937


SUNRISE AND SUNSET
MARCH 28 2015.........SUNRISE   702 AM CDT   SUNSET   727 PM CDT
MARCH 29 2015.........SUNRISE   700 AM CDT   SUNSET   728 PM CDT


-  INDICATES NEGATIVE NUMBERS.
R  INDICATES RECORD WAS SET OR TIED.
MM INDICATES DATA IS MISSING.
T  INDICATES TRACE AMOUNT.




$$
