000
CDUS44 KLZK 180634
CLILIT


CLIMATE REPORT
NATIONAL WEATHER SERVICE LITTLE ROCK AR
133 AM CDT WED OCT 18 2017


...................................

...THE LITTLE ROCK ADAMS FIELD CLIMATE SUMMARY FOR OCTOBER 17 2017...

CLIMATE NORMAL PERIOD 1981 TO 2010
CLIMATE RECORD PERIOD 1874 TO 2017


WEATHER ITEM   OBSERVED TIME   RECORD YEAR NORMAL DEPARTURE LAST
                VALUE   (LST)  VALUE       VALUE  FROM      YEAR
                                                  NORMAL
..................................................................
TEMPERATURE (F)
 YESTERDAY
  MAXIMUM         72    314 PM  89    1953  75     -3       86
  MINIMUM         42    425 AM  34    1943  52    -10       65
  AVERAGE         57                        63     -6       76

PRECIPITATION (IN)
  YESTERDAY        0.00          2.47 1937   0.18  -0.18     0.00
  MONTH TO DATE    0.46                      2.52  -2.06     1.61
  SINCE SEP 1      0.91                      5.70  -4.79     2.92
  SINCE JAN 1     38.20                     37.11   1.09    48.87

SNOWFALL (IN)
  YESTERDAY        0.0          MM      MM   0.0    0.0      0.0
  MONTH TO DATE    0.0                       0.0    0.0      0.0
  SINCE SEP 1      0.0                       0.0    0.0      0.0
  SINCE JUL 1      0.0                       0.0    0.0      0.0
  SNOW DEPTH       0

DEGREE DAYS
 HEATING
  YESTERDAY        8                         4      4        0
  MONTH TO DATE   20                        42    -22       11
  SINCE SEP 1     21                        53    -32       11
  SINCE JUL 1     21                        53    -32       11

 COOLING
  YESTERDAY        0                         2     -2       11
  MONTH TO DATE  118                        59     59       83
  SINCE SEP 1    422                       371     51      534
  SINCE JAN 1   1990                      2172   -182     2587
..................................................................


WIND (MPH)
  HIGHEST WIND SPEED    10   HIGHEST WIND DIRECTION     E (80)
  HIGHEST GUST SPEED    13   HIGHEST GUST DIRECTION     E (90)
  AVERAGE WIND SPEED     1.5


SKY COVER
  POSSIBLE SUNSHINE  MM
  AVERAGE SKY COVER 0.1


WEATHER CONDITIONS
 THE FOLLOWING WEATHER WAS RECORDED YESTERDAY.
  NO SIGNIFICANT WEATHER WAS OBSERVED.


RELATIVE HUMIDITY (PERCENT)
 HIGHEST   100          1200 AM
 LOWEST     31           300 PM
 AVERAGE    66

..........................................................


THE LITTLE ROCK ADAMS FIELD CLIMATE NORMALS FOR TODAY
                         NORMAL    RECORD    YEAR
 MAXIMUM TEMPERATURE (F)   74        91      2005
 MINIMUM TEMPERATURE (F)   52        33      1976


SUNRISE AND SUNSET
OCTOBER 18 2017.......SUNRISE   717 AM CDT   SUNSET   630 PM CDT
OCTOBER 19 2017.......SUNRISE   718 AM CDT   SUNSET   629 PM CDT


-  INDICATES NEGATIVE NUMBERS.
R  INDICATES RECORD WAS SET OR TIED.
MM INDICATES DATA IS MISSING.
T  INDICATES TRACE AMOUNT.




$$
