000
CDUS44 KLZK 242059
CLILIT


CLIMATE REPORT
NATIONAL WEATHER SERVICE LITTLE ROCK AR
359 PM CDT FRI APR 24 2015


...................................

...THE LITTLE ROCK ADAMS FIELD CLIMATE SUMMARY FOR APRIL 24 2015...
VALID TODAY AS OF 0300 PM LOCAL TIME.

CLIMATE NORMAL PERIOD 1981 TO 2010
CLIMATE RECORD PERIOD 1874 TO 2015


WEATHER ITEM   OBSERVED TIME   RECORD YEAR NORMAL DEPARTURE LAST
                VALUE   (LST)  VALUE       VALUE  FROM      YEAR
                                                  NORMAL
..................................................................
TEMPERATURE (F)
 TODAY
  MAXIMUM         59    159 PM  89    1965  75    -16       79
                                      1949
  MINIMUM         52    416 AM  36    1910  54     -2       54
  AVERAGE         56                        64     -8       67

PRECIPITATION (IN)
  TODAY            0.42          2.30 1905   0.18   0.24     0.34
  MONTH TO DATE    3.99                      4.07  -0.08     4.47
  SINCE MAR 1     12.09                      8.75   3.34     9.76
  SINCE JAN 1     18.90                     15.96   2.94    15.33

SNOWFALL (IN)
  TODAY            0.0          MM      MM   0.0    0.0      0.0
  MONTH TO DATE    T                         0.0    0.0       T
  SINCE MAR 1      5.7                       0.4    5.3      2.2
  SINCE JUL 1     11.1                       3.5    7.6      6.2
  SNOW DEPTH       0

DEGREE DAYS
 HEATING
  TODAY            9                         3      6        0
  MONTH TO DATE   62                       131    -69      130
  SINCE MAR 1    457                       506    -49      625
  SINCE JUL 1   3103                      3019     84     3398

 COOLING
  TODAY            0                         2     -2        2
  MONTH TO DATE   66                        38     28       40
  SINCE MAR 1     80                        52     28       40
  SINCE JAN 1     80                        54     26       40
..................................................................


WIND (MPH)
  HIGHEST WIND SPEED    21   HIGHEST WIND DIRECTION     W (270)
  HIGHEST GUST SPEED    24   HIGHEST GUST DIRECTION     W (280)
  AVERAGE WIND SPEED     4.0


SKY COVER
  POSSIBLE SUNSHINE  MM
  AVERAGE SKY COVER 0.9


WEATHER CONDITIONS
 THE FOLLOWING WEATHER WAS RECORDED TODAY.
  THUNDERSTORM
  RAIN
  LIGHT RAIN
  FOG


RELATIVE HUMIDITY (PERCENT)
 HIGHEST    87           100 PM
 LOWEST     66          1200 AM
 AVERAGE    77

..........................................................


THE LITTLE ROCK ADAMS FIELD CLIMATE NORMALS FOR TOMORROW
                         NORMAL    RECORD    YEAR
 MAXIMUM TEMPERATURE (F)   76        88      1961
 MINIMUM TEMPERATURE (F)   54        35      1910


SUNRISE AND SUNSET
APRIL 24 2015.........SUNRISE   627 AM CDT   SUNSET   748 PM CDT
APRIL 25 2015.........SUNRISE   625 AM CDT   SUNSET   749 PM CDT


-  INDICATES NEGATIVE NUMBERS.
R  INDICATES RECORD WAS SET OR TIED.
MM INDICATES DATA IS MISSING.
T  INDICATES TRACE AMOUNT.




$$
