000
CDUS44 KLZK 260637
CLILZK


CLIMATE REPORT
NATIONAL WEATHER SERVICE LITTLE ROCK AR
136 AM CDT SUN JUN 26 2016


...................................

...THE NORTH LITTLE ROCK CLIMATE SUMMARY FOR JUNE 25 2016...

CLIMATE NORMAL PERIOD 1981 TO 2010
CLIMATE RECORD PERIOD 1975 TO 2016


WEATHER ITEM   OBSERVED TIME   RECORD YEAR NORMAL DEPARTURE LAST
                VALUE   (LST)  VALUE       VALUE  FROM      YEAR
                                                  NORMAL
..................................................................
TEMPERATURE (F)
 YESTERDAY
  MAXIMUM         95        MM 105    2012  90      5       96
  MINIMUM         74        MM  60    1979  71      3       76
  AVERAGE         85                        81      4       86

PRECIPITATION (IN)
  YESTERDAY        0.00          1.03 1996   0.10  -0.10     0.00
  MONTH TO DATE    1.80                      2.78  -0.98     1.18
  SINCE JUN 1      1.80                      2.78  -0.98     1.18
  SINCE JAN 1     30.03                     24.38   5.65    32.24

SNOWFALL (IN)
  YESTERDAY        0.0          MM      MM   0.0    0.0      0.0
  MONTH TO DATE    0.0                       0.0    0.0      0.0
  SINCE JUN 1      0.0                       0.0    0.0      0.0
  SINCE JUL 1      7.2                       4.4    2.8     10.6
  SNOW DEPTH       0

DEGREE DAYS
 HEATING
  YESTERDAY        0                         0      0        0
  MONTH TO DATE    0                         0      0        0
  SINCE JUN 1      0                         0      0        0
  SINCE JUL 1   2321                      3005   -684     3312

 COOLING
  YESTERDAY       20                        16      4       21
  MONTH TO DATE  394                       332     62      377
  SINCE JUN 1    394                       332     62      377
  SINCE JAN 1    622                       628     -6      660
..................................................................


WIND (MPH)
  HIGHEST WIND SPEED     8   HIGHEST WIND DIRECTION     S (200)
  HIGHEST GUST SPEED    17   HIGHEST GUST DIRECTION     S (200)
  AVERAGE WIND SPEED     4.1


SKY COVER
  POSSIBLE SUNSHINE  MM
  AVERAGE SKY COVER 0.0


WEATHER CONDITIONS
 THE FOLLOWING WEATHER WAS RECORDED YESTERDAY.
  NO SIGNIFICANT WEATHER WAS OBSERVED.


RELATIVE HUMIDITY (PERCENT)
 HIGHEST    85           100 AM
 LOWEST     44           100 PM
 AVERAGE    65

..........................................................


THE NORTH LITTLE ROCK CLIMATE NORMALS FOR TODAY
                         NORMAL    RECORD    YEAR
 MAXIMUM TEMPERATURE (F)   90        97      2011
                                             2009
                                             1988
 MINIMUM TEMPERATURE (F)   71        61      1979


SUNRISE AND SUNSET
JUNE 26 2016..........SUNRISE   557 AM CDT   SUNSET   827 PM CDT
JUNE 27 2016..........SUNRISE   558 AM CDT   SUNSET   827 PM CDT


-  INDICATES NEGATIVE NUMBERS.
R  INDICATES RECORD WAS SET OR TIED.
MM INDICATES DATA IS MISSING.
T  INDICATES TRACE AMOUNT.




$$
