000
CDUS44 KLZK 010739
CLILZK


CLIMATE REPORT
NATIONAL WEATHER SERVICE LITTLE ROCK AR
239 AM CDT WED JUN 1 2016


...................................

...THE NORTH LITTLE ROCK CLIMATE SUMMARY FOR MAY 31 2016...

CLIMATE NORMAL PERIOD 1981 TO 2010
CLIMATE RECORD PERIOD 1975 TO 2016


WEATHER ITEM   OBSERVED TIME   RECORD YEAR NORMAL DEPARTURE LAST
                VALUE   (LST)  VALUE       VALUE  FROM      YEAR
                                                  NORMAL
..................................................................
TEMPERATURE (F)
 YESTERDAY
  MAXIMUM         83    400 PM  97    1998  84     -1       74
  MINIMUM         64        MM  51    1984  66     -2       64
                                      1983
  AVERAGE         74                        75     -1       69

PRECIPITATION (IN)
  YESTERDAY        0.00          1.61 1987   0.14  -0.14     0.08
  MONTH TO DATE    2.72                      4.96  -2.24    11.27
  SINCE MAR 1     23.17                     14.52   8.65    24.88
  SINCE JAN 1     28.23                     21.60   6.63    31.06

SNOWFALL (IN)
  YESTERDAY        0.0          MM      MM   0.0    0.0      0.0
  MONTH TO DATE    0.0                       0.0    0.0      0.0
  SINCE MAR 1      T                         0.4   -0.4      6.4
  SINCE JUL 1      7.2                       4.4    2.8     10.6
  SNOW DEPTH       0

DEGREE DAYS
 HEATING
  YESTERDAY        0                         0      0        0
  MONTH TO DATE   33                        21     12       18
  SINCE MAR 1    360                       519   -159      515
  SINCE JUL 1   2321                      3005   -684     3312

 COOLING
  YESTERDAY        9                        10     -1        4
  MONTH TO DATE  148                       207    -59      208
  SINCE MAR 1    225                       294    -69      283
  SINCE JAN 1    228                       296    -68      283
..................................................................


WIND (MPH)
  HIGHEST WIND SPEED     6   HIGHEST WIND DIRECTION     E (90)
  HIGHEST GUST SPEED    MM   HIGHEST GUST DIRECTION    MM
  AVERAGE WIND SPEED     2.2


SKY COVER
  POSSIBLE SUNSHINE  MM
  AVERAGE SKY COVER 0.0


WEATHER CONDITIONS
 THE FOLLOWING WEATHER WAS RECORDED YESTERDAY.
  THUNDERSTORM
  FOG


RELATIVE HUMIDITY (PERCENT)
 HIGHEST   100          1200 AM
 LOWEST     65           200 PM
 AVERAGE    83

..........................................................


THE NORTH LITTLE ROCK CLIMATE NORMALS FOR TODAY
                         NORMAL    RECORD    YEAR
 MAXIMUM TEMPERATURE (F)   85        95      1985
 MINIMUM TEMPERATURE (F)   66        52      1993


SUNRISE AND SUNSET
JUNE  1 2016..........SUNRISE   557 AM CDT   SUNSET   818 PM CDT
JUNE  2 2016..........SUNRISE   556 AM CDT   SUNSET   818 PM CDT


-  INDICATES NEGATIVE NUMBERS.
R  INDICATES RECORD WAS SET OR TIED.
MM INDICATES DATA IS MISSING.
T  INDICATES TRACE AMOUNT.




$$
