000
CDUS44 KLZK 312156
CLILZK


CLIMATE REPORT
NATIONAL WEATHER SERVICE LITTLE ROCK AR
356 PM CST SAT JAN 31 2015


...................................

...THE NORTH LITTLE ROCK CLIMATE SUMMARY FOR JANUARY 31 2015...
VALID TODAY AS OF 0300 PM LOCAL TIME.

CLIMATE NORMAL PERIOD 1981 TO 2010
CLIMATE RECORD PERIOD 1975 TO 2015


WEATHER ITEM   OBSERVED TIME   RECORD YEAR NORMAL DEPARTURE LAST
                VALUE   (LST)  VALUE       VALUE  FROM      YEAR
                                                  NORMAL
..................................................................
TEMPERATURE (F)
 TODAY
  MAXIMUM         46        MM  77    2002  51     -5       55
  MINIMUM         38        MM  11    1985  33      5       35
  AVERAGE         42                        42      0       45

PRECIPITATION (IN)
  TODAY            0.00          1.20 2002   0.11  -0.11      T
  MONTH TO DATE    2.92                      3.42  -0.50     2.31
  SINCE DEC 1      5.91                      8.43  -2.52     9.63
  SINCE JAN 1      2.92                      3.42  -0.50     2.31

SNOWFALL (IN)
  TODAY            0.0           4.2  1985   0.1   -0.1      0.0
  MONTH TO DATE    T                         1.7   -1.7       T
  SINCE DEC 1      T                         2.2   -2.2      1.1
  SINCE JUL 1      0.6                       2.2   -1.6      1.1
  SNOW DEPTH       0

DEGREE DAYS
 HEATING
  TODAY           23                        23      0       20
  MONTH TO DATE  745                       738      7      834
  SINCE DEC 1   1393                      1421    -28     1534
  SINCE JUL 1   2008                      1933     75     2140

 COOLING
  TODAY            0                         0      0        0
  MONTH TO DATE    0                         1     -1        0
  SINCE DEC 1      0                         2     -2        1
  SINCE JAN 1      0                         1     -1        0
..................................................................


WIND (MPH)
  HIGHEST WIND SPEED    MM   HIGHEST WIND DIRECTION    MM
  HIGHEST GUST SPEED    MM   HIGHEST GUST DIRECTION    MM
  AVERAGE WIND SPEED    MM


SKY COVER
  POSSIBLE SUNSHINE  MM
  AVERAGE SKY COVER  MM


WEATHER CONDITIONS
 THE FOLLOWING WEATHER WAS RECORDED TODAY.
  NO SIGNIFICANT WEATHER WAS OBSERVED.


RELATIVE HUMIDITY (PERCENT)
 HIGHEST    MM
 LOWEST     MM
 AVERAGE    MM

..........................................................


THE NORTH LITTLE ROCK CLIMATE NORMALS FOR TOMORROW
                         NORMAL    RECORD    YEAR
 MAXIMUM TEMPERATURE (F)   51        80      1989
 MINIMUM TEMPERATURE (F)   34        10      1985


SUNRISE AND SUNSET
JANUARY 31 2015.......SUNRISE   708 AM CST   SUNSET   537 PM CST
FEBRUARY  1 2015......SUNRISE   708 AM CST   SUNSET   538 PM CST


-  INDICATES NEGATIVE NUMBERS.
R  INDICATES RECORD WAS SET OR TIED.
MM INDICATES DATA IS MISSING.
T  INDICATES TRACE AMOUNT.




$$
