000
CDUS44 KLZK 192059
CLILZK


CLIMATE REPORT
NATIONAL WEATHER SERVICE LITTLE ROCK AR
359 PM CDT SAT APR 19 2014


...................................

...THE NORTH LITTLE ROCK CLIMATE SUMMARY FOR APRIL 19 2014...
VALID TODAY AS OF 0300 PM LOCAL TIME.

CLIMATE NORMAL PERIOD 1981 TO 2010
CLIMATE RECORD PERIOD 1975 TO 2014


WEATHER ITEM   OBSERVED TIME   RECORD YEAR NORMAL DEPARTURE LAST
                VALUE   (LST)  VALUE       VALUE  FROM      YEAR
                                                  NORMAL
..................................................................
TEMPERATURE (F)
 TODAY
  MAXIMUM         76        MM  90    2011  74      2       57
                                      1987
  MINIMUM         52        MM  32    1983  54     -2       38
  AVERAGE         64                        64      0       48

PRECIPITATION (IN)
  TODAY            0.00          1.27 1992   0.17  -0.17     0.00
  MONTH TO DATE    3.67                      2.93   0.74     3.46
  SINCE MAR 1      8.84                      7.70   1.14     8.45
  SINCE JAN 1     14.16                     14.78  -0.62    17.97

SNOWFALL (IN)
  TODAY            0.0           T    2011   0.0    0.0      0.0
                                      1983
  MONTH TO DATE    0.0                       0.0    0.0      0.0
  SINCE MAR 1      1.6                       0.4    1.2       T
  SINCE JUL 1      5.2                       4.4    0.8     10.9
  SNOW DEPTH       0

DEGREE DAYS
 HEATING
  TODAY            1                         4     -3       17
  MONTH TO DATE  136                       107     29      135
  SINCE MAR 1    625                       467    158      648
  SINCE JUL 1   3452                      2953    499     2917

 COOLING
  TODAY            0                         2     -2        0
  MONTH TO DATE   26                        33     -7       46
  SINCE MAR 1     26                        50    -24       49
  SINCE JAN 1     26                        52    -26       51
..................................................................


WIND (MPH)
  HIGHEST WIND SPEED    MM   HIGHEST WIND DIRECTION    MM
  HIGHEST GUST SPEED    MM   HIGHEST GUST DIRECTION    MM
  AVERAGE WIND SPEED    MM


SKY COVER
  POSSIBLE SUNSHINE  MM
  AVERAGE SKY COVER  MM


WEATHER CONDITIONS
 THE FOLLOWING WEATHER WAS RECORDED TODAY.
  NO SIGNIFICANT WEATHER WAS OBSERVED.


RELATIVE HUMIDITY (PERCENT)
 HIGHEST    MM
 LOWEST     MM
 AVERAGE    MM

..........................................................


THE NORTH LITTLE ROCK CLIMATE NORMALS FOR TOMORROW
                         NORMAL    RECORD    YEAR
 MAXIMUM TEMPERATURE (F)   74        94      1987
 MINIMUM TEMPERATURE (F)   54        34      1983


SUNRISE AND SUNSET
APRIL 19 2014.........SUNRISE   632 AM CDT   SUNSET   745 PM CDT
APRIL 20 2014.........SUNRISE   631 AM CDT   SUNSET   745 PM CDT


-  INDICATES NEGATIVE NUMBERS.
R  INDICATES RECORD WAS SET OR TIED.
MM INDICATES DATA IS MISSING.
T  INDICATES TRACE AMOUNT.




$$
