000
CDUS44 KLZK 282102
CLILZK


CLIMATE REPORT
NATIONAL WEATHER SERVICE LITTLE ROCK AR
402 PM CDT SAT MAR 28 2015


...................................

...THE NORTH LITTLE ROCK CLIMATE SUMMARY FOR MARCH 28 2015...
VALID TODAY AS OF 0400 PM LOCAL TIME.

CLIMATE NORMAL PERIOD 1981 TO 2010
CLIMATE RECORD PERIOD 1975 TO 2015


WEATHER ITEM   OBSERVED TIME   RECORD YEAR NORMAL DEPARTURE LAST
                VALUE   (LST)  VALUE       VALUE  FROM      YEAR
                                                  NORMAL
..................................................................
TEMPERATURE (F)
 TODAY
  MAXIMUM         49        MM  83    1998  68    -19       64
                                      1985
  MINIMUM         39        MM  36    1982  48     -9       52
  AVERAGE         44                        58    -14       58

PRECIPITATION (IN)
  TODAY            0.07          1.47 1990   0.16  -0.09     0.73
  MONTH TO DATE    8.72                      4.29   4.43     5.14
  SINCE MAR 1      8.72                      4.29   4.43     5.14
  SINCE JAN 1     14.90                     11.37   3.53    10.46

SNOWFALL (IN)
  TODAY            T            MM      MM   0.0    0.0      0.0
  MONTH TO DATE    6.4                       0.4    6.0      1.6
  SINCE MAR 1      6.4                       0.4    6.0      1.6
  SINCE JUL 1     10.6                       4.4    6.2      5.2
  SNOW DEPTH       0

DEGREE DAYS
 HEATING
  TODAY           21                         8     13        7
  MONTH TO DATE  393                       337     56      464
  SINCE MAR 1    393                       337     56      464
  SINCE JUL 1   3190                      2823    367     3291

 COOLING
  TODAY            0                         1     -1        0
  MONTH TO DATE    8                        13     -5        0
  SINCE MAR 1      8                        13     -5        0
  SINCE JAN 1      8                        15     -7        0
..................................................................


WIND (MPH)
  HIGHEST WIND SPEED    MM   HIGHEST WIND DIRECTION    MM
  HIGHEST GUST SPEED    MM   HIGHEST GUST DIRECTION    MM
  AVERAGE WIND SPEED    MM


SKY COVER
  POSSIBLE SUNSHINE  MM
  AVERAGE SKY COVER  MM


WEATHER CONDITIONS
 THE FOLLOWING WEATHER WAS RECORDED TODAY.
  LIGHT RAIN
  SLEET


RELATIVE HUMIDITY (PERCENT)
 HIGHEST    MM
 LOWEST     MM
 AVERAGE    MM

..........................................................


THE NORTH LITTLE ROCK CLIMATE NORMALS FOR TOMORROW
                         NORMAL    RECORD    YEAR
 MAXIMUM TEMPERATURE (F)   68        84      2007
 MINIMUM TEMPERATURE (F)   48        34      1987


SUNRISE AND SUNSET
MARCH 28 2015.........SUNRISE   702 AM CDT   SUNSET   727 PM CDT
MARCH 29 2015.........SUNRISE   700 AM CDT   SUNSET   728 PM CDT


-  INDICATES NEGATIVE NUMBERS.
R  INDICATES RECORD WAS SET OR TIED.
MM INDICATES DATA IS MISSING.
T  INDICATES TRACE AMOUNT.




$$
