000
CDUS44 KLZK 222106
CLILZK


CLIMATE REPORT
NATIONAL WEATHER SERVICE LITTLE ROCK AR
406 PM CDT WED OCT 22 2014


...................................

...THE NORTH LITTLE ROCK CLIMATE SUMMARY FOR OCTOBER 22 2014...
VALID TODAY AS OF 0400 PM LOCAL TIME.

CLIMATE NORMAL PERIOD 1981 TO 2010
CLIMATE RECORD PERIOD 1975 TO 2014


WEATHER ITEM   OBSERVED TIME   RECORD YEAR NORMAL DEPARTURE LAST
                VALUE   (LST)  VALUE       VALUE  FROM      YEAR
                                                  NORMAL
..................................................................
TEMPERATURE (F)
 TODAY
  MAXIMUM         71        MM  88    2003  72     -1       68
  MINIMUM         52        MM  36    1982  52      0       46
  AVERAGE         62                        62      0       57

PRECIPITATION (IN)
  TODAY            0.00          1.96 2009   0.18  -0.18     0.00
  MONTH TO DATE    4.80                      3.32   1.48     2.59
  SINCE SEP 1      5.87                      6.63  -0.76     4.85
  SINCE JAN 1     41.67                     38.15   3.52    39.07

SNOWFALL (IN)
  TODAY            0.0          MM      MM   0.0    0.0      0.0
  MONTH TO DATE    T                         0.0    0.0      0.0
  SINCE SEP 1      T                         0.0    0.0      0.0
  SINCE JUL 1      T                         0.0    0.0      0.0
  SNOW DEPTH       0

DEGREE DAYS
 HEATING
  TODAY            3                         5     -2        8
  MONTH TO DATE   35                        66    -31       59
  SINCE SEP 1     42                        79    -37       59
  SINCE JUL 1     42                        79    -37       59

 COOLING
  TODAY            0                         2     -2        0
  MONTH TO DATE   77                        69      8       77
  SINCE SEP 1    394                       366     28      470
  SINCE JAN 1   1909                      2143   -234     2106
..................................................................


WIND (MPH)
  HIGHEST WIND SPEED    MM   HIGHEST WIND DIRECTION    MM
  HIGHEST GUST SPEED    MM   HIGHEST GUST DIRECTION    MM
  AVERAGE WIND SPEED    MM


SKY COVER
  POSSIBLE SUNSHINE  MM
  AVERAGE SKY COVER  MM


WEATHER CONDITIONS
 THE FOLLOWING WEATHER WAS RECORDED TODAY.
  NO SIGNIFICANT WEATHER WAS OBSERVED.


RELATIVE HUMIDITY (PERCENT)
 HIGHEST    MM
 LOWEST     MM
 AVERAGE    MM

..........................................................


THE NORTH LITTLE ROCK CLIMATE NORMALS FOR TOMORROW
                         NORMAL    RECORD    YEAR
 MAXIMUM TEMPERATURE (F)   71        92      2003
 MINIMUM TEMPERATURE (F)   52        35      1982
                                             1981


SUNRISE AND SUNSET
OCTOBER 22 2014.......SUNRISE   721 AM CDT   SUNSET   626 PM CDT
OCTOBER 23 2014.......SUNRISE   722 AM CDT   SUNSET   625 PM CDT


-  INDICATES NEGATIVE NUMBERS.
R  INDICATES RECORD WAS SET OR TIED.
MM INDICATES DATA IS MISSING.
T  INDICATES TRACE AMOUNT.




$$
