000
CDUS44 KLZK 260722
CLILZK


CLIMATE REPORT
NATIONAL WEATHER SERVICE LITTLE ROCK AR
221 AM CDT FRI AUG 26 2016


...................................

...THE NORTH LITTLE ROCK CLIMATE SUMMARY FOR AUGUST 25 2016...

CLIMATE NORMAL PERIOD 1981 TO 2010
CLIMATE RECORD PERIOD 1975 TO 2016


WEATHER ITEM   OBSERVED TIME   RECORD YEAR NORMAL DEPARTURE LAST
                VALUE   (LST)  VALUE       VALUE  FROM      YEAR
                                                  NORMAL
..................................................................
TEMPERATURE (F)
 YESTERDAY
  MAXIMUM         90        MM 104    2000  91     -1       88
  MINIMUM         74        MM  62    2009  71      3       64
  AVERAGE         82                        81      1       76

PRECIPITATION (IN)
  YESTERDAY        0.01          0.24 2002   0.08  -0.07     0.00
  MONTH TO DATE    7.61                      2.24   5.37     2.72
  SINCE JUN 1     15.96                      9.36   6.60     7.24
  SINCE JAN 1     44.19                     30.96  13.23    38.30

SNOWFALL (IN)
  YESTERDAY        0.0          MM      MM   0.0    0.0      0.0
  MONTH TO DATE    0.0                       0.0    0.0      0.0
  SINCE JUN 1      T                         0.0    0.0      0.0
  SINCE JUL 1      T                         0.0    0.0      0.0
  SNOW DEPTH       0

DEGREE DAYS
 HEATING
  YESTERDAY        0                         0      0        0
  MONTH TO DATE    0                         0      0        0
  SINCE JUN 1      0                         1     -1        0
  SINCE JUL 1      0                         0      0        0

 COOLING
  YESTERDAY       17                        16      1       11
  MONTH TO DATE  392                       437    -45      438
  SINCE JUN 1   1456                      1391     65     1488
  SINCE JAN 1   1684                      1687     -3     1771
..................................................................


WIND (MPH)
  HIGHEST WIND SPEED     6   HIGHEST WIND DIRECTION    SW (220)
  HIGHEST GUST SPEED    MM   HIGHEST GUST DIRECTION    MM
  AVERAGE WIND SPEED     0.9


SKY COVER
  POSSIBLE SUNSHINE  MM
  AVERAGE SKY COVER 0.0


WEATHER CONDITIONS
 THE FOLLOWING WEATHER WAS RECORDED YESTERDAY.
  NO SIGNIFICANT WEATHER WAS OBSERVED.


RELATIVE HUMIDITY (PERCENT)
 HIGHEST    94           300 AM
 LOWEST     59          1200 PM
 AVERAGE    77

..........................................................


THE NORTH LITTLE ROCK CLIMATE NORMALS FOR TODAY
                         NORMAL    RECORD    YEAR
 MAXIMUM TEMPERATURE (F)   91       106      2000
 MINIMUM TEMPERATURE (F)   71        63      1985


SUNRISE AND SUNSET
AUGUST 26 2016........SUNRISE   638 AM CDT   SUNSET   743 PM CDT
AUGUST 27 2016........SUNRISE   639 AM CDT   SUNSET   741 PM CDT


-  INDICATES NEGATIVE NUMBERS.
R  INDICATES RECORD WAS SET OR TIED.
MM INDICATES DATA IS MISSING.
T  INDICATES TRACE AMOUNT.




$$
