000
CDUS44 KLZK 260906
CLIPBF


CLIMATE REPORT
NATIONAL WEATHER SERVICE LITTLE ROCK AR
405 AM CDT THU MAR 26 2015


...................................

...THE PINE BLUFF CLIMATE SUMMARY FOR MARCH 25 2015...

CLIMATE NORMAL PERIOD 1981 TO 2010
CLIMATE RECORD PERIOD 1883 TO 2015


WEATHER ITEM   OBSERVED TIME   RECORD YEAR NORMAL DEPARTURE LAST
                VALUE   (LST)  VALUE       VALUE  FROM      YEAR
                                                  NORMAL
..................................................................
TEMPERATURE (F)
 YESTERDAY
  MAXIMUM         79    406 PM  90    1929  68     11       55
                                      1907
  MINIMUM         56    506 AM  27    1955  46     10       37
  AVERAGE         68                        57     11       46

PRECIPITATION (IN)
  YESTERDAY        0.00          1.91 1965   0.17  -0.17     0.00
  MONTH TO DATE    7.85                      4.40   3.45     3.56
  SINCE MAR 1      7.85                      4.40   3.45     3.56
  SINCE JAN 1     14.78                     12.22   2.56     8.99

SNOWFALL (IN)
  YESTERDAY        0.0           T    1971   0.0    0.0      0.0
  MONTH TO DATE    2.0                       0.0    2.0       T
  SINCE MAR 1      2.0                       0.0    2.0       T
  SINCE JUL 1      9.2                       3.1    6.1      3.7
  SNOW DEPTH       0

DEGREE DAYS
 HEATING
  YESTERDAY        0                         9     -9       19
  MONTH TO DATE  358                       300     58      430
  SINCE MAR 1    358                       300     58      430
  SINCE JUL 1   3092                      2688    404     3199

 COOLING
  YESTERDAY        3                         1      2        0
  MONTH TO DATE    5                        10     -5        0
  SINCE MAR 1      5                        10     -5        0
  SINCE JAN 1      5                        13     -8        0
..................................................................


WIND (MPH)
  HIGHEST WIND SPEED    20   HIGHEST WIND DIRECTION     S (160)
  HIGHEST GUST SPEED    26   HIGHEST GUST DIRECTION    SE (130)
  AVERAGE WIND SPEED    11.2


SKY COVER
  POSSIBLE SUNSHINE  MM
  AVERAGE SKY COVER 0.1


WEATHER CONDITIONS
 THE FOLLOWING WEATHER WAS RECORDED YESTERDAY.
  NO SIGNIFICANT WEATHER WAS OBSERVED.


RELATIVE HUMIDITY (PERCENT)
 HIGHEST    87           700 AM
 LOWEST     47           500 PM
 AVERAGE    67

..........................................................


THE PINE BLUFF CLIMATE NORMALS FOR TODAY
                         NORMAL    RECORD    YEAR
 MAXIMUM TEMPERATURE (F)   68        89      1928
 MINIMUM TEMPERATURE (F)   46        20      1955


SUNRISE AND SUNSET
MARCH 26 2015.........SUNRISE   704 AM CDT   SUNSET   724 PM CDT
MARCH 27 2015.........SUNRISE   702 AM CDT   SUNSET   725 PM CDT


-  INDICATES NEGATIVE NUMBERS.
R  INDICATES RECORD WAS SET OR TIED.
MM INDICATES DATA IS MISSING.
T  INDICATES TRACE AMOUNT.




$$
