000
CDUS44 KLZK 050643
CLIPBF


CLIMATE REPORT
NATIONAL WEATHER SERVICE LITTLE ROCK AR
1243 AM CST MON DEC 5 2016


...................................

...THE PINE BLUFF CLIMATE SUMMARY FOR DECEMBER 4 2016...

CLIMATE NORMAL PERIOD 1981 TO 2010
CLIMATE RECORD PERIOD 1883 TO 2016


WEATHER ITEM   OBSERVED TIME   RECORD YEAR NORMAL DEPARTURE LAST
                VALUE   (LST)  VALUE       VALUE  FROM      YEAR
                                                  NORMAL
..................................................................
TEMPERATURE (F)
 YESTERDAY
  MAXIMUM         47    925 PM  80    1933  56     -9       53
  MINIMUM         44    400 AM  20    1890  37      7       34
  AVERAGE         46                        47     -1       44

PRECIPITATION (IN)
  YESTERDAY        0.08          3.30 2011   0.19  -0.11     0.00
  MONTH TO DATE    1.08                      0.76   0.32     0.01
  SINCE DEC 1      1.08                      0.76   0.32     0.01
  SINCE JAN 1     50.88                     46.47   4.41    45.98

SNOWFALL (IN)
  YESTERDAY       MM             4.0  1898   0.0   MM        0.0
  MONTH TO DATE    0.0                       0.0    0.0      0.0
  SINCE DEC 1      0.0                       0.0    0.0      0.0
  SINCE JUL 1      0.0                       0.0    0.0      0.0
  SNOW DEPTH       0

DEGREE DAYS
 HEATING
  YESTERDAY       19                        18      1       21
  MONTH TO DATE   73                        72      1       80
  SINCE DEC 1     73                        72      1       80
  SINCE JUL 1    370                       576   -206      419

 COOLING
  YESTERDAY        0                         0      0        0
  MONTH TO DATE    0                         0      0        0
  SINCE DEC 1      0                         0      0        0
  SINCE JAN 1   2328                      2131    197     2287
..................................................................


WIND (MPH)
  HIGHEST WIND SPEED    15   HIGHEST WIND DIRECTION     E (70)
  HIGHEST GUST SPEED    20   HIGHEST GUST DIRECTION     E (90)
  AVERAGE WIND SPEED     6.6


SKY COVER
  POSSIBLE SUNSHINE  MM
  AVERAGE SKY COVER 0.9


WEATHER CONDITIONS
 THE FOLLOWING WEATHER WAS RECORDED YESTERDAY.
  LIGHT RAIN
  FOG


RELATIVE HUMIDITY (PERCENT)
 HIGHEST   100           200 AM
 LOWEST     86           600 PM
 AVERAGE    93

..........................................................


THE PINE BLUFF CLIMATE NORMALS FOR TODAY
                         NORMAL    RECORD    YEAR
 MAXIMUM TEMPERATURE (F)   56        81      1933
 MINIMUM TEMPERATURE (F)   37        18      1899


SUNRISE AND SUNSET
DECEMBER  5 2016......SUNRISE   659 AM CST   SUNSET   458 PM CST
DECEMBER  6 2016......SUNRISE   700 AM CST   SUNSET   458 PM CST


-  INDICATES NEGATIVE NUMBERS.
R  INDICATES RECORD WAS SET OR TIED.
MM INDICATES DATA IS MISSING.
T  INDICATES TRACE AMOUNT.




$$
