000
CDUS44 KLZK 260634
CLIPBF


CLIMATE REPORT
NATIONAL WEATHER SERVICE LITTLE ROCK AR
134 AM CDT THU MAY 26 2016


...................................

...THE PINE BLUFF CLIMATE SUMMARY FOR MAY 25 2016...

CLIMATE NORMAL PERIOD 1981 TO 2010
CLIMATE RECORD PERIOD 1883 TO 2016


WEATHER ITEM   OBSERVED TIME   RECORD YEAR NORMAL DEPARTURE LAST
                VALUE   (LST)  VALUE       VALUE  FROM      YEAR
                                                  NORMAL
..................................................................
TEMPERATURE (F)
 YESTERDAY
  MAXIMUM         85    404 PM  98    1902  84      1       86
                                      2006
  MINIMUM         67    300 AM  49    1979  64      3       63
                                      1925
  AVERAGE         76                        74      2       75

PRECIPITATION (IN)
  YESTERDAY        T             1.88 1982   0.15  -0.15     0.29
  MONTH TO DATE    1.69                      4.11  -2.42     3.53
  SINCE MAR 1     22.20                     14.44   7.76    19.24
  SINCE JAN 1     28.25                     22.26   5.99    26.17

SNOWFALL (IN)
  YESTERDAY        0.0          MM      MM   0.0    0.0      0.0
  MONTH TO DATE    0.0                       0.0    0.0      0.0
  SINCE MAR 1      0.0                       0.0    0.0      2.0
  SINCE JUL 1      3.6                       3.1    0.5      9.2
  SNOW DEPTH       0

DEGREE DAYS
 HEATING
  YESTERDAY        0                         0      0        0
  MONTH TO DATE   28                        15     13       13
  SINCE MAR 1    327                       491   -164      515
  SINCE JUL 1   2234                      2879   -645     3249

 COOLING
  YESTERDAY       11                         9      2       10
  MONTH TO DATE   98                       160    -62      185
  SINCE MAR 1    181                       244    -63      270
  SINCE JAN 1    185                       247    -62      270
..................................................................


WIND (MPH)
  HIGHEST WIND SPEED    18   HIGHEST WIND DIRECTION     S (160)
  HIGHEST GUST SPEED    23   HIGHEST GUST DIRECTION     S (180)
  AVERAGE WIND SPEED     8.2


SKY COVER
  POSSIBLE SUNSHINE  MM
  AVERAGE SKY COVER 0.5


WEATHER CONDITIONS
 THE FOLLOWING WEATHER WAS RECORDED YESTERDAY.
  THUNDERSTORM
  LIGHT RAIN


RELATIVE HUMIDITY (PERCENT)
 HIGHEST    87           100 AM
 LOWEST     65           100 PM
 AVERAGE    76

..........................................................


THE PINE BLUFF CLIMATE NORMALS FOR TODAY
                         NORMAL    RECORD    YEAR
 MAXIMUM TEMPERATURE (F)   84        96      1918
                                             1896
 MINIMUM TEMPERATURE (F)   64        48      1925


SUNRISE AND SUNSET
MAY 26 2016...........SUNRISE   559 AM CDT   SUNSET   811 PM CDT
MAY 27 2016...........SUNRISE   559 AM CDT   SUNSET   812 PM CDT


-  INDICATES NEGATIVE NUMBERS.
R  INDICATES RECORD WAS SET OR TIED.
MM INDICATES DATA IS MISSING.
T  INDICATES TRACE AMOUNT.




$$
