000
CDUS44 KLZK 270715
CLIPBF


CLIMATE REPORT
NATIONAL WEATHER SERVICE LITTLE ROCK AR
215 AM CDT MON JUN 27 2016


...................................

...THE PINE BLUFF CLIMATE SUMMARY FOR JUNE 26 2016...

CLIMATE NORMAL PERIOD 1981 TO 2010
CLIMATE RECORD PERIOD 1883 TO 2016


WEATHER ITEM   OBSERVED TIME   RECORD YEAR NORMAL DEPARTURE LAST
                VALUE   (LST)  VALUE       VALUE  FROM      YEAR
                                                  NORMAL
..................................................................
TEMPERATURE (F)
 YESTERDAY
  MAXIMUM         95    324 PM 103    1918  91      4       92
  MINIMUM         73   1045 PM  55    1958  71      2       71
  AVERAGE         84                        81      3       82

PRECIPITATION (IN)
  YESTERDAY        0.15          3.55 1903   0.09   0.06     0.25
  MONTH TO DATE    2.51                      3.17  -0.66     1.96
  SINCE JUN 1      2.51                      3.17  -0.66     1.96
  SINCE JAN 1     33.51                     26.37   7.14    29.61

SNOWFALL (IN)
  YESTERDAY        0.0          MM      MM   0.0    0.0      0.0
  MONTH TO DATE    0.0                       0.0    0.0      0.0
  SINCE JUN 1      0.0                       0.0    0.0      0.0
  SINCE JUL 1      3.6                       3.1    0.5      9.2
  SNOW DEPTH       0

DEGREE DAYS
 HEATING
  YESTERDAY        0                         0      0        0
  MONTH TO DATE    0                         0      0        0
  SINCE JUN 1      0                         0      0        0
  SINCE JUL 1   2234                      2881   -647     3249

 COOLING
  YESTERDAY       19                        16      3       17
  MONTH TO DATE  403                       357     46      400
  SINCE JUN 1    403                       357     46      400
  SINCE JAN 1    651                       664    -13      729
..................................................................


WIND (MPH)
  HIGHEST WIND SPEED    30   HIGHEST WIND DIRECTION     N (340)
  HIGHEST GUST SPEED    42   HIGHEST GUST DIRECTION    NW (330)
  AVERAGE WIND SPEED     4.9


SKY COVER
  POSSIBLE SUNSHINE  MM
  AVERAGE SKY COVER 0.2


WEATHER CONDITIONS
 THE FOLLOWING WEATHER WAS RECORDED YESTERDAY.
  RAIN
  LIGHT RAIN
  FOG


RELATIVE HUMIDITY (PERCENT)
 HIGHEST   100           300 AM
 LOWEST     52          1200 PM
 AVERAGE    76

..........................................................


THE PINE BLUFF CLIMATE NORMALS FOR TODAY
                         NORMAL    RECORD    YEAR
 MAXIMUM TEMPERATURE (F)   91       103      1954
 MINIMUM TEMPERATURE (F)   71        57      1968


SUNRISE AND SUNSET
JUNE 27 2016..........SUNRISE   558 AM CDT   SUNSET   823 PM CDT
JUNE 28 2016..........SUNRISE   559 AM CDT   SUNSET   823 PM CDT


-  INDICATES NEGATIVE NUMBERS.
R  INDICATES RECORD WAS SET OR TIED.
MM INDICATES DATA IS MISSING.
T  INDICATES TRACE AMOUNT.




$$
