000
CDUS44 KLZK 212158
CLIPBF


CLIMATE REPORT
NATIONAL WEATHER SERVICE LITTLE ROCK AR
358 PM CST FRI NOV 21 2014


...................................

...THE PINE BLUFF CLIMATE SUMMARY FOR NOVEMBER 21 2014...
VALID TODAY AS OF 0300 PM LOCAL TIME.

CLIMATE NORMAL PERIOD 1981 TO 2010
CLIMATE RECORD PERIOD 1883 TO 2014


WEATHER ITEM   OBSERVED TIME   RECORD YEAR NORMAL DEPARTURE LAST
                VALUE   (LST)  VALUE       VALUE  FROM      YEAR
                                                  NORMAL
..................................................................
TEMPERATURE (F)
 TODAY
  MAXIMUM         55    356 PM  84    1908  61     -6       63
  MINIMUM         44    620 AM  17    1914  41      3       46
  AVERAGE         50                        51     -1       55

PRECIPITATION (IN)
  TODAY            0.08          2.23 1934   0.17  -0.09     0.51
  MONTH TO DATE    2.40                      3.29  -0.89     1.29
  SINCE SEP 1      9.55                     10.98  -1.43     9.71
  SINCE JAN 1     39.46                     44.17  -4.71    43.34

SNOWFALL (IN)
  TODAY            0.0          MM      MM   0.0    0.0      0.0
  MONTH TO DATE    0.1                       0.0    0.1      0.0
  SINCE SEP 1      0.1                       0.0    0.1      0.0
  SINCE JUL 1      0.1                       0.0    0.1      0.0
  SNOW DEPTH       0

DEGREE DAYS
 HEATING
  TODAY           15                        14      1       10
  MONTH TO DATE  403                       226    177      245
  SINCE SEP 1    487                       363    124      364
  SINCE JUL 1    488                       363    125      364

 COOLING
  TODAY            0                         0      0        0
  MONTH TO DATE    0                        10    -10        6
  SINCE SEP 1    397                       371     26      484
  SINCE JAN 1   1898                      2129   -231     2148
..................................................................


WIND (MPH)
  HIGHEST WIND SPEED    10   HIGHEST WIND DIRECTION     E (70)
  HIGHEST GUST SPEED    12   HIGHEST GUST DIRECTION    NE (60)
  AVERAGE WIND SPEED     3.6


SKY COVER
  POSSIBLE SUNSHINE  MM
  AVERAGE SKY COVER 0.9


WEATHER CONDITIONS
 THE FOLLOWING WEATHER WAS RECORDED TODAY.
  RAIN
  LIGHT RAIN
  FOG


RELATIVE HUMIDITY (PERCENT)
 HIGHEST    93           200 AM
 LOWEST     89           100 PM
 AVERAGE    91

..........................................................


THE PINE BLUFF CLIMATE NORMALS FOR TOMORROW
                         NORMAL    RECORD    YEAR
 MAXIMUM TEMPERATURE (F)   61        80      1931
 MINIMUM TEMPERATURE (F)   41        20      1964
                                             1898


SUNRISE AND SUNSET
NOVEMBER 21 2014......SUNRISE   646 AM CST   SUNSET   501 PM CST
NOVEMBER 22 2014......SUNRISE   647 AM CST   SUNSET   500 PM CST


-  INDICATES NEGATIVE NUMBERS.
R  INDICATES RECORD WAS SET OR TIED.
MM INDICATES DATA IS MISSING.
T  INDICATES TRACE AMOUNT.




$$
