000
CDUS44 KLZK 190903
CLIPBF


CLIMATE REPORT
NATIONAL WEATHER SERVICE LITTLE ROCK AR
403 AM CDT SAT APR 19 2014


...................................

...THE PINE BLUFF CLIMATE SUMMARY FOR APRIL 18 2014...

CLIMATE NORMAL PERIOD 1981 TO 2010
CLIMATE RECORD PERIOD 1883 TO 2014


WEATHER ITEM   OBSERVED TIME   RECORD YEAR NORMAL DEPARTURE LAST
                VALUE   (LST)  VALUE       VALUE  FROM      YEAR
                                                  NORMAL
..................................................................
TEMPERATURE (F)
 YESTERDAY
  MAXIMUM         73    244 PM  93    2006  75     -2       76
  MINIMUM         53    539 AM  34    1984  53      0       46
  AVERAGE         63                        64     -1       61

PRECIPITATION (IN)
  YESTERDAY        T             1.82 1901   0.17  -0.17     1.52
  MONTH TO DATE    3.55                      2.94   0.61     4.69
  SINCE MAR 1      8.01                      8.34  -0.33     8.51
  SINCE JAN 1     13.44                     16.16  -2.72    19.82

SNOWFALL (IN)
  YESTERDAY        0.0          MM      MM   0.0    0.0      0.0
  MONTH TO DATE    0.0                       0.0    0.0      0.0
  SINCE MAR 1      T                         0.0    0.0      0.0
  SINCE JUL 1      3.7                       3.1    0.6      2.1
  SNOW DEPTH       0

DEGREE DAYS
 HEATING
  YESTERDAY        2                         4     -2        4
  MONTH TO DATE  137                        99     38      118
  SINCE MAR 1    621                       446    175      612
  SINCE JUL 1   3390                      2834    556     2823

 COOLING
  YESTERDAY        0                         2     -2        0
  MONTH TO DATE   22                        30     -8       45
  SINCE MAR 1     22                        47    -25       48
  SINCE JAN 1     22                        50    -28       53
..................................................................


WIND (MPH)
  HIGHEST WIND SPEED    17   HIGHEST WIND DIRECTION     N (20)
  HIGHEST GUST SPEED    22   HIGHEST GUST DIRECTION     N (10)
  AVERAGE WIND SPEED     5.5


SKY COVER
  POSSIBLE SUNSHINE  MM
  AVERAGE SKY COVER 0.5


WEATHER CONDITIONS
 THE FOLLOWING WEATHER WAS RECORDED YESTERDAY.
  LIGHT RAIN


RELATIVE HUMIDITY (PERCENT)
 HIGHEST    89           200 AM
 LOWEST     44           200 PM
 AVERAGE    67

..........................................................


THE PINE BLUFF CLIMATE NORMALS FOR TODAY
                         NORMAL    RECORD    YEAR
 MAXIMUM TEMPERATURE (F)   75        94      1987
 MINIMUM TEMPERATURE (F)   53        32      1893


SUNRISE AND SUNSET
APRIL 19 2014.........SUNRISE   632 AM CDT   SUNSET   742 PM CDT
APRIL 20 2014.........SUNRISE   631 AM CDT   SUNSET   743 PM CDT


-  INDICATES NEGATIVE NUMBERS.
R  INDICATES RECORD WAS SET OR TIED.
MM INDICATES DATA IS MISSING.
T  INDICATES TRACE AMOUNT.




$$
