111
CDUS44 KLZK 120641
CLIPBF


CLIMATE REPORT
NATIONAL WEATHER SERVICE LITTLE ROCK AR
1241 AM CST FRI FEB 12 2016


...................................

...THE PINE BLUFF CLIMATE SUMMARY FOR FEBRUARY 11 2016...

CLIMATE NORMAL PERIOD 1981 TO 2010
CLIMATE RECORD PERIOD 1883 TO 2016


WEATHER ITEM   OBSERVED TIME   RECORD YEAR NORMAL DEPARTURE LAST
                VALUE   (LST)  VALUE       VALUE  FROM      YEAR
                                                  NORMAL
..................................................................
TEMPERATURE (F)
 YESTERDAY
  MAXIMUM         53    336 PM  88    1918  55     -2       59
  MINIMUM         30    622 AM   8    2011  36     -6       33
  AVERAGE         42                        45     -3       46

PRECIPITATION (IN)
  YESTERDAY        0.00          2.70 1965   0.14  -0.14     0.00
  MONTH TO DATE    0.00                      1.46  -1.46     0.58
  SINCE DEC 1      7.27                     10.66  -3.39     5.39
  SINCE JAN 1      1.93                      5.22  -3.29     4.19

SNOWFALL (IN)
  YESTERDAY        0.0           1.5  1933   0.0    0.0      0.0
  MONTH TO DATE    0.0                       0.5   -0.5      0.0
  SINCE DEC 1      3.6                       3.0    0.6       T
  SINCE JUL 1      3.6                       3.0    0.6      0.1
  SNOW DEPTH       0

DEGREE DAYS
 HEATING
  YESTERDAY       23                        20      3       19
  MONTH TO DATE  216                       228    -12      238
  SINCE DEC 1   1320                      1582   -262     1598
  SINCE JUL 1   1659                      2086   -427     2202

 COOLING
  YESTERDAY        0                         0      0        0
  MONTH TO DATE    0                         0      0        0
  SINCE DEC 1     12                         2     10        0
  SINCE JAN 1      2                         1      1        0
..................................................................


WIND (MPH)
  HIGHEST WIND SPEED    18   HIGHEST WIND DIRECTION     N (20)
  HIGHEST GUST SPEED    22   HIGHEST GUST DIRECTION     N (20)
  AVERAGE WIND SPEED     8.1


SKY COVER
  POSSIBLE SUNSHINE  MM
  AVERAGE SKY COVER 0.0


WEATHER CONDITIONS
 THE FOLLOWING WEATHER WAS RECORDED YESTERDAY.
  NO SIGNIFICANT WEATHER WAS OBSERVED.


RELATIVE HUMIDITY (PERCENT)
 HIGHEST    89           800 AM
 LOWEST     41           200 PM
 AVERAGE    65

..........................................................


THE PINE BLUFF CLIMATE NORMALS FOR TODAY
                         NORMAL    RECORD    YEAR
 MAXIMUM TEMPERATURE (F)   55        82      1962
 MINIMUM TEMPERATURE (F)   36        -5      1899


SUNRISE AND SUNSET
FEBRUARY 12 2016......SUNRISE   656 AM CST   SUNSET   548 PM CST
FEBRUARY 13 2016......SUNRISE   655 AM CST   SUNSET   549 PM CST


-  INDICATES NEGATIVE NUMBERS.
R  INDICATES RECORD WAS SET OR TIED.
MM INDICATES DATA IS MISSING.
T  INDICATES TRACE AMOUNT.




$$
