000
CDUS44 KLZK 250913
CLIPBF


CLIMATE REPORT
NATIONAL WEATHER SERVICE LITTLE ROCK AR
413 AM CDT FRI JUL 25 2014


...................................

...THE PINE BLUFF CLIMATE SUMMARY FOR JULY 24 2014...

CLIMATE NORMAL PERIOD 1981 TO 2010
CLIMATE RECORD PERIOD 1883 TO 2014


WEATHER ITEM   OBSERVED TIME   RECORD YEAR NORMAL DEPARTURE LAST
                VALUE   (LST)  VALUE       VALUE  FROM      YEAR
                                                  NORMAL
..................................................................
TEMPERATURE (F)
 YESTERDAY
  MAXIMUM         81    535 PM 110    1924  92    -11       87
  MINIMUM         67   1159 PM  58    1915  72     -5       72
  AVERAGE         74                        82     -8       80

PRECIPITATION (IN)
  YESTERDAY        0.00          3.33 1971   0.14  -0.14     0.06
  MONTH TO DATE    1.69                      3.07  -1.38     0.15
  SINCE JUN 1      5.04                      6.65  -1.61     2.13
  SINCE JAN 1     27.31                     29.85  -2.54    29.57

SNOWFALL (IN)
  YESTERDAY        0.0          MM      MM   0.0    0.0      0.0
  MONTH TO DATE    0.0                       0.0    0.0      0.0
  SINCE JUN 1      0.0                       0.0    0.0      0.0
  SINCE JUL 1      0.0                       0.0    0.0      0.0
  SNOW DEPTH       0

DEGREE DAYS
 HEATING
  YESTERDAY        0                         0      0        0
  MONTH TO DATE    1                         0      1        0
  SINCE JUN 1      1                         0      1        0
  SINCE JUL 1      1                         0      1        0

 COOLING
  YESTERDAY        9                        17     -8       15
  MONTH TO DATE  280                       407   -127      373
  SINCE JUN 1    698                       829   -131      794
  SINCE JAN 1    961                      1136   -175     1061
..................................................................


WIND (MPH)
  HIGHEST WIND SPEED    12   HIGHEST WIND DIRECTION    NE (40)
  HIGHEST GUST SPEED    14   HIGHEST GUST DIRECTION    NE (30)
  AVERAGE WIND SPEED     5.0


SKY COVER
  POSSIBLE SUNSHINE  MM
  AVERAGE SKY COVER 0.5


WEATHER CONDITIONS
 THE FOLLOWING WEATHER WAS RECORDED YESTERDAY.
  FOG


RELATIVE HUMIDITY (PERCENT)
 HIGHEST   100           200 AM
 LOWEST     62           600 PM
 AVERAGE    81

..........................................................


THE PINE BLUFF CLIMATE NORMALS FOR TODAY
                         NORMAL    RECORD    YEAR
 MAXIMUM TEMPERATURE (F)   92       107      1943
                                             1918
 MINIMUM TEMPERATURE (F)   72        57      1911


SUNRISE AND SUNSET
JULY 25 2014..........SUNRISE   614 AM CDT   SUNSET   814 PM CDT
JULY 26 2014..........SUNRISE   615 AM CDT   SUNSET   814 PM CDT


-  INDICATES NEGATIVE NUMBERS.
R  INDICATES RECORD WAS SET OR TIED.
MM INDICATES DATA IS MISSING.
T  INDICATES TRACE AMOUNT.




$$
