000
CDUS44 KLZK 280936
CLIPBF


CLIMATE REPORT
NATIONAL WEATHER SERVICE LITTLE ROCK AR
436 AM CDT FRI AUG 28 2015


...................................

...THE PINE BLUFF CLIMATE SUMMARY FOR AUGUST 27 2015...

CLIMATE NORMAL PERIOD 1981 TO 2010
CLIMATE RECORD PERIOD 1883 TO 2015


WEATHER ITEM   OBSERVED TIME   RECORD YEAR NORMAL DEPARTURE LAST
                VALUE   (LST)  VALUE       VALUE  FROM      YEAR
                                                  NORMAL
..................................................................
TEMPERATURE (F)
 YESTERDAY
  MAXIMUM         82    357 PM 111    1943  91     -9       91
  MINIMUM         61    554 AM  57    1927  69     -8       70
  AVERAGE         72                        80     -8       81

PRECIPITATION (IN)
  YESTERDAY        0.00          1.04 1888   0.06  -0.06     0.00
  MONTH TO DATE    1.96                      2.22  -0.26     2.12
  SINCE JUN 1      6.66                      9.73  -3.07     7.50
  SINCE JAN 1     34.31                     32.93   1.38    29.77

SNOWFALL (IN)
  YESTERDAY        0.0          MM      MM   0.0    0.0      0.0
  MONTH TO DATE    0.0                       0.0    0.0      0.0
  SINCE JUN 1      0.0                       0.0    0.0      0.0
  SINCE JUL 1      0.0                       0.0    0.0      0.0
  SNOW DEPTH       0

DEGREE DAYS
 HEATING
  YESTERDAY        0                         0      0        0
  MONTH TO DATE    0                         0      0        0
  SINCE JUN 1      0                         0      0        1
  SINCE JUL 1      0                         0      0        1

 COOLING
  YESTERDAY        7                        15     -8       16
  MONTH TO DATE  427                       443    -16      400
  SINCE JUN 1   1467                      1393     74     1179
  SINCE JAN 1   1796                      1700     96     1442
..................................................................


WIND (MPH)
  HIGHEST WIND SPEED    14   HIGHEST WIND DIRECTION     N (20)
  HIGHEST GUST SPEED    20   HIGHEST GUST DIRECTION     N (20)
  AVERAGE WIND SPEED     3.8


SKY COVER
  POSSIBLE SUNSHINE  MM
  AVERAGE SKY COVER 0.0


WEATHER CONDITIONS
 THE FOLLOWING WEATHER WAS RECORDED YESTERDAY.
  NO SIGNIFICANT WEATHER WAS OBSERVED.


RELATIVE HUMIDITY (PERCENT)
 HIGHEST    97           300 AM
 LOWEST     40           200 PM
 AVERAGE    69

..........................................................


THE PINE BLUFF CLIMATE NORMALS FOR TODAY
                         NORMAL    RECORD    YEAR
 MAXIMUM TEMPERATURE (F)   91       104      2000
                                             1954
                                             1924
 MINIMUM TEMPERATURE (F)   69        54      1967
                                             1906


SUNRISE AND SUNSET
AUGUST 28 2015........SUNRISE   638 AM CDT   SUNSET   739 PM CDT
AUGUST 29 2015........SUNRISE   639 AM CDT   SUNSET   738 PM CDT


-  INDICATES NEGATIVE NUMBERS.
R  INDICATES RECORD WAS SET OR TIED.
MM INDICATES DATA IS MISSING.
T  INDICATES TRACE AMOUNT.




$$
