000
CDUS44 KLZK 201005
CLIPBF


CLIMATE REPORT
NATIONAL WEATHER SERVICE LITTLE ROCK AR
404 AM CST SAT DEC 20 2014


...................................

...THE PINE BLUFF CLIMATE SUMMARY FOR DECEMBER 19 2014...

CLIMATE NORMAL PERIOD 1981 TO 2010
CLIMATE RECORD PERIOD 1883 TO 2014


WEATHER ITEM   OBSERVED TIME   RECORD YEAR NORMAL DEPARTURE LAST
                VALUE   (LST)  VALUE       VALUE  FROM      YEAR
                                                  NORMAL
..................................................................
TEMPERATURE (F)
 YESTERDAY
  MAXIMUM         47    210 PM  73    1980  52     -5       65
  MINIMUM         41   1159 PM  11    1983  34      7       44
  AVERAGE         44                        43      1       55

PRECIPITATION (IN)
  YESTERDAY        0.00          2.10 1900   0.16  -0.16     0.00
  MONTH TO DATE    0.80                      3.49  -2.69     2.72
  SINCE DEC 1      0.80                      3.49  -2.69     2.72
  SINCE JAN 1     41.01                     49.20  -8.19    47.65

SNOWFALL (IN)
  YESTERDAY        0.0           1.0  1906   0.0    0.0      0.0
  MONTH TO DATE    0.0                       0.1   -0.1      0.2
  SINCE DEC 1      0.0                       0.1   -0.1      0.2
  SINCE JUL 1      0.1                       0.1    0.0      0.2
  SNOW DEPTH       0

DEGREE DAYS
 HEATING
  YESTERDAY       21                        22     -1       10
  MONTH TO DATE  340                       379    -39      414
  SINCE DEC 1    340                       379    -39      414
  SINCE JUL 1    944                       883     61     1014

 COOLING
  YESTERDAY        0                         0      0        0
  MONTH TO DATE    0                         0      0        0
  SINCE DEC 1      0                         0      0        0
  SINCE JAN 1   1901                      2131   -230     2148
..................................................................


WIND (MPH)
  HIGHEST WIND SPEED    13   HIGHEST WIND DIRECTION     N (20)
  HIGHEST GUST SPEED    16   HIGHEST GUST DIRECTION     E (90)
  AVERAGE WIND SPEED     8.2


SKY COVER
  POSSIBLE SUNSHINE  MM
  AVERAGE SKY COVER 1.0


WEATHER CONDITIONS
 THE FOLLOWING WEATHER WAS RECORDED YESTERDAY.
  FOG


RELATIVE HUMIDITY (PERCENT)
 HIGHEST    89          1200 AM
 LOWEST     71           300 PM
 AVERAGE    80

..........................................................


THE PINE BLUFF CLIMATE NORMALS FOR TODAY
                         NORMAL    RECORD    YEAR
 MAXIMUM TEMPERATURE (F)   52        76      1978
 MINIMUM TEMPERATURE (F)   34         5      1901


SUNRISE AND SUNSET
DECEMBER 20 2014......SUNRISE   709 AM CST   SUNSET   502 PM CST
DECEMBER 21 2014......SUNRISE   710 AM CST   SUNSET   502 PM CST


-  INDICATES NEGATIVE NUMBERS.
R  INDICATES RECORD WAS SET OR TIED.
MM INDICATES DATA IS MISSING.
T  INDICATES TRACE AMOUNT.




$$
