000
CDUS44 KLZK 170634
CLIPBF


CLIMATE REPORT
NATIONAL WEATHER SERVICE LITTLE ROCK AR
133 AM CDT TUE OCT 17 2017


...................................

...THE PINE BLUFF CLIMATE SUMMARY FOR OCTOBER 16 2017...

CLIMATE NORMAL PERIOD 1981 TO 2010
CLIMATE RECORD PERIOD 1883 TO 2017


WEATHER ITEM   OBSERVED TIME   RECORD YEAR NORMAL DEPARTURE LAST
                VALUE   (LST)  VALUE       VALUE  FROM      YEAR
                                                  NORMAL
..................................................................
TEMPERATURE (F)
 YESTERDAY
  MAXIMUM         69    234 PM  93    1897  75     -6       86
  MINIMUM         43   1149 PM  30    1952  51     -8       64
  AVERAGE         56                        63     -7       75

PRECIPITATION (IN)
  YESTERDAY        0.00          1.60 1906   0.17  -0.17     0.00
  MONTH TO DATE    0.04                      2.43  -2.39     0.54
  SINCE SEP 1      0.84                      5.12  -4.28     1.86
  SINCE JAN 1     41.35                     38.31   3.04    45.81

SNOWFALL (IN)
  YESTERDAY        0.0          MM      MM   0.0    0.0      0.0
  MONTH TO DATE    0.0                       0.0    0.0      0.0
  SINCE SEP 1      0.0                       0.0    0.0      0.0
  SINCE JUL 1      0.0                       0.0    0.0      0.0
  SNOW DEPTH       0

DEGREE DAYS
 HEATING
  YESTERDAY        9                         4      5        0
  MONTH TO DATE   13                        39    -26        5
  SINCE SEP 1     15                        50    -35        5
  SINCE JUL 1     15                        50    -35        5

 COOLING
  YESTERDAY        0                         2     -2       10
  MONTH TO DATE  122                        51     71       75
  SINCE SEP 1    405                       337     68      447
  SINCE JAN 1   2051                      2095    -44     2255
..................................................................


WIND (MPH)
  HIGHEST WIND SPEED    22   HIGHEST WIND DIRECTION     N (10)
  HIGHEST GUST SPEED    28   HIGHEST GUST DIRECTION     N (10)
  AVERAGE WIND SPEED    10.1


SKY COVER
  POSSIBLE SUNSHINE  MM
  AVERAGE SKY COVER 0.0


WEATHER CONDITIONS
 THE FOLLOWING WEATHER WAS RECORDED YESTERDAY.
  NO SIGNIFICANT WEATHER WAS OBSERVED.


RELATIVE HUMIDITY (PERCENT)
 HIGHEST    80           600 AM
 LOWEST     32           200 PM
 AVERAGE    56

..........................................................


THE PINE BLUFF CLIMATE NORMALS FOR TODAY
                         NORMAL    RECORD    YEAR
 MAXIMUM TEMPERATURE (F)   75        90      1953
                                             1929
                                             1897
 MINIMUM TEMPERATURE (F)   51        31      1952


SUNRISE AND SUNSET
OCTOBER 17 2017.......SUNRISE   715 AM CDT   SUNSET   631 PM CDT
OCTOBER 18 2017.......SUNRISE   716 AM CDT   SUNSET   629 PM CDT


-  INDICATES NEGATIVE NUMBERS.
R  INDICATES RECORD WAS SET OR TIED.
MM INDICATES DATA IS MISSING.
T  INDICATES TRACE AMOUNT.




$$
