000
CDUS44 KLZK 260658
CLIPBF


CLIMATE REPORT
NATIONAL WEATHER SERVICE LITTLE ROCK AR
158 AM CDT MON JUN 26 2017


...................................

...THE PINE BLUFF CLIMATE SUMMARY FOR JUNE 25 2017...

CLIMATE NORMAL PERIOD 1981 TO 2010
CLIMATE RECORD PERIOD 1883 TO 2017


WEATHER ITEM   OBSERVED TIME   RECORD YEAR NORMAL DEPARTURE LAST
                VALUE   (LST)  VALUE       VALUE  FROM      YEAR
                                                  NORMAL
..................................................................
TEMPERATURE (F)
 YESTERDAY
  MAXIMUM         84    305 PM 102    1918  91     -7       93
                                      1901
  MINIMUM         67   1159 PM  57    1974  71     -4       74
  AVERAGE         76                        81     -5       84

PRECIPITATION (IN)
  YESTERDAY        0.00          2.16 1958   0.10  -0.10     0.00
  MONTH TO DATE    5.51                      3.08   2.43     2.36
  SINCE JUN 1      5.51                      3.08   2.43     2.36
  SINCE JAN 1     30.63                     26.28   4.35    33.36

SNOWFALL (IN)
  YESTERDAY        0.0          MM      MM   0.0    0.0      0.0
  MONTH TO DATE    0.0                       0.0    0.0      0.0
  SINCE JUN 1      0.0                       0.0    0.0      0.0
  SINCE JUL 1      1.5                       3.1   -1.6      3.6
  SNOW DEPTH       0

DEGREE DAYS
 HEATING
  YESTERDAY        0                         0      0        0
  MONTH TO DATE    0                         0      0        0
  SINCE JUN 1      0                         0      0        0
  SINCE JUL 1   2034                      2881   -847     2234

 COOLING
  YESTERDAY       11                        16     -5       19
  MONTH TO DATE  296                       341    -45      384
  SINCE JUN 1    296                       341    -45      384
  SINCE JAN 1    639                       648     -9      632
..................................................................


WIND (MPH)
  HIGHEST WIND SPEED    10   HIGHEST WIND DIRECTION     E (80)
  HIGHEST GUST SPEED    14   HIGHEST GUST DIRECTION    NE (40)
  AVERAGE WIND SPEED     3.9


SKY COVER
  POSSIBLE SUNSHINE  MM
  AVERAGE SKY COVER 0.1


WEATHER CONDITIONS
 THE FOLLOWING WEATHER WAS RECORDED YESTERDAY.
  NO SIGNIFICANT WEATHER WAS OBSERVED.


RELATIVE HUMIDITY (PERCENT)
 HIGHEST    93          1000 PM
 LOWEST     46           100 PM
 AVERAGE    70

..........................................................


THE PINE BLUFF CLIMATE NORMALS FOR TODAY
                         NORMAL    RECORD    YEAR
 MAXIMUM TEMPERATURE (F)   91       103      1918
 MINIMUM TEMPERATURE (F)   71        55      1958


SUNRISE AND SUNSET
JUNE 26 2017..........SUNRISE   558 AM CDT   SUNSET   823 PM CDT
JUNE 27 2017..........SUNRISE   558 AM CDT   SUNSET   823 PM CDT


-  INDICATES NEGATIVE NUMBERS.
R  INDICATES RECORD WAS SET OR TIED.
MM INDICATES DATA IS MISSING.
T  INDICATES TRACE AMOUNT.




$$
