000
CXUS53 KSGF 010810
CF6VIH
PRELIMINARY LOCAL CLIMATOLOGICAL DATA (WS FORM: F-6)
STATION: VICHY-ROLLA MO
MONTH: JANUARY
YEAR: 2024
LATITUDE: 38 7 N
LONGITUDE: 91 46 W
TEMPERATURE IN F: :PCPN: SNOW: WIND :SUNSHINE: SKY :PK WND
================================================================================
1 2 3 4 5 6A 6B 7 8 9 10 11 12 13 14 15 16 17 18
12Z AVG MX 2MIN
DY MAX MIN AVG DEP HDD CDD WTR SNW DPTH SPD SPD DIR MIN PSBL S-S WX SPD DR
================================================================================
1 32 21 27 -5 38 0 0.00 M M 6.1 13 330 M M 8 18 330
2 43 20 32 0 33 0 0.00 M M 8.0 13 230 M M 0 17 230
3 44 22 33 1 32 0 0.00 M M 5.4 13 340 M M 2 18 19 20
4 42 28 35 3 30 0 0.00 M M 5.5 12 100 M M 4 17 80
5 37 27 32 0 33 0 0.02 M M 8.1 22 100 M M 5 16 31 100
6 35 32 34 2 31 0 T M M 7.1 15 280 M M 10 12 22 250
7 39 30 35 3 30 0 T M M 7.9 14 280 M M 6 1 18 250
8 39 30 35 3 30 0 0.35 M M 13.7 28 110 M M 6 12 38 110
9 38 27 33 2 32 0 0.17 M M 15.4 29 270 M M 10 12 45 280
10 45 24 35 4 30 0 0.00 M M 12.4 21 280 M M 4 30 280
11 50 29 40 9 25 0 0.16 M M 10.8 20 130 M M 2 13 30 130
12 47 13 30 -1 35 0 0.33 M M 19.3 35 260 M M 9 1236 48 260
13 14 -2 6 -25 59 0 T M M 14.9 25 280 M M 8 18 36 280
14 -1 -7 -4 -35 69 0 0.00 M M 9.4 22 290 M M 4 31 290
15 6 -5 1 -30 64 0 T M M 7.6 16 300 M M 5 18 22 300
16 13 -5 4 -27 61 0 T M M 11.6 21 260 M M 2 8 29 250
17 40 5 23 -8 42 0 0.00 M M 16.1 24 220 M M 0 34 210
18 41 24 33 2 32 0 T M M 7.3 18 320 M M 4 25 320
19 26 4 15 -16 50 0 T M M 13.5 26 320 M M 4 18 40 310
20 19 -1 9 -22 56 0 0.00 M M 6.6 13 20 M M 0 17 320
21 33 9 21 -10 44 0 0.00 M M 14.9 23 170 M M 3 31 150
22 38 27 33 2 32 0 0.71 M M 10.9 20 170 M M 10 16 27 180
23 45 37 41 9 24 0 0.33 M M 7.1 13 170 M M 10 12 M M
24 47 40 44 12 21 0 0.31 M M 3.5 10 110 M M 10 12 14 110
25 43 34 39 7 26 0 0.55 M M 5.8 16 20 M M 10 12 21 20
26 41 37 39 7 26 0 0.00 M M 4.7 14 270 M M 10 12 18 280
27 37 36 37 5 28 0 0.30 M M 9.4 16 320 M M 10 12 23 320
28 37 23 30 -2 35 0 0.00 M M 8.2 17 300 M M 8 12 25 290
29 56 25 41 9 24 0 0.00 M M 7.5 13 210 M M 1 12 16 220
30 51 34 43 11 22 0 0.00 M M 10.8 21 320 M M 3 29 320
31 55 28 42 10 23 0 0.00 M M 6.0 15 200 M M 3 19 200
================================================================================
SM 1132 646 1117 0 3.23 M 295.5 M 171
================================================================================
AV 36.5 20.8 9.5 FASTST M M 6 MAX(MPH)
MISC ----> 35 260 48 260
================================================================================
NOTES:
# LAST OF SEVERAL OCCURRENCES
COLUMN 17 PEAK WIND IN M.P.H.
PRELIMINARY LOCAL CLIMATOLOGICAL DATA (WS FORM: F-6) , PAGE 2
STATION: VICHY-ROLLA MO
MONTH: JANUARY
YEAR: 2024
LATITUDE: 38 7 N
LONGITUDE: 91 46 W
[TEMPERATURE DATA] [PRECIPITATION DATA] SYMBOLS USED IN COLUMN 16
AVERAGE MONTHLY: 28.7 TOTAL FOR MONTH: 3.23 1 = FOG OR MIST
DPTR FM NORMAL: -2.9 DPTR FM NORMAL: 1.01 2 = FOG REDUCING VISIBILITY
HIGHEST: 56 ON 29 GRTST 24HR 0.72 ON 22-23 TO 1/4 MILE OR LESS
LOWEST: -7 ON 14 3 = THUNDER
SNOW, ICE PELLETS, HAIL 4 = ICE PELLETS
TOTAL MONTH: M 5 = HAIL
GRTST 24HR M ON M 6 = FREEZING RAIN OR DRIZZLE
GRTST DEPTH: M ON M 7 = DUSTSTORM OR SANDSTORM:
VSBY 1/2 MILE OR LESS
8 = SMOKE OR HAZE
[NO. OF DAYS WITH] [WEATHER - DAYS WITH] 9 = BLOWING SNOW
X = TORNADO
MAX 32 OR BELOW: 7 0.01 INCH OR MORE: 10
MAX 90 OR ABOVE: 0 0.10 INCH OR MORE: 9
MIN 32 OR BELOW: 25 0.50 INCH OR MORE: 2
MIN 0 OR BELOW: 5 1.00 INCH OR MORE: 0
[HDD (BASE 65) ]
TOTAL THIS MO. 1117 CLEAR (SCALE 0-3) 9
DPTR FM NORMAL 82 PTCLDY (SCALE 4-7) 11
TOTAL FM JUL 1 2509 CLOUDY (SCALE 8-10) 11
DPTR FM NORMAL -381
[CDD (BASE 65) ]
TOTAL THIS MO. 0
DPTR FM NORMAL 0 [PRESSURE DATA]
TOTAL FM JAN 1 0 HIGHEST SLP M ON M
DPTR FM NORMAL 0 LOWEST SLP 29.19 ON 9
[REMARKS]
#FINAL-01-24#