000
CXUS51 KILN 260935
CF6LUK
PRELIMINARY LOCAL CLIMATOLOGICAL DATA (WS FORM: F-6)
STATION: CINCINNATI/LUNK ASOS
MONTH: APRIL
YEAR: 2024
LATITUDE: 39 5 N
LONGITUDE: 84 26 W
TEMPERATURE IN F: :PCPN: SNOW: WIND :SUNSHINE: SKY :PK WND
================================================================================
1 2 3 4 5 6A 6B 7 8 9 10 11 12 13 14 15 16 17 18
12Z AVG MX 2MIN
DY MAX MIN AVG DEP HDD CDD WTR SNW DPTH SPD SPD DIR MIN PSBL S-S WX SPD DR
================================================================================
1 76 53 65 16 0 0 0.10 M M 5.5 17 340 M M 6 138 22 340
2 74 52 63 13 2 0 2.50 M M 8.8 28 280 M M 8 138 38 270
3 52 38 45 -5 20 0 0.15 M M 14.7 32 250 M M 9 1 43 260
4 47 36 42 -8 23 0 0.25 M M 12.7 22 290 M M 10 18 37 280
5 50 34 42 -9 23 0 0.06 M M 6.6 18 360 M M 9 1 24 330
6 59 29 44 -7 21 0 0.00 M M 2.3 17 40 M M 3 12 22 50
7 66 31 49 -3 16 0 T M M 4.5 17 160 M M 3 12 25 160
8 77 50 64 12 1 0 T M M 5.1 15 200 M M 4 20 200
9 66 51 59 7 6 0 0.31 M M 5.5 21 210 M M 8 13 25 200
10 65 56 61 8 4 0 0.58 M M 2.0 12 180 M M 10 1 16 180
11 70 53 62 9 3 0 2.53 M M 7.7 23 280 M M 10 128 38 270
12 59 48 54 1 11 0 0.47 M M 11.6 25 310 M M 9 13 39 310
13 69 44 57 3 8 0 0.00 M M 6.8 17 250 M M 1 24 290
14 82 44 63 9 2 0 0.00 M M 8.2 26 220 M M 0 1 39 220
15 86 50 68 14 0 3 0.00 M M 4.2 13 250 M M 1 8 17 260
16 84 53 69 14 0 4 0.00 M M 4.6 17 210 M M 2 24 200
17 81 58 70 15 0 5 0.36 M M 13.7 31 210 M M 5 13 49 200
18 80 47 64 8 1 0 0.00 M M 3.5 9 150 M M 0 8 15 140
19 69 54 62 6 3 0 0.17 M M 9.6 23 230 M M 7 1 33 220
20 59 44 52 -4 13 0 0.00 M M 8.5 21 270 M M 2 30 260
21 54 38 46 -11 19 0 0.00 M M 5.3 14 10 M M 3 19 40
22 64 32 48 -9 17 0 0.00 M M 2.8 14 210 M M 1 12 18 230
23 68 42 55 -2 10 0 0.09 M M 9.2 25 200 M M 3 1 37 220
24 64 38 51 -7 14 0 0.00 M M 7.2 18 340 M M 4 128 24 350
25 63 37 50 -8 15 0 0.00 M M 5.4 14 40 M M 2 22 40
================================================================================
SM 1684 1112 232 12 7.57 M 176.0 M 120
================================================================================
AV 67.4 44.5 7.0 FASTST M M 5 MAX(MPH)
MISC ----> 32 250 49 200
================================================================================
NOTES:
# LAST OF SEVERAL OCCURRENCES
COLUMN 17 PEAK WIND IN M.P.H.
PRELIMINARY LOCAL CLIMATOLOGICAL DATA (WS FORM: F-6) , PAGE 2
STATION: CINCINNATI/LUNK ASOS
MONTH: APRIL
YEAR: 2024
LATITUDE: 39 5 N
LONGITUDE: 84 26 W
[TEMPERATURE DATA] [PRECIPITATION DATA] SYMBOLS USED IN COLUMN 16
AVERAGE MONTHLY: 55.9 TOTAL FOR MONTH: 7.57 1 = FOG OR MIST
DPTR FM NORMAL: 2.2 DPTR FM NORMAL: 3.97 2 = FOG REDUCING VISIBILITY
HIGHEST: 86 ON 15 GRTST 24HR 3.03 ON 10-11 TO 1/4 MILE OR LESS
LOWEST: 29 ON 6 3 = THUNDER
SNOW, ICE PELLETS, HAIL 4 = ICE PELLETS
TOTAL MONTH: M 5 = HAIL
GRTST 24HR M ON M 6 = FREEZING RAIN OR DRIZZLE
GRTST DEPTH: M ON M 7 = DUSTSTORM OR SANDSTORM:
VSBY 1/2 MILE OR LESS
8 = SMOKE OR HAZE
[NO. OF DAYS WITH] [WEATHER - DAYS WITH] 9 = BLOWING SNOW
X = TORNADO
MAX 32 OR BELOW: 0 0.01 INCH OR MORE: 12
MAX 90 OR ABOVE: 0 0.10 INCH OR MORE: 10
MIN 32 OR BELOW: 3 0.50 INCH OR MORE: 3
MIN 0 OR BELOW: 0 1.00 INCH OR MORE: 2
[HDD (BASE 65) ]
TOTAL THIS MO. 232 CLEAR (SCALE 0-3) 11
DPTR FM NORMAL -59 PTCLDY (SCALE 4-7) 8
TOTAL FM JUL 1 3918 CLOUDY (SCALE 8-10) 6
DPTR FM NORMAL -726
[CDD (BASE 65) ]
TOTAL THIS MO. 12
DPTR FM NORMAL 9 [PRESSURE DATA]
TOTAL FM JAN 1 12 HIGHEST SLP M ON M
DPTR FM NORMAL 7 LOWEST SLP 29.29 ON 11
[REMARKS]