000
CXUS55 KPSR 181005
CF6PHX
PRELIMINARY LOCAL CLIMATOLOGICAL DATA (WS FORM: F-6)
STATION: PHOENIX AZ
MONTH: APRIL
YEAR: 2024
LATITUDE: 33 25 N
LONGITUDE: 112 1 W
TEMPERATURE IN F: :PCPN: SNOW: WIND :SUNSHINE: SKY :PK WND
================================================================================
1 2 3 4 5 6A 6B 7 8 9 10 11 12 13 14 15 16 17 18
12Z AVG MX 2MIN
DY MAX MIN AVG DEP HDD CDD WTR SNW DPTH SPD SPD DIR MIN PSBL S-S WX SPD DR
================================================================================
1 64 49 57 -13 8 0 0.40 0.0 0 5.5 23 240 M M 8 1 34 240
2 76 51 64 -6 1 0 0.00 0.0 0 5.3 14 270 M M 2 20 270
3 83 56 70 0 0 5 0.00 0.0 0 4.8 12 80 M M 0 16 60
4 89 59 74 3 0 9 0.00 0.0 0 7.8 17 220 M M 4 23 210
5 72 56 64 -7 1 0 T 0.0 0 15.0 32 270 M M 7 40 270
6 68 49 59 -12 6 0 0.00 0.0 0 7.8 24 270 M M 2 32 270
7 76 50 63 -8 2 0 0.00 0.0 0 5.1 13 260 M M 2 18 310
8 76 55 66 -5 0 1 0.00 0.0 0 6.6 23 270 M M 6 31 270
9 85 55 70 -2 0 5 0.00 0.0 0 6.9 18 270 M M 1 25 260
10 87 57 72 0 0 7 0.00 0.0 0 5.0 12 270 M M 0 16 290
11 94 62 78 6 0 13 0.00 0.0 0 5.9 15 70 M M 0 19 70
12 95 65 80 8 0 15 0.00 0.0 0 9.6 22 170 M M 1 34 180
13 90 64 77 5 0 12 0.00 0.0 0 8.3 18 160 M M 1 25 180
14 84 60 72 -1 0 7 0.00 0.0 0 8.2 25 280 M M 1 31 280
15 77 58 68 -5 0 3 0.00 0.0 0 6.9 22 270 M M 1 26 270
16 88 59 74 1 0 9 0.00 0.0 0 5.8 16 290 M M 1 24 320
17 93 62 78 5 0 13 0.00 0.0 0 5.3 14 310 M M 2 22 320
================================================================================
SM 1397 967 18 99 0.40 0.0 119.8 M 39
================================================================================
AV 82.2 56.9 7.0 FASTST M M 2 MAX(MPH)
MISC ----> 32 270 40 270
================================================================================
NOTES:
# LAST OF SEVERAL OCCURRENCES
COLUMN 17 PEAK WIND IN M.P.H.
PRELIMINARY LOCAL CLIMATOLOGICAL DATA (WS FORM: F-6) , PAGE 2
STATION: PHOENIX AZ
MONTH: APRIL
YEAR: 2024
LATITUDE: 33 25 N
LONGITUDE: 112 1 W
[TEMPERATURE DATA] [PRECIPITATION DATA] SYMBOLS USED IN COLUMN 16
AVERAGE MONTHLY: 69.5 TOTAL FOR MONTH: 0.40 1 = FOG OR MIST
DPTR FM NORMAL: -2.1 DPTR FM NORMAL: 0.22 2 = FOG REDUCING VISIBILITY
HIGHEST: 95 ON 12 GRTST 24HR 0.65 ON 31- 1 TO 1/4 MILE OR LESS
LOWEST: 49 ON 6, 1 3 = THUNDER
SNOW, ICE PELLETS, HAIL 4 = ICE PELLETS
TOTAL MONTH: 0.0 INCH 5 = HAIL
GRTST 24HR 0.0 6 = FREEZING RAIN OR DRIZZLE
GRTST DEPTH: 0 7 = DUSTSTORM OR SANDSTORM:
VSBY 1/2 MILE OR LESS
8 = SMOKE OR HAZE
[NO. OF DAYS WITH] [WEATHER - DAYS WITH] 9 = BLOWING SNOW
X = TORNADO
MAX 32 OR BELOW: 0 0.01 INCH OR MORE: 1
MAX 90 OR ABOVE: 4 0.10 INCH OR MORE: 1
MIN 32 OR BELOW: 0 0.50 INCH OR MORE: 0
MIN 0 OR BELOW: 0 1.00 INCH OR MORE: 0
[HDD (BASE 65) ]
TOTAL THIS MO. 18 CLEAR (SCALE 0-3) 13
DPTR FM NORMAL 8 PTCLDY (SCALE 4-7) 4
TOTAL FM JUL 1 648 CLOUDY (SCALE 8-10) 0
DPTR FM NORMAL -221
[CDD (BASE 65) ]
TOTAL THIS MO. 99
DPTR FM NORMAL -25 [PRESSURE DATA]
TOTAL FM JAN 1 202 HIGHEST SLP M ON M
DPTR FM NORMAL -45 LOWEST SLP 29.63 ON 4
[REMARKS]