000
CXUS54 KEWX 191011
CF6T82
PRELIMINARY LOCAL CLIMATOLOGICAL DATA (WS FORM: F-6)
STATION: FREDERICKSBURG
MONTH: APRIL
YEAR: 2024
LATITUDE: 30 15 N
LONGITUDE: 98 55 W
TEMPERATURE IN F: :PCPN: SNOW: WIND :SUNSHINE: SKY :PK WND
================================================================================
1 2 3 4 5 6A 6B 7 8 9 10 11 12 13 14 15 16 17 18
12Z AVG MX 2MIN
DY MAX MIN AVG DEP HDD CDD WTR SNW DPTH SPD SPD DIR MIN PSBL S-S WX SPD DR
================================================================================
1 83 61 72 M 0 7 0.24 M M 9.3 15 170 M M 6 18 31 320
2 67 48 58 M 7 0 0.00 M M 9.3 18 340 M M 1 25 340
3 76 38 57 M 8 0 0.00 M M 5.8 12 350 M M 0 22 290
4 84 41 63 M 2 0 0.00 M M 4.0 13 240 M M 0 17 240
5 82 46 64 M 1 0 0.00 M M 9.5 21 200 M M 0 29 200
6 79 59 69 M 0 4 0.00 M M 10.8 16 190 M M 7 24 190
7 79 54 67 M 0 2 0.00 M M 4.1 12 340 M M 3 M M
8 78 49 64 M 1 0 0.00 M M 6.1 13 140 M M 7 1 18 140
9 87 58 73 M 0 8 0.31 M M 9.2 23 340 M M 7 13 31 340
10 68 49 59 M 6 0 0.00 M M 15.3 25 350 M M 5 33 320
11 78 44 61 M 4 0 0.00 M M 4.7 13 10 M M 0 18 10
12 82 44 63 M 2 0 0.00 M M 8.4 16 170 M M 0 8 25 160
13 81 58 70 M 0 5 0.00 M M 11.6 20 180 M M 0 30 180
14 85 64 75 M 0 10 0.00 M M 9.5 14 190 M M 6 21 200
15 82 66 74 M 0 9 0.00 M M 11.3 16 170 M M 8 24 170
16 85 67 76 M 0 11 0.01 M M 5.9 16 170 M M 7 1 21 170
17 84 70 77 M 0 12 0.00 M M 5.2 12 150 M M 8 1 21 170
18 84 69 77 M 0 12 0.00 M M 6.2 12 200 M M 7 1 16 210
================================================================================
SM 1444 985 31 80 0.56 M 146.2 M 72
================================================================================
AV 80.2 54.7 8.1 FASTST M M 4 MAX(MPH)
MISC ----> 25 350 33 320
================================================================================
NOTES:
# LAST OF SEVERAL OCCURRENCES
COLUMN 17 PEAK WIND IN M.P.H.
PRELIMINARY LOCAL CLIMATOLOGICAL DATA (WS FORM: F-6) , PAGE 2
STATION: FREDERICKSBURG
MONTH: APRIL
YEAR: 2024
LATITUDE: 30 15 N
LONGITUDE: 98 55 W
[TEMPERATURE DATA] [PRECIPITATION DATA] SYMBOLS USED IN COLUMN 16
AVERAGE MONTHLY: 67.5 TOTAL FOR MONTH: 0.56 1 = FOG OR MIST
DPTR FM NORMAL: 0.0 DPTR FM NORMAL: 0.56 2 = FOG REDUCING VISIBILITY
HIGHEST: 87 ON 9 GRTST 24HR 0.31 ON 9- 9 TO 1/4 MILE OR LESS
LOWEST: 38 ON 3 3 = THUNDER
SNOW, ICE PELLETS, HAIL 4 = ICE PELLETS
TOTAL MONTH: M 5 = HAIL
GRTST 24HR M ON M 6 = FREEZING RAIN OR DRIZZLE
GRTST DEPTH: M ON M 7 = DUSTSTORM OR SANDSTORM:
VSBY 1/2 MILE OR LESS
8 = SMOKE OR HAZE
[NO. OF DAYS WITH] [WEATHER - DAYS WITH] 9 = BLOWING SNOW
X = TORNADO
MAX 32 OR BELOW: 0 0.01 INCH OR MORE: 3
MAX 90 OR ABOVE: 0 0.10 INCH OR MORE: 2
MIN 32 OR BELOW: 0 0.50 INCH OR MORE: 0
MIN 0 OR BELOW: 0 1.00 INCH OR MORE: 0
[HDD (BASE 65) ]
TOTAL THIS MO. 31 CLEAR (SCALE 0-3) 8
DPTR FM NORMAL M PTCLDY (SCALE 4-7) 9
TOTAL FM JUL 1 1734 CLOUDY (SCALE 8-10) 1
DPTR FM NORMAL M
[CDD (BASE 65) ]
TOTAL THIS MO. 80
DPTR FM NORMAL M [PRESSURE DATA]
TOTAL FM JAN 1 138 HIGHEST SLP M ON M
DPTR FM NORMAL M LOWEST SLP M ON M
[REMARKS]