000
CDUS44 KMEG 240640
CLIJBR


CLIMATE REPORT
NATIONAL WEATHER SERVICE MEMPHIS TN
139 AM CDT SUN JUL 24 2016


...................................

...THE JONESBORO CLIMATE SUMMARY FOR JULY 23 2016...

CLIMATE NORMAL PERIOD 1981 TO 2010
CLIMATE RECORD PERIOD 1897 TO 2016


WEATHER ITEM   OBSERVED TIME   RECORD YEAR NORMAL DEPARTURE LAST
                VALUE   (LST)  VALUE       VALUE  FROM      YEAR
                                                  NORMAL
..................................................................
TEMPERATURE (F)
 YESTERDAY
  MAXIMUM         92    405 PM 113    1901  91      1       86
  MINIMUM         76    521 AM  54    1897  71      5       74
  AVERAGE         84                        81      3       80

PRECIPITATION (IN)
  YESTERDAY        T             1.99 2013   0.12  -0.12     0.58
  MONTH TO DATE    2.08                      2.85  -0.77     6.45
  SINCE JUN 1      2.62                      6.60  -3.98     8.54
  SINCE JAN 1     35.05                     27.88   7.17    34.32

SNOWFALL (IN)
  YESTERDAY        0.0          MM      MM   0.0    0.0      0.0
  MONTH TO DATE    0.0                       0.0    0.0      0.0
  SINCE JUN 1      0.0                       0.0    0.0      0.0
  SINCE JUL 1      0.0                       0.0    0.0      0.0
  SNOW DEPTH       0

DEGREE DAYS
 HEATING
  YESTERDAY        0                         0      0        0
  MONTH TO DATE    0                         0      0        0
  SINCE JUN 1      0                         1     -1        0
  SINCE JUL 1      0                         0      0        0

 COOLING
  YESTERDAY       19                        16      3       15
  MONTH TO DATE  429                       367     62      384
  SINCE JUN 1    915                       750    165      814
  SINCE JAN 1   1114                       963    151      989
..................................................................


WIND (MPH)
  HIGHEST WIND SPEED    15   HIGHEST WIND DIRECTION     S (180)
  HIGHEST GUST SPEED    18   HIGHEST GUST DIRECTION    SE (120)
  AVERAGE WIND SPEED     4.6


SKY COVER
  POSSIBLE SUNSHINE  MM
  AVERAGE SKY COVER 0.2


WEATHER CONDITIONS
 THE FOLLOWING WEATHER WAS RECORDED YESTERDAY.
  THUNDERSTORM


RELATIVE HUMIDITY (PERCENT)
 HIGHEST    94           600 AM
 LOWEST     63           300 PM
 AVERAGE    79

..........................................................


THE JONESBORO CLIMATE NORMALS FOR TODAY
                         NORMAL    RECORD    YEAR
 MAXIMUM TEMPERATURE (F)   91       107      1934
 MINIMUM TEMPERATURE (F)   71        55      1915


SUNRISE AND SUNSET
JULY 24 2016..........SUNRISE   605 AM CDT   SUNSET   813 PM CDT
JULY 25 2016..........SUNRISE   605 AM CDT   SUNSET   812 PM CDT


-  INDICATES NEGATIVE NUMBERS.
R  INDICATES RECORD WAS SET OR TIED.
MM INDICATES DATA IS MISSING.
T  INDICATES TRACE AMOUNT.




$$
