000
CDUS44 KMEG 290646
CLIJBR


CLIMATE REPORT
NATIONAL WEATHER SERVICE MEMPHIS TN
146 AM CDT THU JUN 29 2017


...................................

...THE JONESBORO CLIMATE SUMMARY FOR JUNE 28 2017...

CLIMATE NORMAL PERIOD 1981 TO 2010
CLIMATE RECORD PERIOD 1897 TO 2017


WEATHER ITEM   OBSERVED TIME   RECORD YEAR NORMAL DEPARTURE LAST
                VALUE   (LST)  VALUE       VALUE  FROM      YEAR
                                                  NORMAL
..................................................................
TEMPERATURE (F)
 YESTERDAY
  MAXIMUM         90    328 PM 106    1901  91     -1       94
  MINIMUM         65    507 AM  53    1926  70     -5       69
  AVERAGE         78                        80     -2       82

PRECIPITATION (IN)
  YESTERDAY        0.00          1.48 1960   0.17  -0.17      T
  MONTH TO DATE    2.54                      3.40  -0.86     0.54
  SINCE JUN 1      2.54                      3.40  -0.86     0.54
  SINCE JAN 1     29.73                     24.68   5.05    32.97

DEGREE DAYS
 HEATING
  YESTERDAY        0                         0      0        0
  MONTH TO DATE    0                         0      0        0
  SINCE JUN 1      0                         0      0        0
  SINCE JUL 1   2628                      3652  -1024     2983

 COOLING
  YESTERDAY       13                        15     -2       17
  MONTH TO DATE  366                       352     14      458
  SINCE JUN 1    366                       352     14      458
  SINCE JAN 1    600                       565     35      657
..................................................................


WIND (MPH)
  HIGHEST WIND SPEED    17   HIGHEST WIND DIRECTION     S (200)
  HIGHEST GUST SPEED    23   HIGHEST GUST DIRECTION     S (190)
  AVERAGE WIND SPEED     7.7


SKY COVER
  POSSIBLE SUNSHINE  MM
  AVERAGE SKY COVER 0.1


WEATHER CONDITIONS
 THE FOLLOWING WEATHER WAS RECORDED YESTERDAY.
  NO SIGNIFICANT WEATHER WAS OBSERVED.


RELATIVE HUMIDITY (PERCENT)
 HIGHEST   100           500 AM
 LOWEST     50           100 PM
 AVERAGE    75

..........................................................


THE JONESBORO CLIMATE NORMALS FOR TODAY
                         NORMAL    RECORD    YEAR
 MAXIMUM TEMPERATURE (F)   91       110      1901
 MINIMUM TEMPERATURE (F)   70        54      1907


SUNRISE AND SUNSET
JUNE 29 2017..........SUNRISE   549 AM CDT   SUNSET   823 PM CDT
JUNE 30 2017..........SUNRISE   550 AM CDT   SUNSET   823 PM CDT


-  INDICATES NEGATIVE NUMBERS.
R  INDICATES RECORD WAS SET OR TIED.
MM INDICATES DATA IS MISSING.
T  INDICATES TRACE AMOUNT.




$$
