000
CDUS44 KMEG 250622
CLIJBR


CLIMATE REPORT
NATIONAL WEATHER SERVICE MEMPHIS TN
122 AM CDT SAT OCT 25 2014


...................................

...THE JONESBORO CLIMATE SUMMARY FOR OCTOBER 24 2014...

CLIMATE NORMAL PERIOD 1981 TO 2010
CLIMATE RECORD PERIOD 1897 TO 2014


WEATHER ITEM   OBSERVED TIME   RECORD YEAR NORMAL DEPARTURE LAST
                VALUE   (LST)  VALUE       VALUE  FROM      YEAR
                                                  NORMAL
..................................................................
TEMPERATURE (F)
 YESTERDAY
  MAXIMUM         74    306 PM  89    1921  70      4       59
  MINIMUM         43    553 AM  23    1981  48     -5       40
  AVERAGE         59                        59      0       50

PRECIPITATION (IN)
  YESTERDAY        0.00          2.42 1976   0.16  -0.16     0.00
  MONTH TO DATE    3.57                      3.40   0.17     3.73
  SINCE SEP 1      5.41                      6.46  -1.05     5.01
  SINCE JAN 1     39.09                     37.57   1.52    42.46

SNOWFALL (IN)
  YESTERDAY        0.0           0.0  2002   0.0    0.0      0.0
                                      2001
  MONTH TO DATE    0.0                       0.0    0.0      0.0
  SINCE SEP 1      0.0                       0.0    0.0      0.0
  SINCE JUL 1      0.0                       0.0    0.0      0.0
  SNOW DEPTH       0

DEGREE DAYS
 HEATING
  YESTERDAY        6                         7     -1       15
  MONTH TO DATE   92                       111    -19      104
  SINCE SEP 1    101                       129    -28      104
  SINCE JUL 1    101                       129    -28      104

 COOLING
  YESTERDAY        0                         1     -1        0
  MONTH TO DATE   59                        46     13       66
  SINCE SEP 1    319                       271     48      434
  SINCE JAN 1   1779                      1817    -38     2034
..................................................................


WIND (MPH)
  HIGHEST WIND SPEED    15   HIGHEST WIND DIRECTION     N (350)
  HIGHEST GUST SPEED    23   HIGHEST GUST DIRECTION    NE (30)
  AVERAGE WIND SPEED     2.8


SKY COVER
  POSSIBLE SUNSHINE  MM
  AVERAGE SKY COVER 0.2


WEATHER CONDITIONS
 THE FOLLOWING WEATHER WAS RECORDED YESTERDAY.
  NO SIGNIFICANT WEATHER WAS OBSERVED.


RELATIVE HUMIDITY (PERCENT)
 HIGHEST   100           100 AM
 LOWEST     53           100 PM
 AVERAGE    77

..........................................................


THE JONESBORO CLIMATE NORMALS FOR TODAY
                         NORMAL    RECORD    YEAR
 MAXIMUM TEMPERATURE (F)   70        87      1902
 MINIMUM TEMPERATURE (F)   47        28      1903


SUNRISE AND SUNSET
OCTOBER 25 2014.......SUNRISE   718 AM CDT   SUNSET   615 PM CDT
OCTOBER 26 2014.......SUNRISE   719 AM CDT   SUNSET   613 PM CDT


-  INDICATES NEGATIVE NUMBERS.
R  INDICATES RECORD WAS SET OR TIED.
MM INDICATES DATA IS MISSING.
T  INDICATES TRACE AMOUNT.




$$
