000
CDUS44 KMEG 310636
CLIJBR


CLIMATE REPORT
NATIONAL WEATHER SERVICE MEMPHIS TN
134 AM CDT FRI OCT 31 2014


...................................

...THE JONESBORO CLIMATE SUMMARY FOR OCTOBER 30 2014...

CLIMATE NORMAL PERIOD 1981 TO 2010
CLIMATE RECORD PERIOD 1897 TO 2014


WEATHER ITEM   OBSERVED TIME   RECORD YEAR NORMAL DEPARTURE LAST
                VALUE   (LST)  VALUE       VALUE  FROM      YEAR
                                                  NORMAL
..................................................................
TEMPERATURE (F)
 YESTERDAY
  MAXIMUM         68    255 PM  90    1937  67      1       78
  MINIMUM         40    630 AM  22    1917  46     -6       62
  AVERAGE         54                        57     -3       70

PRECIPITATION (IN)
  YESTERDAY        0.00          3.00 2009   0.12  -0.12      T
  MONTH TO DATE    3.95                      4.15  -0.20     3.73
  SINCE SEP 1      5.79                      7.21  -1.42     5.01
  SINCE JAN 1     39.47                     38.32   1.15    42.46

SNOWFALL (IN)
  YESTERDAY        0.0           0.2  1925   0.0    0.0      0.0
  MONTH TO DATE    0.0                       0.0    0.0      0.0
  SINCE SEP 1      0.0                       0.0    0.0      0.0
  SINCE JUL 1      0.0                       0.0    0.0      0.0
  SNOW DEPTH       0

DEGREE DAYS
 HEATING
  YESTERDAY       11                         9      2        0
  MONTH TO DATE  115                       161    -46      167
  SINCE SEP 1    124                       179    -55      167
  SINCE JUL 1    124                       179    -55      167

 COOLING
  YESTERDAY        0                         1     -1        5
  MONTH TO DATE   78                        52     26       71
  SINCE SEP 1    338                       277     61      439
  SINCE JAN 1   1798                      1823    -25     2039
..................................................................


WIND (MPH)
  HIGHEST WIND SPEED    10   HIGHEST WIND DIRECTION     S (170)
  HIGHEST GUST SPEED    13   HIGHEST GUST DIRECTION     S (190)
  AVERAGE WIND SPEED     3.7


SKY COVER
  POSSIBLE SUNSHINE  MM
  AVERAGE SKY COVER 0.2


WEATHER CONDITIONS
 THE FOLLOWING WEATHER WAS RECORDED YESTERDAY.
  NO SIGNIFICANT WEATHER WAS OBSERVED.


RELATIVE HUMIDITY (PERCENT)
 HIGHEST    93          1100 PM
 LOWEST     37          1200 PM
 AVERAGE    65

..........................................................


THE JONESBORO CLIMATE NORMALS FOR TODAY
                         NORMAL    RECORD    YEAR
 MAXIMUM TEMPERATURE (F)   67        86      1900
 MINIMUM TEMPERATURE (F)   46        22      1917


SUNRISE AND SUNSET
OCTOBER 31 2014.......SUNRISE   724 AM CDT   SUNSET   608 PM CDT
NOVEMBER  1 2014......SUNRISE   725 AM CDT   SUNSET   607 PM CDT


-  INDICATES NEGATIVE NUMBERS.
R  INDICATES RECORD WAS SET OR TIED.
MM INDICATES DATA IS MISSING.
T  INDICATES TRACE AMOUNT.




$$
