000
CDUS44 KMEG 210737
CLIJBR


CLIMATE REPORT
NATIONAL WEATHER SERVICE MEMPHIS TN
136 AM CST SUN DEC 21 2014


...................................

...THE JONESBORO CLIMATE SUMMARY FOR DECEMBER 20 2014...

CLIMATE NORMAL PERIOD 1981 TO 2010
CLIMATE RECORD PERIOD 1897 TO 2014


WEATHER ITEM   OBSERVED TIME   RECORD YEAR NORMAL DEPARTURE LAST
                VALUE   (LST)  VALUE       VALUE  FROM      YEAR
                                                  NORMAL
..................................................................
TEMPERATURE (F)
 YESTERDAY
  MAXIMUM         45    320 PM  74    1931  47     -2       68
  MINIMUM         33   1122 PM   8    1929  30      3       58
  AVERAGE         39                        38      1       63

PRECIPITATION (IN)
  YESTERDAY        T             2.38 1926   0.14  -0.14     0.34
  MONTH TO DATE    2.06                      3.22  -1.16     2.20
  SINCE DEC 1      2.06                      3.22  -1.16     2.20
  SINCE JAN 1     43.42                     46.55  -3.13    48.18

SNOWFALL (IN)
  YESTERDAY        0.0           2.0  1973   0.0    0.0      0.0
  MONTH TO DATE    0.0                       0.2   -0.2      1.0
  SINCE DEC 1      0.0                       0.2   -0.2      1.0
  SINCE JUL 1      0.3                       0.2    0.1      1.0
  SNOW DEPTH       0

DEGREE DAYS
 HEATING
  YESTERDAY       26                        27     -1        2
  MONTH TO DATE  427                       492    -65      498
  SINCE DEC 1    427                       492    -65      498
  SINCE JUL 1   1186                      1142     44     1241

 COOLING
  YESTERDAY        0                         0      0        0
  MONTH TO DATE    0                         0      0        0
  SINCE DEC 1      0                         0      0        0
  SINCE JAN 1   1800                      1827    -27     2044
..................................................................


WIND (MPH)
  HIGHEST WIND SPEED     8   HIGHEST WIND DIRECTION    NE (50)
  HIGHEST GUST SPEED     9   HIGHEST GUST DIRECTION    NE (60)
  AVERAGE WIND SPEED     3.8


SKY COVER
  POSSIBLE SUNSHINE  MM
  AVERAGE SKY COVER 0.8


WEATHER CONDITIONS
 THE FOLLOWING WEATHER WAS RECORDED YESTERDAY.
  LIGHT RAIN
  FOG


RELATIVE HUMIDITY (PERCENT)
 HIGHEST   100           700 PM
 LOWEST     70          1200 PM
 AVERAGE    85

..........................................................


THE JONESBORO CLIMATE NORMALS FOR TODAY
                         NORMAL    RECORD    YEAR
 MAXIMUM TEMPERATURE (F)   47        75      1967
 MINIMUM TEMPERATURE (F)   30         8      1973


SUNRISE AND SUNSET
DECEMBER 21 2014......SUNRISE   709 AM CST   SUNSET   453 PM CST
DECEMBER 22 2014......SUNRISE   709 AM CST   SUNSET   453 PM CST


-  INDICATES NEGATIVE NUMBERS.
R  INDICATES RECORD WAS SET OR TIED.
MM INDICATES DATA IS MISSING.
T  INDICATES TRACE AMOUNT.




$$
