000
CDUS44 KMEG 280631
CLIJBR


CLIMATE REPORT
NATIONAL WEATHER SERVICE MEMPHIS TN
131 AM CDT MON JUL 28 2014


...................................

...THE JONESBORO CLIMATE SUMMARY FOR JULY 27 2014...

CLIMATE NORMAL PERIOD 1981 TO 2010
CLIMATE RECORD PERIOD 1897 TO 2014


WEATHER ITEM   OBSERVED TIME   RECORD YEAR NORMAL DEPARTURE LAST
                VALUE   (LST)  VALUE       VALUE  FROM      YEAR
                                                  NORMAL
..................................................................
TEMPERATURE (F)
 YESTERDAY
  MAXIMUM         91    148 PM 107    1930  91      0       87
  MINIMUM         77   1159 PM  52    1897  71      6       69
  AVERAGE         84                        81      3       78

PRECIPITATION (IN)
  YESTERDAY        0.12          3.75 1933   0.08   0.04     0.00
  MONTH TO DATE    1.75                      3.23  -1.48     2.54
  SINCE JUN 1     10.59                      6.98   3.61     6.54
  SINCE JAN 1     31.87                     28.26   3.61    32.88

SNOWFALL (IN)
  YESTERDAY        0.0          MM      MM   0.0    0.0      0.0
  MONTH TO DATE    0.0                       0.0    0.0      0.0
  SINCE JUN 1      0.0                       0.0    0.0      0.0
  SINCE JUL 1      0.0                       0.0    0.0      0.0
  SNOW DEPTH       0

DEGREE DAYS
 HEATING
  YESTERDAY        0                         0      0        0
  MONTH TO DATE    0                         0      0        0
  SINCE JUN 1      0                         1     -1        0
  SINCE JUL 1      0                         0      0        0

 COOLING
  YESTERDAY       19                        16      3       13
  MONTH TO DATE  299                       431   -132      407
  SINCE JUN 1    692                       814   -122      856
  SINCE JAN 1    939                      1027    -88     1086
..................................................................


WIND (MPH)
  HIGHEST WIND SPEED    17   HIGHEST WIND DIRECTION    SW (230)
  HIGHEST GUST SPEED    22   HIGHEST GUST DIRECTION    SW (230)
  AVERAGE WIND SPEED     9.4


SKY COVER
  POSSIBLE SUNSHINE  MM
  AVERAGE SKY COVER 0.0


WEATHER CONDITIONS
 THE FOLLOWING WEATHER WAS RECORDED YESTERDAY.
  THUNDERSTORM
  LIGHT RAIN


RELATIVE HUMIDITY (PERCENT)
 HIGHEST    88           600 AM
 LOWEST     68          1100 AM
 AVERAGE    78

..........................................................


THE JONESBORO CLIMATE NORMALS FOR TODAY
                         NORMAL    RECORD    YEAR
 MAXIMUM TEMPERATURE (F)   91       109      1930
 MINIMUM TEMPERATURE (F)   71        54      1897


SUNRISE AND SUNSET
JULY 28 2014..........SUNRISE   607 AM CDT   SUNSET   810 PM CDT
JULY 29 2014..........SUNRISE   608 AM CDT   SUNSET   810 PM CDT


-  INDICATES NEGATIVE NUMBERS.
R  INDICATES RECORD WAS SET OR TIED.
MM INDICATES DATA IS MISSING.
T  INDICATES TRACE AMOUNT.




$$
