515
CDUS44 KMEG 292156
CLIJBR


CLIMATE REPORT
NATIONAL WEATHER SERVICE MEMPHIS TN
456 PM CDT WED JUN 29 2016


...................................

...THE JONESBORO CLIMATE SUMMARY FOR JUNE 29 2016...
VALID TODAY AS OF 0400 PM LOCAL TIME.

CLIMATE NORMAL PERIOD 1981 TO 2010
CLIMATE RECORD PERIOD 1897 TO 2016


WEATHER ITEM   OBSERVED TIME   RECORD YEAR NORMAL DEPARTURE LAST
                VALUE   (LST)  VALUE       VALUE  FROM      YEAR
                                                  NORMAL
..................................................................
TEMPERATURE (F)
 TODAY
  MAXIMUM         88    242 PM 110    1901  91     -3       92
  MINIMUM         72    513 AM  54    1907  70      2       71
  AVERAGE         80                        80      0       82

PRECIPITATION (IN)
  TODAY            0.00          1.19 2014   0.18  -0.18     0.03
  MONTH TO DATE    0.54                      3.58  -3.04     2.09
  SINCE JUN 1      0.54                      3.58  -3.04     2.09
  SINCE JAN 1     32.97                     24.86   8.11    27.87

SNOWFALL (IN)
  TODAY            0.0

DEGREE DAYS
 HEATING
  TODAY            0                         0      0        0
  MONTH TO DATE    0                         0      0        0
  SINCE JUN 1      0                         0      0        0
  SINCE JUL 1   2983                      3652   -669     4014

 COOLING
  TODAY           15                        15      0       17
  MONTH TO DATE  473                       367    106      414
  SINCE JUN 1    473                       367    106      414
  SINCE JAN 1    672                       580     92      589
..................................................................


WIND (MPH)
  HIGHEST WIND SPEED    16   HIGHEST WIND DIRECTION    NE (60)
  HIGHEST GUST SPEED    18   HIGHEST GUST DIRECTION    NE (50)
  AVERAGE WIND SPEED     7.6


SKY COVER
  POSSIBLE SUNSHINE  MM
  AVERAGE SKY COVER 0.0


WEATHER CONDITIONS
 THE FOLLOWING WEATHER WAS RECORDED TODAY.
  NO SIGNIFICANT WEATHER WAS OBSERVED.


RELATIVE HUMIDITY (PERCENT)
 HIGHEST    84          1200 AM
 LOWEST     45          1200 PM
 AVERAGE    65

..........................................................


THE JONESBORO CLIMATE NORMALS FOR TOMORROW
                         NORMAL    RECORD    YEAR
 MAXIMUM TEMPERATURE (F)   91       105      1901
 MINIMUM TEMPERATURE (F)   70        52      1923


SUNRISE AND SUNSET
JUNE 29 2016..........SUNRISE   549 AM CDT   SUNSET   823 PM CDT
JUNE 30 2016..........SUNRISE   550 AM CDT   SUNSET   823 PM CDT


-  INDICATES NEGATIVE NUMBERS.
R  INDICATES RECORD WAS SET OR TIED.
MM INDICATES DATA IS MISSING.
T  INDICATES TRACE AMOUNT.




$$
