000
CDUS44 KMEG 032146
CLIJBR


CLIMATE REPORT
NATIONAL WEATHER SERVICE MEMPHIS TN
446 PM CDT MON AUG 3 2015


...................................

...THE JONESBORO CLIMATE SUMMARY FOR AUGUST 3 2015...
VALID TODAY AS OF 0400 PM LOCAL TIME.

CLIMATE NORMAL PERIOD 1981 TO 2010
CLIMATE RECORD PERIOD 1897 TO 2015


WEATHER ITEM   OBSERVED TIME   RECORD YEAR NORMAL DEPARTURE LAST
                VALUE   (LST)  VALUE       VALUE  FROM      YEAR
                                                  NORMAL
..................................................................
TEMPERATURE (F)
 TODAY
  MAXIMUM         96    243 PM 109    1901  91      5       87
  MINIMUM         69    506 AM  55    1920  71     -2       67
  AVERAGE         83                        81      2       77

PRECIPITATION (IN)
  TODAY            0.00          2.50 1932   0.08  -0.08     0.00
  MONTH TO DATE    0.00                      0.25  -0.25     0.00
  SINCE JUN 1      8.69                      7.54   1.15    10.83
  SINCE JAN 1     34.47                     28.82   5.65    32.11

SNOWFALL (IN)
  TODAY            0.0

DEGREE DAYS
 HEATING
  TODAY            0                         0      0        0
  MONTH TO DATE    0                         0      0        0
  SINCE JUN 1      0                         1     -1        0
  SINCE JUL 1      0                         0      0        0

 COOLING
  TODAY           18                        16      2       12
  MONTH TO DATE   48                        48      0       34
  SINCE JUN 1   1010                       922     88      755
  SINCE JAN 1   1185                      1135     50     1002
..................................................................


WIND (MPH)
  HIGHEST WIND SPEED    10   HIGHEST WIND DIRECTION     W (270)
  HIGHEST GUST SPEED    16   HIGHEST GUST DIRECTION     W (260)
  AVERAGE WIND SPEED     3.7


SKY COVER
  POSSIBLE SUNSHINE  MM
  AVERAGE SKY COVER 0.0


WEATHER CONDITIONS
 THE FOLLOWING WEATHER WAS RECORDED TODAY.
  NO SIGNIFICANT WEATHER WAS OBSERVED.


RELATIVE HUMIDITY (PERCENT)
 HIGHEST    97           500 AM
 LOWEST     34           200 PM
 AVERAGE    66

..........................................................


THE JONESBORO CLIMATE NORMALS FOR TOMORROW
                         NORMAL    RECORD    YEAR
 MAXIMUM TEMPERATURE (F)   91       107      1964
 MINIMUM TEMPERATURE (F)   71        51      1974


SUNRISE AND SUNSET
AUGUST  3 2015........SUNRISE   612 AM CDT   SUNSET   805 PM CDT
AUGUST  4 2015........SUNRISE   612 AM CDT   SUNSET   804 PM CDT


-  INDICATES NEGATIVE NUMBERS.
R  INDICATES RECORD WAS SET OR TIED.
MM INDICATES DATA IS MISSING.
T  INDICATES TRACE AMOUNT.




$$
