000
CDUS44 KMEG 300644
CLIJBR


CLIMATE REPORT
NATIONAL WEATHER SERVICE MEMPHIS TN
143 AM CDT THU MAR 30 2017


...................................

...THE JONESBORO CLIMATE SUMMARY FOR MARCH 29 2017...

CLIMATE NORMAL PERIOD 1981 TO 2010
CLIMATE RECORD PERIOD 1897 TO 2017


WEATHER ITEM   OBSERVED TIME   RECORD YEAR NORMAL DEPARTURE LAST
                VALUE   (LST)  VALUE       VALUE  FROM      YEAR
                                                  NORMAL
..................................................................
TEMPERATURE (F)
 YESTERDAY
  MAXIMUM         79    204 PM  85    1963  65     14       67
  MINIMUM         55    430 AM  27    1921  44     11       41
  AVERAGE         67                        54     13       54

PRECIPITATION (IN)
  YESTERDAY        0.01          5.00 1975   0.16  -0.15     0.00
  MONTH TO DATE    6.24                      4.19   2.05     7.83
  SINCE MAR 1      6.24                      4.19   2.05     7.83
  SINCE JAN 1     11.85                     11.34   0.51    11.76

DEGREE DAYS
 HEATING
  YESTERDAY        0                        11    -11       11
  MONTH TO DATE  354                       443    -89      342
  SINCE MAR 1    354                       443    -89      342
  SINCE JUL 1   2487                      3399   -912     2831

 COOLING
  YESTERDAY        2                         0      2        0
  MONTH TO DATE    6                         0      6        3
  SINCE MAR 1      6                         0      6        3
  SINCE JAN 1     10                         0     10        3
..................................................................


WIND (MPH)
  HIGHEST WIND SPEED    24   HIGHEST WIND DIRECTION     S (160)
  HIGHEST GUST SPEED    32   HIGHEST GUST DIRECTION    SE (150)
  AVERAGE WIND SPEED    12.8


SKY COVER
  POSSIBLE SUNSHINE  MM
  AVERAGE SKY COVER 0.4


WEATHER CONDITIONS
 THE FOLLOWING WEATHER WAS RECORDED YESTERDAY.
  LIGHT RAIN
  FOG


RELATIVE HUMIDITY (PERCENT)
 HIGHEST    93           100 AM
 LOWEST     54           300 PM
 AVERAGE    74

..........................................................


THE JONESBORO CLIMATE NORMALS FOR TODAY
                         NORMAL    RECORD    YEAR
 MAXIMUM TEMPERATURE (F)   65        84      1963
                                             1904
 MINIMUM TEMPERATURE (F)   44        23      1964


SUNRISE AND SUNSET
MARCH 30 2017.........SUNRISE   651 AM CDT   SUNSET   723 PM CDT
MARCH 31 2017.........SUNRISE   650 AM CDT   SUNSET   724 PM CDT


-  INDICATES NEGATIVE NUMBERS.
R  INDICATES RECORD WAS SET OR TIED.
MM INDICATES DATA IS MISSING.
T  INDICATES TRACE AMOUNT.


$$
