000
CDUS44 KMEG 060634
CLIJBR


CLIMATE REPORT
NATIONAL WEATHER SERVICE MEMPHIS TN
133 AM CDT MON JUL 6 2015


...................................

...THE JONESBORO CLIMATE SUMMARY FOR JULY 5 2015...

CLIMATE NORMAL PERIOD 1981 TO 2010
CLIMATE RECORD PERIOD 1897 TO 2015


WEATHER ITEM   OBSERVED TIME   RECORD YEAR NORMAL DEPARTURE LAST
                VALUE   (LST)  VALUE       VALUE  FROM      YEAR
                                                  NORMAL
..................................................................
TEMPERATURE (F)
 YESTERDAY
  MAXIMUM         87    201 PM 104    2012  91     -4       83
  MINIMUM         68    520 AM  54    1915  70     -2       64
  AVERAGE         78                        81     -3       74

PRECIPITATION (IN)
  YESTERDAY        T             1.65 1904   0.14  -0.14     0.00
  MONTH TO DATE    1.04                      0.65   0.39     0.41
  SINCE JUN 1      3.13                      4.40  -1.27     9.25
  SINCE JAN 1     28.91                     25.68   3.23    30.53

SNOWFALL (IN)
  YESTERDAY        0.0          MM      MM   0.0    0.0      0.0
  MONTH TO DATE    0.0                       0.0    0.0      0.0
  SINCE JUN 1      0.0                       0.0    0.0      0.0
  SINCE JUL 1      0.0                       0.0    0.0      0.0
  SNOW DEPTH       0

DEGREE DAYS
 HEATING
  YESTERDAY        0                         0      0        0
  MONTH TO DATE    0                         0      0        0
  SINCE JUN 1      0                         1     -1        0
  SINCE JUL 1      0                         0      0        0

 COOLING
  YESTERDAY       13                        16     -3        9
  MONTH TO DATE   63                        79    -16       49
  SINCE JUN 1    493                       462     31      442
  SINCE JAN 1    668                       675     -7      689
..................................................................


WIND (MPH)
  HIGHEST WIND SPEED    16   HIGHEST WIND DIRECTION     S (180)
  HIGHEST GUST SPEED    21   HIGHEST GUST DIRECTION     S (180)
  AVERAGE WIND SPEED     6.1


SKY COVER
  POSSIBLE SUNSHINE  MM
  AVERAGE SKY COVER 0.4


WEATHER CONDITIONS
 THE FOLLOWING WEATHER WAS RECORDED YESTERDAY.
  FOG


RELATIVE HUMIDITY (PERCENT)
 HIGHEST   100          1200 AM
 LOWEST     65           200 PM
 AVERAGE    83

..........................................................


THE JONESBORO CLIMATE NORMALS FOR TODAY
                         NORMAL    RECORD    YEAR
 MAXIMUM TEMPERATURE (F)   91       102      2012
                                             1953
                                             1925
 MINIMUM TEMPERATURE (F)   71        50      1915


SUNRISE AND SUNSET
JULY  6 2015..........SUNRISE   552 AM CDT   SUNSET   822 PM CDT
JULY  7 2015..........SUNRISE   553 AM CDT   SUNSET   822 PM CDT


-  INDICATES NEGATIVE NUMBERS.
R  INDICATES RECORD WAS SET OR TIED.
MM INDICATES DATA IS MISSING.
T  INDICATES TRACE AMOUNT.




$$
