433
CDUS44 KMEG 180632
CLIJBR


CLIMATE REPORT
NATIONAL WEATHER SERVICE MEMPHIS TN
132 AM CDT FRI AUG 18 2017


...................................

...THE JONESBORO CLIMATE SUMMARY FOR AUGUST 17 2017...

CLIMATE NORMAL PERIOD 1981 TO 2010
CLIMATE RECORD PERIOD 1897 TO 2017


WEATHER ITEM   OBSERVED TIME   RECORD YEAR NORMAL DEPARTURE LAST
                VALUE   (LST)  VALUE       VALUE  FROM      YEAR
                                                  NORMAL
..................................................................
TEMPERATURE (F)
 YESTERDAY
  MAXIMUM         85    517 PM 107    1918  90     -5       80
  MINIMUM         75    936 PM  45    1897  70      5       74
  AVERAGE         80                        80      0       77

PRECIPITATION (IN)
  YESTERDAY        0.01          2.32 1966   0.10  -0.09     0.03
  MONTH TO DATE    2.84                      1.42   1.42     2.92
  SINCE JUN 1      8.98                      8.71   0.27     6.31
  SINCE JAN 1     36.17                     29.99   6.18    38.74

DEGREE DAYS
 HEATING
  YESTERDAY        0                         0      0        0
  MONTH TO DATE    0                         0      0        0
  SINCE JUN 1      0                         1     -1        0
  SINCE JUL 1      0                         0      0        0

 COOLING
  YESTERDAY       15                        15      0       12
  MONTH TO DATE  193                       266    -73      291
  SINCE JUN 1   1123                      1140    -17     1344
  SINCE JAN 1   1357                      1353      4     1543
..................................................................


WIND (MPH)
  HIGHEST WIND SPEED    16   HIGHEST WIND DIRECTION    SW (210)
  HIGHEST GUST SPEED    23   HIGHEST GUST DIRECTION     N (350)
  AVERAGE WIND SPEED     8.0


SKY COVER
  POSSIBLE SUNSHINE  MM
  AVERAGE SKY COVER 0.4


WEATHER CONDITIONS
 THE FOLLOWING WEATHER WAS RECORDED YESTERDAY.
  THUNDERSTORM
  LIGHT RAIN
  FOG


RELATIVE HUMIDITY (PERCENT)
 HIGHEST   100          1200 AM
 LOWEST     74           200 PM
 AVERAGE    87

..........................................................


THE JONESBORO CLIMATE NORMALS FOR TODAY
                         NORMAL    RECORD    YEAR
 MAXIMUM TEMPERATURE (F)   90       105      1936
                                             1925
 MINIMUM TEMPERATURE (F)   70        46      1897


SUNRISE AND SUNSET
AUGUST 18 2017........SUNRISE   624 AM CDT   SUNSET   748 PM CDT
AUGUST 19 2017........SUNRISE   625 AM CDT   SUNSET   747 PM CDT


-  INDICATES NEGATIVE NUMBERS.
R  INDICATES RECORD WAS SET OR TIED.
MM INDICATES DATA IS MISSING.
T  INDICATES TRACE AMOUNT.




$$
