000
CDUS44 KMEG 302146
CLIJBR


CLIMATE REPORT
NATIONAL WEATHER SERVICE MEMPHIS TN
446 PM CDT MON MAY 30 2016


...................................

...THE JONESBORO CLIMATE SUMMARY FOR MAY 30 2016...
VALID TODAY AS OF 0400 PM LOCAL TIME.

CLIMATE NORMAL PERIOD 1981 TO 2010
CLIMATE RECORD PERIOD 1897 TO 2016


WEATHER ITEM   OBSERVED TIME   RECORD YEAR NORMAL DEPARTURE LAST
                VALUE   (LST)  VALUE       VALUE  FROM      YEAR
                                                  NORMAL
..................................................................
TEMPERATURE (F)
 TODAY
  MAXIMUM         88    111 PM  99    1911  85      3       81
  MINIMUM         67    444 AM  45    1984  62      5       68
  AVERAGE         78                        74      4       75

PRECIPITATION (IN)
  TODAY            0.00          1.54 1909   0.10  -0.10     0.16
  MONTH TO DATE   10.77                      4.53   6.24     7.51
  SINCE MAR 1     28.45                     14.05  14.40    20.65
  SINCE JAN 1     32.38                     21.20  11.18    25.48

SNOWFALL (IN)
  TODAY            0.0

DEGREE DAYS
 HEATING
  TODAY            0                         0      0        0
  MONTH TO DATE   28                        35     -7       48
  SINCE MAR 1    494                       694   -200      765
  SINCE JUL 1   2983                      3650   -667     4013

 COOLING
  TODAY           13                         9      4       10
  MONTH TO DATE  137                       156    -19      147
  SINCE MAR 1    187                       203    -16      175
  SINCE JAN 1    187                       203    -16      175
..................................................................


WIND (MPH)
  HIGHEST WIND SPEED     9   HIGHEST WIND DIRECTION     E (90)
  HIGHEST GUST SPEED    12   HIGHEST GUST DIRECTION    NE (60)
  AVERAGE WIND SPEED     2.1


SKY COVER
  POSSIBLE SUNSHINE  MM
  AVERAGE SKY COVER 0.0


WEATHER CONDITIONS
 THE FOLLOWING WEATHER WAS RECORDED TODAY.
  NO SIGNIFICANT WEATHER WAS OBSERVED.


RELATIVE HUMIDITY (PERCENT)
 HIGHEST    97           100 AM
 LOWEST     43           300 PM
 AVERAGE    70

..........................................................


THE JONESBORO CLIMATE NORMALS FOR TOMORROW
                         NORMAL    RECORD    YEAR
 MAXIMUM TEMPERATURE (F)   85        99      1913
 MINIMUM TEMPERATURE (F)   63        37      1897


SUNRISE AND SUNSET
MAY 30 2016...........SUNRISE   548 AM CDT   SUNSET   813 PM CDT
MAY 31 2016...........SUNRISE   548 AM CDT   SUNSET   813 PM CDT


-  INDICATES NEGATIVE NUMBERS.
R  INDICATES RECORD WAS SET OR TIED.
MM INDICATES DATA IS MISSING.
T  INDICATES TRACE AMOUNT.




$$
