000
CDUS44 KMEG 250737
CLIJBR


CLIMATE REPORT
NATIONAL WEATHER SERVICE MEMPHIS TN
137 AM CST SAT FEB 25 2017


...................................

...THE JONESBORO CLIMATE SUMMARY FOR FEBRUARY 24 2017...

CLIMATE NORMAL PERIOD 1981 TO 2010
CLIMATE RECORD PERIOD 1897 TO 2017


WEATHER ITEM   OBSERVED TIME   RECORD YEAR NORMAL DEPARTURE LAST
                VALUE   (LST)  VALUE       VALUE  FROM      YEAR
                                                  NORMAL
..................................................................
TEMPERATURE (F)
 YESTERDAY
  MAXIMUM         67   1240 PM  79    1918  54     13       47
  MINIMUM         44   1159 PM  -3    1910  34     10       35
  AVERAGE         56                        44     12       41

PRECIPITATION (IN)
  YESTERDAY        0.00          2.05 2011   0.14  -0.14     0.30
  MONTH TO DATE    1.31                      3.20  -1.89     2.13
  SINCE DEC 1      9.47                     11.40  -1.93    10.30
  SINCE JAN 1      5.01                      6.63  -1.62     3.93

DEGREE DAYS
 HEATING
  YESTERDAY        9                        21    -12       24
  MONTH TO DATE  338                       577   -239      527
  SINCE DEC 1   1725                      2223   -498     1885
  SINCE JUL 1   2074                      2873   -799     2394

 COOLING
  YESTERDAY        0                         0      0        0
  MONTH TO DATE    3                         0      3        0
  SINCE DEC 1      3                         0      3        3
  SINCE JAN 1      3                         0      3        0
..................................................................


WIND (MPH)
  HIGHEST WIND SPEED    29   HIGHEST WIND DIRECTION    SW (210)
  HIGHEST GUST SPEED    39   HIGHEST GUST DIRECTION    SW (210)
  AVERAGE WIND SPEED    15.8


SKY COVER
  POSSIBLE SUNSHINE  MM
  AVERAGE SKY COVER 0.3


WEATHER CONDITIONS
 THE FOLLOWING WEATHER WAS RECORDED YESTERDAY.
  NO SIGNIFICANT WEATHER WAS OBSERVED.


RELATIVE HUMIDITY (PERCENT)
 HIGHEST    90           200 AM
 LOWEST     44          1000 PM
 AVERAGE    67

..........................................................


THE JONESBORO CLIMATE NORMALS FOR TODAY
                         NORMAL    RECORD    YEAR
 MAXIMUM TEMPERATURE (F)   54        82      1918
 MINIMUM TEMPERATURE (F)   34        10      1965


SUNRISE AND SUNSET
FEBRUARY 25 2017......SUNRISE   637 AM CST   SUNSET   554 PM CST
FEBRUARY 26 2017......SUNRISE   636 AM CST   SUNSET   555 PM CST


-  INDICATES NEGATIVE NUMBERS.
R  INDICATES RECORD WAS SET OR TIED.
MM INDICATES DATA IS MISSING.
T  INDICATES TRACE AMOUNT.




$$
