000
CXUS54 KMEG 032116
CLMJBR


CLIMATE REPORT
NATIONAL WEATHER SERVICE MEMPHIS TN
412 PM CDT SAT JUN 3 2017

...................................

...THE JONESBORO CLIMATE SUMMARY FOR THE MONTH OF MAY 2017...

CLIMATE NORMAL PERIOD 1981 TO 2010
CLIMATE RECORD PERIOD 1897 TO 2017

WEATHER         OBSERVED          NORMAL  DEPART  LAST YEAR`S
                 VALUE   DATE(S)  VALUE   FROM    VALUE  DATE(S)
                                          NORMAL
................................................................
TEMPERATURE (F)
RECORD
 HIGH             101   05/28/1911
 LOW               29   05/06/1927
HIGHEST            90   05/31        80      10       89  05/11
LOWEST             46   05/04        58    -12M       48  05/06
AVG. MAXIMUM     79.9              80.0    -0.1     78.2
AVG. MINIMUM     57.7              58.3    -0.6     59.1
MEAN             68.8              69.1    -0.3     68.6
DAYS MAX >= 90      1               1.7    -0.7        0
DAYS MAX <= 32      0               0.0     0.0        0
DAYS MIN <= 32      0               0.0     0.0        0
DAYS MIN <= 0       0               0.0     0.0        0

PRECIPITATION (INCHES)
RECORD
 MAXIMUM        10.82   2016
 MINIMUM         0.22   2005
TOTALS           6.63              4.61    2.02    10.82
DAILY AVG.       0.21              0.15    0.06     0.35
DAYS >= .01        12                MM      MM       13
DAYS >= .10         9                MM      MM        7
DAYS >= .50         4                MM      MM        4
DAYS >= 1.00        3                MM      MM        4
GREATEST
 24 HR. TOTAL    1.65   05/11 TO 05/11

SNOWFALL (INCHES)
RECORDS
 TOTAL             MM   MM
TOTALS            0.0               0.0     0.0      0.0
SINCE 7/1           T               4.8    -4.8      0.3
SNOWDEPTH AVG.      0                MM      MM        0
DAYS >= 1.0         0                MM      MM        0
GREATEST
 SNOW DEPTH         0   MM                             0  MM
 24 HR TOTAL      0.0   05/31 TO 05/31

DEGREE_DAYS
HEATING TOTAL      37                37       0       28
 SINCE 7/1       2628              3652   -1024     2983
COOLING TOTAL     160               166      -6      149
 SINCE 1/1        234               213      21      199
.................................................................

WIND (MPH)
AVERAGE WIND SPEED              8.1
HIGHEST WIND SPEED/DIRECTION    36/170    DATE  05/28
HIGHEST GUST SPEED/DIRECTION    48/360    DATE  05/27

SKY COVER
POSSIBLE SUNSHINE (PERCENT)   MM
AVERAGE SKY COVER           0.30
NUMBER OF DAYS FAIR           18
NUMBER OF DAYS PC             11
NUMBER OF DAYS CLOUDY          2

AVERAGE RH (PERCENT)     69

WEATHER CONDITIONS. NUMBER OF DAYS WITH
THUNDERSTORM              0     MIXED PRECIP               0
HEAVY RAIN                6     RAIN                       8
LIGHT RAIN               12     FREEZING RAIN              0
LT FREEZING RAIN          0     HAIL                       0
HEAVY SNOW                0     SNOW                       0
LIGHT SNOW                0     SLEET                      0
FOG                       9     FOG W/VIS <= 1/4 MILE      0
HAZE                      0

-  INDICATES NEGATIVE NUMBERS.
R  INDICATES RECORD WAS SET OR TIED.
MM INDICATES DATA IS MISSING.
T  INDICATES TRACE AMOUNT.

$$
