000
CXUS54 KMEG 020032
CLMJBR


CLIMATE REPORT
NATIONAL WEATHER SERVICE MEMPHIS TN
730 PM CDT WED JUN 1 2016

...................................

...THE JONESBORO CLIMATE SUMMARY FOR THE MONTH OF MAY 2016...

CLIMATE NORMAL PERIOD 1981 TO 2010
CLIMATE RECORD PERIOD 1897 TO 2016

WEATHER         OBSERVED          NORMAL  DEPART  LAST YEAR`S
                 VALUE   DATE(S)  VALUE   FROM    VALUE  DATE(S)
                                          NORMAL
................................................................
TEMPERATURE (F)
RECORD
 HIGH             101   05/28/1911
 LOW               29   05/06/1927
HIGHEST            89   05/11        MM      MM       86  05/07
LOWEST             48   05/06        MM      MM       41  05/01
AVG. MAXIMUM     78.2              80.0    -1.8     77.8
AVG. MINIMUM     59.1              58.3     0.8     58.2
MEAN             68.6              69.1    -0.5     68.0
DAYS MAX >= 90      0               1.7    -1.7        0
DAYS MAX <= 32      0               0.0     0.0        0
DAYS MIN <= 32      0               0.0     0.0        0
DAYS MIN <= 0       0               0.0     0.0        0

PRECIPITATION (INCHES)
RECORD
 MAXIMUM        10.62   1946
 MINIMUM         0.22   2005
TOTALS          10.82R             4.61    6.21     7.81
DAILY AVG.       0.35              0.15    0.20     0.25
DAYS >= .01        13                MM      MM       16
DAYS >= .10         7                MM      MM       14
DAYS >= .50         4                MM      MM        6
DAYS >= 1.00        4                MM      MM        3
GREATEST
 24 HR. TOTAL    6.57   05/24 TO 05/25

SNOWFALL (INCHES)
RECORDS
 TOTAL             MM   MM
TOTALS            0.0               0.0     0.0      0.0
SINCE 7/1         0.3               4.8    -4.5      9.4
SNOWDEPTH AVG.      0                MM      MM        0
DAYS >= 1.0         0                MM      MM        0
GREATEST
 SNOW DEPTH         0   MM                             0  MM
 24 HR TOTAL      0.0   05/31 TO 05/31

DEGREE_DAYS
HEATING TOTAL      28                37      -9       49
 SINCE 7/1       2983              3652    -669     4014
COOLING TOTAL     149               166     -17      147
 SINCE 1/1        199               213     -14      175
.................................................................

WIND (MPH)
AVERAGE WIND SPEED              7.7
HIGHEST WIND SPEED/DIRECTION    30/200    DATE  05/10
HIGHEST GUST SPEED/DIRECTION    52/240    DATE  05/10

SKY COVER
POSSIBLE SUNSHINE (PERCENT)   MM
AVERAGE SKY COVER           0.30
NUMBER OF DAYS FAIR           18
NUMBER OF DAYS PC             10
NUMBER OF DAYS CLOUDY          3

AVERAGE RH (PERCENT)     68

WEATHER CONDITIONS. NUMBER OF DAYS WITH
THUNDERSTORM              0     MIXED PRECIP               0
HEAVY RAIN                5     RAIN                       7
LIGHT RAIN               15     FREEZING RAIN              0
LT FREEZING RAIN          0     HAIL                       0
HEAVY SNOW                0     SNOW                       0
LIGHT SNOW                0     SLEET                      0
FOG                      10     FOG W/VIS <= 1/4 MILE      0
HAZE                      2

-  INDICATES NEGATIVE NUMBERS.
R  INDICATES RECORD WAS SET OR TIED.
MM INDICATES DATA IS MISSING.
T  INDICATES TRACE AMOUNT.

$$
