000
CXUS56 KOTX 230910
CF6GEG
PRELIMINARY LOCAL CLIMATOLOGICAL DATA (WS FORM: F-6)
STATION: SPOKANE WA AIRPORT
MONTH: APRIL
YEAR: 2024
LATITUDE: 47 37 N
LONGITUDE: 117 32 W
TEMPERATURE IN F: :PCPN: SNOW: WIND :SUNSHINE: SKY :PK WND
================================================================================
1 2 3 4 5 6A 6B 7 8 9 10 11 12 13 14 15 16 17 18
12Z AVG MX 2MIN
DY MAX MIN AVG DEP HDD CDD WTR SNW DPTH SPD SPD DIR MIN PSBL S-S WX SPD DR
================================================================================
1 66 35 51 7 14 0 0.00 0.0 0 8.2 16 240 M M 7 20 220
2 73 45 59 15 6 0 0.00 0.0 0 10.7 21 210 M M 3 31 210
3 59 43 51 7 14 0 0.01 0.0 0 11.5 21 230 M M 9 1 27 230
4 55 40 48 4 17 0 0.17 0.0 0 9.2 18 230 M M 9 1 22 270
5 43 32 38 -6 27 0 0.26 1.0 0 8.0 20 220 M M 10 1 25 220
6 49 38 44 -1 21 0 T 0.0 0 12.2 24 240 M M 10 1 33 230
7 51 35 43 -2 22 0 0.00 0.0 0 8.5 17 250 M M 7 22 240
8 52 34 43 -2 22 0 0.01 0.0 0 12.0 24 210 M M 7 29 190
9 61 37 49 4 16 0 0.01 0.0 0 17.5 35 250 M M 6 45 240
10 58 32 45 -1 20 0 0.00 0.0 0 4.0 13 260 M M 6 20 220
11 63 39 51 5 14 0 0.00 0.0 0 3.8 12 230 M M 8 18 210
12 65 49 57 11 8 0 0.00 0.0 0 5.3 12 10 M M 9 16 170
13 71 45 58 12 7 0 0.00 0.0 0 3.7 10 290 M M 6 16 230
14 77 47 62 16 3 0 0.00 0.0 0 7.5 18 290 M M 5 23 280
15 63 44 54 7 11 0 0.00 0.0 0 18.0 28 240 M M 6 37 250
16 52 32 42 -5 23 0 0.02 T 0 11.5 25 250 M M 7 5 32 240
17 53 29 41 -6 24 0 0.00 0.0 0 4.5 20 310 M M 4 28 350
18 53 34 44 -3 21 0 0.03 0.0 0 8.4 28 330 M M 3 33 330
19 58 34 46 -2 19 0 0.00 0.0 0 11.9 24 60 M M 1 30 50
20 67 35 51 3 14 0 T 0.0 0 11.0 30 270 M M 2 37 240
21 56 39 48 0 17 0 T 0.0 0 15.0 29 240 M M 6 41 230
22 60 32 46 -2 19 0 0.00 0.0 0 4.8 13 330 M M 2 17 340
================================================================================
SM 1305 830 359 0 0.51 1.0 207.2 M 133
================================================================================
AV 59.3 37.7 9.4 FASTST M M 6 MAX(MPH)
MISC ----> 35 250 45 240
================================================================================
NOTES:
# LAST OF SEVERAL OCCURRENCES
COLUMN 17 PEAK WIND IN M.P.H.
PRELIMINARY LOCAL CLIMATOLOGICAL DATA (WS FORM: F-6) , PAGE 2
STATION: SPOKANE WA AIRPORT
MONTH: APRIL
YEAR: 2024
LATITUDE: 47 37 N
LONGITUDE: 117 32 W
[TEMPERATURE DATA] [PRECIPITATION DATA] SYMBOLS USED IN COLUMN 16
AVERAGE MONTHLY: 48.5 TOTAL FOR MONTH: 0.51 1 = FOG OR MIST
DPTR FM NORMAL: 2.6 DPTR FM NORMAL: -0.45 2 = FOG REDUCING VISIBILITY
HIGHEST: 77 ON 14 GRTST 24HR 0.41 ON 4- 5 TO 1/4 MILE OR LESS
LOWEST: 29 ON 17 3 = THUNDER
SNOW, ICE PELLETS, HAIL 4 = ICE PELLETS
TOTAL MONTH: 1.0 INCH 5 = HAIL
GRTST 24HR 1.0 ON 5- 5 6 = FREEZING RAIN OR DRIZZLE
GRTST DEPTH: 0 7 = DUSTSTORM OR SANDSTORM:
VSBY 1/2 MILE OR LESS
8 = SMOKE OR HAZE
[NO. OF DAYS WITH] [WEATHER - DAYS WITH] 9 = BLOWING SNOW
X = TORNADO
MAX 32 OR BELOW: 0 0.01 INCH OR MORE: 7
MAX 90 OR ABOVE: 0 0.10 INCH OR MORE: 2
MIN 32 OR BELOW: 5 0.50 INCH OR MORE: 0
MIN 0 OR BELOW: 0 1.00 INCH OR MORE: 0
[HDD (BASE 65) ]
TOTAL THIS MO. 359 CLEAR (SCALE 0-3) 3
DPTR FM NORMAL -61 PTCLDY (SCALE 4-7) 13
TOTAL FM JUL 1 5400 CLOUDY (SCALE 8-10) 6
DPTR FM NORMAL -513
[CDD (BASE 65) ]
TOTAL THIS MO. 0
DPTR FM NORMAL 0 [PRESSURE DATA]
TOTAL FM JAN 1 0 HIGHEST SLP M ON M
DPTR FM NORMAL 0 LOWEST SLP 29.55 ON 5
[REMARKS]