000
CXUS55 KBOI 271002
CF6JER
PRELIMINARY LOCAL CLIMATOLOGICAL DATA (WS FORM: F-6)
STATION: JEROME ID
MONTH: MARCH
YEAR: 2024
LATITUDE: 42 43 N
LONGITUDE: 114 27 W
TEMPERATURE IN F: :PCPN: SNOW: WIND :SUNSHINE: SKY :PK WND
================================================================================
1 2 3 4 5 6A 6B 7 8 9 10 11 12 13 14 15 16 17 18
12Z AVG MX 2MIN
DY MAX MIN AVG DEP HDD CDD WTR SNW DPTH SPD SPD DIR MIN PSBL S-S WX SPD DR
================================================================================
1 41 32 37 -1 28 0 0.30 M M 8.6 22 110 M M 9 1 28 110
2 39 25 32 -6 33 0 0.13 M M 14.9 33 270 M M 6 138 45 240
3 30 20 25 -13 40 0 0.05 M M 10.0 30 270 M M 6 1 41 270
4 32 17 25 -14 40 0 0.01 M M 11.4 23 280 M M 6 18 30 290
5 43 25 34 -5 31 0 0.27 M M 6.3 14 200 M M 9 12 20 200
6 30 27 29 -11 36 0 0.13 M M 7.9 15 250 M M 10 126 19 250
7 28 24 26 -14 39 0 T M M 5.6 12 280 M M 10 128 15 280
8 33 13 23 -17 42 0 0.00 M M 9.4 21 70 M M 2 26 70
9 36 16 26 -14 39 0 0.00 M M 23.5 30 70 M M 0 38 70
10 43 22 33 -8 32 0 0.00 M M 15.0 22 60 M M 0 25 60
11 50 32 41 0 24 0 0.02 M M 7.0 20 260 M M 7 8 24 260
12 49 34 42 1 23 0 0.12 M M 9.7 37 280 M M 7 1 47 280
13 40 29 35 -7 30 0 T M M 14.4 33 260 M M 5 8 44 270
14 47 26 37 -5 28 0 0.00 M M 6.5 12 70 M M 3 14 60
15 54 28 41 -1 24 0 0.00 M M 8.2 18 80 M M 0 27 70
16 60 30 45 3 20 0 0.00 M M 8.9 16 60 M M 0 26 80
17 63 32 48 5 17 0 0.00 M M 6.9 18 70 M M 0 25 80
18 64 33 49 6 16 0 0.00 M M 5.9 13 80 M M 0 15 70
19 65 35 50 7 15 0 0.00 M M 8.1 21 290 M M 0 28 270
20 68 36 52 9 13 0 0.00 M M 7.7 15 70 M M 1 8 23 320
21 59 40 50 6 15 0 0.00 M M 13.5 28 280 M M 1 38 260
22 64 38 51 7 14 0 T M M 9.5 18 210 M M 1 24 200
23 52 33 43 -1 22 0 T M M 11.9 32 270 M M 5 45 270
24 52 31 42 -2 23 0 0.00 M M 16.0 35 280 M M 1 43 280
25 50 31 41 -3 24 0 0.00 M M 18.3 31 280 M M 3 44 280
26 50 30 40 -4 25 0 0.00 M M 16.2 31 270 M M 1 42 270
================================================================================
SM 1242 739 693 0 1.03 M 281.3 M 93
================================================================================
AV 47.8 28.4 10.8 FASTST M M 4 MAX(MPH)
MISC ----> 37 280 47 280
================================================================================
NOTES:
# LAST OF SEVERAL OCCURRENCES
COLUMN 17 PEAK WIND IN M.P.H.
PRELIMINARY LOCAL CLIMATOLOGICAL DATA (WS FORM: F-6) , PAGE 2
STATION: JEROME ID
MONTH: MARCH
YEAR: 2024
LATITUDE: 42 43 N
LONGITUDE: 114 27 W
[TEMPERATURE DATA] [PRECIPITATION DATA] SYMBOLS USED IN COLUMN 16
AVERAGE MONTHLY: 38.1 TOTAL FOR MONTH: 1.03 1 = FOG OR MIST
DPTR FM NORMAL: -3.4 DPTR FM NORMAL: 0.12 2 = FOG REDUCING VISIBILITY
HIGHEST: 68 ON 20 GRTST 24HR 0.39 ON 1- 2 TO 1/4 MILE OR LESS
LOWEST: 13 ON 8 3 = THUNDER
SNOW, ICE PELLETS, HAIL 4 = ICE PELLETS
TOTAL MONTH: M 5 = HAIL
GRTST 24HR M ON M 6 = FREEZING RAIN OR DRIZZLE
GRTST DEPTH: M ON M 7 = DUSTSTORM OR SANDSTORM:
VSBY 1/2 MILE OR LESS
8 = SMOKE OR HAZE
[NO. OF DAYS WITH] [WEATHER - DAYS WITH] 9 = BLOWING SNOW
X = TORNADO
MAX 32 OR BELOW: 4 0.01 INCH OR MORE: 8
MAX 90 OR ABOVE: 0 0.10 INCH OR MORE: 5
MIN 32 OR BELOW: 19 0.50 INCH OR MORE: 0
MIN 0 OR BELOW: 0 1.00 INCH OR MORE: 0
[HDD (BASE 65) ]
TOTAL THIS MO. 693 CLEAR (SCALE 0-3) 15
DPTR FM NORMAL 85 PTCLDY (SCALE 4-7) 7
TOTAL FM JUL 1 4823 CLOUDY (SCALE 8-10) 4
DPTR FM NORMAL -281
[CDD (BASE 65) ]
TOTAL THIS MO. 0
DPTR FM NORMAL 0 [PRESSURE DATA]
TOTAL FM JAN 1 0 HIGHEST SLP M ON M
DPTR FM NORMAL 0 LOWEST SLP 29.41 ON 2
[REMARKS]