000
CXUS53 KMPX 032109
CLAEAU
CLIMATE REPORT
NATIONAL WEATHER SERVICE TWIN CITIES/CHANHASSEN MN
309 PM CST WED JAN 03 2024
...................................
...THE EAU CLAIRE WI CLIMATE SUMMARY FOR THE YEAR OF 2023...
CLIMATE NORMAL PERIOD 1991 TO 2020
CLIMATE RECORD PERIOD 1893 TO 2024
WEATHER OBSERVED NORMAL DEPART LAST YEAR`S
VALUE DATE(S) VALUE FROM VALUE
NORMAL
..............................................................
TEMPERATURE (F)
RECORD
HIGH 111 07/14/1936
07/13/1936
LOW -45 01/30/1951
HIGHEST 100 09/03 62 38
LOWEST -19 01/31 30 -49
MEAN 47.6 44.7 2.9
DAYS MAX >= 90 19 10.3 8.7
DAYS MAX <= 32 51 73.3 -22.3
DAYS MIN <= 32 153 162.8 -9.8
DAYS MIN <= 0 11 27.5 -16.5
PRECIPITATION (INCHES)
RECORD
MAXIMUM 53.28 1938
MINIMUM 16.71 1910
TOTALS 30.55 32.99 -2.44
DAYS >= .01 101 127.6 -26.6
DAYS >= .10 51 68.3 -17.3
DAYS >= .50 14 20.5 -6.5
DAYS >= 1.00 8 6.5 1.5
GREATEST
24 HR. TOTAL 2.31 10/24 TO 10/24
STORM TOTAL 2.31
(MM/DD(HH))
SNOWFALL (INCHES)
RECORDS
TOTAL 116.4 2019
TOTALS 49.8 55.4 -5.6
SINCE 7/1 5.4 16.4 -11.0
DAYS >= TRACE 68 42.4 25.6
DAYS >= 1.0 15 16.1 -1.1
GREATEST
SNOW DEPTH 12 01/20
24 HR TOTAL 5.7 02/23 TO 02/23
STORM TOTAL 5.7
(MM/DD(HH))
DEGREE DAYS
HEATING TOTAL 6946 7923 -977
SINCE 7/1 2436 3092 -656
COOLING TOTAL 731 567 164
SINCE 1/1 731 567 164
..............................................................
WIND (MPH)
HIGHEST WIND SPEED/DIRECTION 37/300 DATE 07/19
HIGHEST GUST SPEED/DIRECTION 55/300 DATE 07/19
- INDICATES NEGATIVE NUMBERS.
R INDICATES RECORD WAS SET OR TIED.
MM INDICATES DATA IS MISSING.
T INDICATES TRACE AMOUNT.
$$