000
CXUS53 KOAX 011612 CCA
CLMOAX
CLIMATE REPORT
NATIONAL WEATHER SERVICE OMAHA/VALLEY NE
1028 AM CDT MON APR 01 2024
CORRECTED SIMPLY FOR FORMATTING ISSUES
...................................
...THE VALLEY NWS NE CLIMATE SUMMARY FOR THE MONTH OF MARCH 2024...
CLIMATE NORMAL PERIOD 1991 TO 2020
CLIMATE RECORD PERIOD 1994 TO 2024
WEATHER OBSERVED NORMAL DEPART
VALUE DATE(S) VALUE FROM
NORMAL
................................................
TEMPERATURE (F)
HIGHEST 75 03/11
LOWEST 18 03/18
AVG. MAXIMUM 55.4 50.4 5.0
AVG. MINIMUM 31.1 29.9 1.2
MEAN 43.3 40.2 3.1
DAYS MAX >= 90 0
DAYS MAX <= 32 1
DAYS MIN <= 32 15
DAYS MIN <= 0 0
PRECIPITATION (INCHES)
TOTALS 1.41 1.78 -0.37
DAYS >= .01 6
DAYS >= .10 4
DAYS >= .50 1
DAYS >= 1.00 0
GREATEST
24 HR. TOTAL 0.53 03/24 TO 03/24
SNOWFALL (INCHES)
TOTALS 0.4 5.0 -4.6
SINCE 7/1 24.9
DAYS >= 1.0 0
GREATEST
SNOW DEPTH MM
24 HR TOTAL 0.4 03/08 TO 03/08
DEGREE DAYS
HEATING TOTAL 667 772 -105
SINCE 7/1 4597 5377 -780
COOLING TOTAL 0 1 -1
SINCE 1/1 0 1 -1
................................................
WIND (MPH)
HIGHEST GUST SPEED/DIRECTION 57/MM
WEATHER CONDITIONS. NUMBER OF DAYS WITH
THUNDERSTORM 0 MIXED PRECIP 0
HEAVY RAIN 0 RAIN 3
LIGHT RAIN 8 FREEZING RAIN 0
LT FREEZING RAIN 1 HAIL 0
HEAVY SNOW 0 SNOW 0
LIGHT SNOW 4 SLEET 2
FOG 1 FOG W/VIS <= 1/4 MILE 1
HAZE 0
- INDICATES NEGATIVE NUMBERS.
R INDICATES RECORD WAS SET OR TIED.
MM INDICATES DATA IS MISSING.
T INDICATES TRACE AMOUNT.
&&
MARCH 2024 ENDED UP WARMER AND DRIER THAN NORMAL FOR VALLEY, NE.
THE MONTH AVERAGED 3.1 DEGREES WARMER THAN NORMAL. VERY LITTLE
SNOW FELL WITH ONLY 0.4 INCHES RECORDED. THIS IS 4.6 INCHES
LOWER THAN NORMAL.
$$
NICOLAISEN