000
CXUS51 KPBZ 011640
CLSPIT
CLIMATE REPORT
NATIONAL WEATHER SERVICE PITTSBURGH PA
1140 AM EST FRI MAR 01 2024
...................................
...THE PITTSBURGH PA CLIMATE SUMMARY FOR THE SEASON, FROM
12/1/2023 TO 2/29/2024...
CLIMATE NORMAL PERIOD 1991 TO 2020
CLIMATE RECORD PERIOD 1871 TO 2024
WEATHER OBSERVED NORMAL DEPART LAST YEAR`S
VALUE DATE(S) VALUE FROM VALUE DATE(S)
NORMAL
................................................................
TEMPERATURE (F)
RECORD
HIGH 78 02/20/2018
LOW -22 01/19/1994
HIGHEST 66 02/27 61 5 71 02/15
12/30
LOWEST 7 01/17 4 3 -5 12/23
AVG. MAXIMUM 45.8 38.8 7.0 44.6
AVG. MINIMUM 31.0 23.8 7.2 28.5
MEAN 38.4 31.3 7.1 36.5
DAYS MAX >= 90 0 0.0 0.0 0
DAYS MAX <= 32 10 28.0 -18.0 11
DAYS MIN <= 32 50 71.8 -21.8 59
DAYS MIN <= 0 0 2.1 -2.1 2
PRECIPITATION (INCHES)
RECORD
MAXIMUM 14.16 1891
MINIMUM 4.13 1872
TOTALS 9.84 8.42 1.42 7.21
DAILY AVG. 0.11 NAN NAN 0.08
DAYS >= .01 44 45.3 -1.3 42
DAYS >= .10 17 20.2 -3.2
DAYS >= .50 7 5.2 1.8 5
DAYS >= 1.00 3 0.8 2.2 0
GREATEST
24 HR. TOTAL 1.43 01/09 TO 01/09
STORM TOTAL 1.43
(MM/DD(HH))
SNOWFALL (INCHES)
RECORDS
TOTAL 76.9 2010
TOTALS 15.1 32.7 -17.6 11.2
SINCE 7/1 MM 35.5 MM MM
SNOWDEPTH AVG. MM 0
DAYS >= TRACE 36 29.1 6.9 29
DAYS >= 1.0 5 11.1 -6.1 5
GREATEST
24 HR TOTAL 3.3
STORM TOTAL MM
(MM/DD(HH))
DEGREE DAYS
HEATING TOTAL 2402 3033 -631 2551
SINCE 7/1 3343 4231 -888 MM
COOLING TOTAL 0 0 0 0
SINCE 1/1 0 0 0 MM
................................................................
WIND (MPH)
AVERAGE WIND SPEED 7.4
HIGHEST WIND SPEED/DIRECTION 40/290 DATE 02/15
HIGHEST GUST SPEED/DIRECTION 60/290 DATE 02/15
SKY COVER
AVERAGE SKY COVER 0.77
AVERAGE RH (PERCENT) 66
WEATHER CONDITIONS. NUMBER OF DAYS WITH
THUNDERSTORM 3 MIXED PRECIP 1
HEAVY RAIN 1 RAIN 8
LIGHT RAIN 36 FREEZING RAIN 0
LT FREEZING RAIN 0 HAIL 0
HEAVY SNOW 0 SNOW 6
LIGHT SNOW 36 SLEET 1
FOG 36 FOG W/VIS <= 1/4 MILE 7
HAZE 5
- INDICATES NEGATIVE NUMBERS.
R INDICATES RECORD WAS SET OR TIED.
MM INDICATES DATA IS MISSING.
T INDICATES TRACE AMOUNT.
$$