000
CXUS53 KIWX 190810
CF6GSH
PRELIMINARY LOCAL CLIMATOLOGICAL DATA (WS FORM: F-6)
STATION: GOSHEN
MONTH: APRIL
YEAR: 2024
LATITUDE: 41 31 N
LONGITUDE: 85 47 W
TEMPERATURE IN F: :PCPN: SNOW: WIND :SUNSHINE: SKY :PK WND
================================================================================
1 2 3 4 5 6A 6B 7 8 9 10 11 12 13 14 15 16 17 18
12Z AVG MX 2MIN
DY MAX MIN AVG DEP HDD CDD WTR SNW DPTH SPD SPD DIR MIN PSBL S-S WX SPD DR
================================================================================
1 50 41 46 2 19 0 0.88 M M 11.5 21 80 M M 10 1 29 80
2 57 36 47 3 18 0 0.19 M M 14.8 29 220 M M 10 1 38 250
3 41 33 37 -7 28 0 0.18 M M 15.0 28 220 M M 10 1 36 210
4 44 35 40 -5 25 0 0.01 M M 12.8 22 280 M M 10 1 28 280
5 49 31 40 -5 25 0 T M M 10.5 18 330 M M 7 26 350
6 56 27 42 -4 23 0 0.00 M M 2.6 12 40 M M 0 16 30
7 57 30 44 -2 21 0 0.18 M M 11.5 26 120 M M 4 37 120
8 72 42 57 11 8 0 0.00 M M 9.2 24 230 M M 1 32 240
9 70 44 57 10 8 0 0.00 M M 9.7 21 240 M M 0 28 240
10 66 38 52 5 13 0 0.03 M M 6.1 18 100 M M 2 26 100
11 52 46 49 1 16 0 0.89 M M 13.4 25 330 M M 10 1 32 330
12 57 41 49 1 16 0 0.01 M M 17.3 35 330 M M 8 1 47 310
13 63 35 49 1 16 0 0.00 M M 10.4 21 290 M M 0 28 260
14 76 52 64 15 1 0 0.00 M M 12.8 25 260 M M 0 35 250
15 72 47 60 11 5 0 0.00 M M 7.3 16 360 M M 0 8 21 50
16 77 43 60 11 5 0 T M M 12.2 23 110 M M 1 34 100
17 69 54 62 12 3 0 0.07 M M 16.7 35 260 M M 10 3 48 250
18 62 44 53 3 12 0 0.35 M M 8.2 21 10 M M 5 13 30 10
================================================================================
SM 1090 719 262 0 2.79 M 202.0 M 88
================================================================================
AV 60.6 39.9 11.2 FASTST M M 5 MAX(MPH)
MISC ----> # 35 330 48 250
================================================================================
NOTES:
# LAST OF SEVERAL OCCURRENCES
COLUMN 17 PEAK WIND IN M.P.H.
PRELIMINARY LOCAL CLIMATOLOGICAL DATA (WS FORM: F-6) , PAGE 2
STATION: GOSHEN
MONTH: APRIL
YEAR: 2024
LATITUDE: 41 31 N
LONGITUDE: 85 47 W
[TEMPERATURE DATA] [PRECIPITATION DATA] SYMBOLS USED IN COLUMN 16
AVERAGE MONTHLY: 50.3 TOTAL FOR MONTH: 2.79 1 = FOG OR MIST
DPTR FM NORMAL: 3.3 DPTR FM NORMAL: 0.92 2 = FOG REDUCING VISIBILITY
HIGHEST: 77 ON 16 GRTST 24HR 1.30 ON 31- 1 TO 1/4 MILE OR LESS
LOWEST: 27 ON 6 3 = THUNDER
SNOW, ICE PELLETS, HAIL 4 = ICE PELLETS
TOTAL MONTH: M 5 = HAIL
GRTST 24HR M ON M 6 = FREEZING RAIN OR DRIZZLE
GRTST DEPTH: M ON M 7 = DUSTSTORM OR SANDSTORM:
VSBY 1/2 MILE OR LESS
8 = SMOKE OR HAZE
[NO. OF DAYS WITH] [WEATHER - DAYS WITH] 9 = BLOWING SNOW
X = TORNADO
MAX 32 OR BELOW: 0 0.01 INCH OR MORE: 10
MAX 90 OR ABOVE: 0 0.10 INCH OR MORE: 6
MIN 32 OR BELOW: 3 0.50 INCH OR MORE: 2
MIN 0 OR BELOW: 0 1.00 INCH OR MORE: 0
[HDD (BASE 65) ]
TOTAL THIS MO. 262 CLEAR (SCALE 0-3) 8
DPTR FM NORMAL -67 PTCLDY (SCALE 4-7) 4
TOTAL FM JUL 1 4623 CLOUDY (SCALE 8-10) 6
DPTR FM NORMAL -1168
[CDD (BASE 65) ]
TOTAL THIS MO. 0
DPTR FM NORMAL 0 [PRESSURE DATA]
TOTAL FM JAN 1 0 HIGHEST SLP M ON M
DPTR FM NORMAL -2 LOWEST SLP 29.23 ON 2
[REMARKS]