000
CXUS55 KALY 180710
CF6POU
PRELIMINARY LOCAL CLIMATOLOGICAL DATA (WS FORM: F-6)
STATION: POUGHKEEPSIE NY
MONTH: APRIL
YEAR: 2024
LATITUDE: 41 37 N
LONGITUDE: 73 53 W
TEMPERATURE IN F: :PCPN: SNOW: WIND :SUNSHINE: SKY :PK WND
================================================================================
1 2 3 4 5 6A 6B 7 8 9 10 11 12 13 14 15 16 17 18
12Z AVG MX 2MIN
DY MAX MIN AVG DEP HDD CDD WTR SNW DPTH SPD SPD DIR MIN PSBL S-S WX SPD DR
================================================================================
1 54 37 46 3 19 0 0.00 M M 0.6 7 230 M M 6 9 220
2 46 37 42 -2 23 0 0.39 M M 5.4 13 360 M M 9 1 15 360
3 43 38 41 -3 24 0 1.00 M M 10.1 22 90 M M 10 18 33 60
4 44 33 39 -5 26 0 0.28 M M 8.2 17 20 M M 9 1 26 340
5 46 31 39 -6 26 0 T M M 7.3 22 290 M M 8 30 290
6 52 37 45 0 20 0 T M M 11.1 23 340 M M 9 33 10
7 58 34 46 0 19 0 0.00 M M 8.7 21 10 M M 3 36 20
8 65 28 47 1 18 0 0.00 M M 1.1 9 230 M M 2 13 240
9 77 42 60 14 5 0 0.00 M M 1.7 12 170 M M 2 20 170
10 61 51 56 9 9 0 0.01 M M 4.4 12 140 M M 6 8 19 140
11 64 50 57 10 8 0 0.23 M M 5.3 18 130 M M 10 18 27 140
12 66 54 60 12 5 0 0.56 M M 9.4 21 170 M M 9 138 42 170
13 55 47 51 3 14 0 0.01 M M 12.7 26 270 M M 8 43 290
14 65 41 53 5 12 0 0.09 M M 5.6 20 250 M M 4 138 26 240
15 75 43 59 10 6 0 0.00 M M 6.0 20 290 M M 3 12 26 300
16 70 36 53 4 12 0 0.00 M M 4.3 17 290 M M 0 25 260
17 63 37 50 0 15 0 0.19 M M 4.2 13 130 M M 6 1 19 130
================================================================================
SM 1004 676 261 0 2.76 M 106.1 M 104
================================================================================
AV 59.1 39.8 6.2 FASTST M M 6 MAX(MPH)
MISC ----> 26 270 43 290
================================================================================
NOTES:
# LAST OF SEVERAL OCCURRENCES
COLUMN 17 PEAK WIND IN M.P.H.
PRELIMINARY LOCAL CLIMATOLOGICAL DATA (WS FORM: F-6) , PAGE 2
STATION: POUGHKEEPSIE NY
MONTH: APRIL
YEAR: 2024
LATITUDE: 41 37 N
LONGITUDE: 73 53 W
[TEMPERATURE DATA] [PRECIPITATION DATA] SYMBOLS USED IN COLUMN 16
AVERAGE MONTHLY: 49.4 TOTAL FOR MONTH: 2.76 1 = FOG OR MIST
DPTR FM NORMAL: 3.0 DPTR FM NORMAL: 0.73 2 = FOG REDUCING VISIBILITY
HIGHEST: 77 ON 9 GRTST 24HR 1.22 ON 3- 4 TO 1/4 MILE OR LESS
LOWEST: 28 ON 8 3 = THUNDER
SNOW, ICE PELLETS, HAIL 4 = ICE PELLETS
TOTAL MONTH: M 5 = HAIL
GRTST 24HR M ON M 6 = FREEZING RAIN OR DRIZZLE
GRTST DEPTH: M ON M 7 = DUSTSTORM OR SANDSTORM:
VSBY 1/2 MILE OR LESS
8 = SMOKE OR HAZE
[NO. OF DAYS WITH] [WEATHER - DAYS WITH] 9 = BLOWING SNOW
X = TORNADO
MAX 32 OR BELOW: 0 0.01 INCH OR MORE: 9
MAX 90 OR ABOVE: 0 0.10 INCH OR MORE: 6
MIN 32 OR BELOW: 2 0.50 INCH OR MORE: 2
MIN 0 OR BELOW: 0 1.00 INCH OR MORE: 1
[HDD (BASE 65) ]
TOTAL THIS MO. 261 CLEAR (SCALE 0-3) 4
DPTR FM NORMAL -55 PTCLDY (SCALE 4-7) 6
TOTAL FM JUL 1 4791 CLOUDY (SCALE 8-10) 7
DPTR FM NORMAL -794
[CDD (BASE 65) ]
TOTAL THIS MO. 0
DPTR FM NORMAL 0 [PRESSURE DATA]
TOTAL FM JAN 1 0 HIGHEST SLP M ON M
DPTR FM NORMAL 0 LOWEST SLP 29.22 ON 12
[REMARKS]