000
CXCA52 TJSJ 010446
CLMIST
CLIMATE REPORT
NATIONAL WEATHER SERVICE SAN JUAN PR
1246 AM AST FRI MAR 01 2024
...................................
...THE CYRIL E. KING AP/ST THOMAS CLIMATE SUMMARY FOR THE MONTH OF FEBRUARY 2024...
CLIMATE NORMAL PERIOD: 1991 TO 2020
CLIMATE RECORD PERIOD: 1953 TO 2024
WEATHER OBSERVED NORMAL DEPART LAST YEAR`S
VALUE DATE(S) VALUE FROM VALUE
NORMAL
..............................................................
TEMPERATURE (F)
RECORD
HIGH 93 02/24/1996
02/09/1993
02/01/1993
LOW 64 02/27/1972
02/26/1972
HIGHEST 85 02/25 85 0 85
02/26
02/28
LOWEST 69 02/03 73 -4 67
AVG. MAXIMUM 82.8 84.3 -1.5 83.4
AVG. MINIMUM 74.1 73.5 0.6 73.1
MEAN 78.4 78.9 -0.5 78.3
DAYS MAX >= 90 0 2.1 -2.1 0
DAYS MAX <= 32 0 0.0 0.0 0
DAYS MIN <= 32 0 0.0 0.0 0
DAYS MIN <= 0 0 0.0 0.0 0
PRECIPITATION (INCHES)
RECORD
MAXIMUM 13.35 2015
MINIMUM 0.42 1987
TOTALS MM 1.90 MM 1.23
DAILY AVG. 0.00 NAN NAN 0.05
DAYS >= .01 0 13.5 -13.5 MM
DAYS >= .10 0 4.7 -4.7 MM
DAYS >= .50 0 0.6 -0.6 MM
DAYS >= 1.00 0 0.1 -0.1 MM
GREATEST
24 HR. TOTAL MM
STORM TOTAL 0.00
DEGREE DAYS
HEATING TOTAL 0 0 0 0
SINCE 7/1 0
COOLING TOTAL 399 389 10 381
SINCE 1/1 863
FREEZE DATES
..............................................................
WIND (MPH)
AVERAGE WIND SPEED 9.3
HIGHEST WIND SPEED/DIRECTION 35/260 DATE 02/06
HIGHEST GUST SPEED/DIRECTION 40/260 DATE 02/06
SKY COVER
AVERAGE SKY COVER 0.22
AVERAGE RH (PERCENT) 83
WEATHER CONDITIONS. NUMBER OF DAYS WITH
THUNDERSTORM 3 MIXED PRECIP 0
HEAVY RAIN 1 RAIN 4
LIGHT RAIN 11 FREEZING RAIN 0
LT FREEZING RAIN 0 HAIL 0
HEAVY SNOW 0 SNOW 0
LIGHT SNOW 0 SLEET 0
FOG 12 FOG W/VIS <= 1/4 MILE 0
HAZE 4
- INDICATES NEGATIVE NUMBERS.
R INDICATES RECORD WAS SET OR TIED.
MM INDICATES DATA IS MISSING.
T INDICATES TRACE AMOUNT.
$$