000
CXUS56 KMTR 010846
CLMLVK
CLIMATE REPORT
NATIONAL WEATHER SERVICE SAN FRANCISCO BAY AREA
146 AM PDT MON APR 01 2024
...................................
...THE LIVERMORE AIRPORT CLIMATE SUMMARY FOR THE MONTH OF MARCH 2024...
CLIMATE NORMAL PERIOD: 1991 TO 2020
CLIMATE RECORD PERIOD: 1930 TO 2024
WEATHER OBSERVED NORMAL DEPART LAST YEAR`S
VALUE DATE(S) VALUE FROM VALUE DATE(S)
NORMAL
................................................................
TEMPERATURE (F)
RECORD
HIGH 88 MM
LOW 30 03/16/2021
03/16/2021
03/16/2021
HIGHEST 76 03/19 68 03/13
LOWEST 36 03/08 32 03/02
AVG. MAXIMUM 63.8 65.1 -1.3 59.1
AVG. MINIMUM 44.0 40.6
MEAN 53.9 53.5 0.4 49.9
DAYS MAX >= 90 0 0
DAYS MAX <= 32 0 0
DAYS MIN <= 32 0 1
DAYS MIN <= 0 0 0
PRECIPITATION (INCHES)
RECORD
MAXIMUM 4.21 2023
MINIMUM 0.43 2022
TOTALS 2.84 2.25 0.59 4.21
DAILY AVG. 0.09 0.08
DAYS >= .01 14 8
DAYS >= .10 7 6
DAYS >= .50 2 1
DAYS >= 1.00 0 0
GREATEST
24 HR. TOTAL 0.80 03/01 TO 03/02 1.76 03/12 TO 03/12
DEGREE DAYS
HEATING TOTAL 337 358 -21 463
SINCE 7/1 1914 2299 -385 MM
COOLING TOTAL 0 0 0 0
SINCE 1/1 0 0 0 MM
................................................................
WIND (MPH)
AVERAGE WIND SPEED 6.1
RESULTANT WIND SPEED/DIRECTION 3/260
HIGHEST WIND SPEED/DIRECTION 33/240 DATE 03/01
HIGHEST GUST SPEED/DIRECTION 46/240 DATE 03/01
SKY COVER
POSSIBLE SUNSHINE (PERCENT) MM
AVERAGE SKY COVER 0.43
NUMBER OF DAYS FAIR 12
NUMBER OF DAYS PC 14
NUMBER OF DAYS CLOUDY 5
AVERAGE RH (PERCENT) 68
WEATHER CONDITIONS. NUMBER OF DAYS WITH
THUNDERSTORM 2 MIXED PRECIP 0
HEAVY RAIN 6 RAIN 6
LIGHT RAIN 14 FREEZING RAIN 0
LT FREEZING RAIN 0 HAIL 0
HEAVY SNOW 0 SNOW 0
LIGHT SNOW 0 SLEET 0
FOG 16 FOG W/VIS <= 1/4 MILE 1
HAZE 2
- INDICATES NEGATIVE NUMBERS.
R INDICATES RECORD WAS SET OR TIED.
MM INDICATES DATA IS MISSING.
T INDICATES TRACE AMOUNT.
$$