000
CXUS51 KRNK 011011
CLMRNK
CLIMATE REPORT
NATIONAL WEATHER SERVICE BLACKSBURG, VA
511 AM EST FRI MAR 01 2024
...................................
...THE BLACKSBURG VA CLIMATE SUMMARY FOR THE MONTH OF FEBRUARY 2024...
CLIMATE NORMAL PERIOD: 1991 TO 2020
CLIMATE RECORD PERIOD: 1893 TO 2024
WEATHER OBSERVED NORMAL DEPART LAST YEAR`S
VALUE DATE(S) VALUE FROM VALUE
NORMAL
..............................................................
TEMPERATURE (F)
RECORD
HIGH 80 02/22/2018
LOW -12 02/09/1895
HIGHEST 65 02/22 72
02/26
LOWEST 18 02/18 13
AVG. MAXIMUM 54.0 45.3 8.7 56.1
AVG. MINIMUM 29.5 24.1 5.4 33.1
MEAN 41.7 34.7 7.0 44.6
DAYS MAX >= 90 0 0.0 0.0 0
DAYS MAX <= 32 0 3.7 -3.7 0
DAYS MIN <= 32 20 23.4 -3.4 14
DAYS MIN <= 0 0 0.2 -0.2 0
PRECIPITATION (INCHES)
RECORD
MAXIMUM 6.48 1944
MINIMUM 0.36 1968
TOTALS 2.09 2.83 -0.74 3.72
DAYS >= .01 11 10.5 0.5 11
DAYS >= .10 6 6.3 -0.3 5
DAYS >= .50 1 1.8 -0.8 2
DAYS >= 1.00 0 0.4 -0.4 1
GREATEST
24 HR. TOTAL 0.56 2.06
SNOWFALL (INCHES)
TOTALS T 7.0 -7.0 0.8
DAYS >= TRACE 1 4.6 -3.6 5
DAYS >= 1.0 0 1.8 -1.8 0
GREATEST
24 HR TOTAL MM MM
DEGREE DAYS
HEATING TOTAL 666 848 -182 565
COOLING TOTAL 0 0 0 0
..............................................................
WIND (MPH)
AVERAGE WIND SPEED 4.3
RESULTANT WIND SPEED/DIRECTION 3/280
HIGHEST WIND SPEED/DIRECTION 26/310 DATE 02/28
HIGHEST GUST SPEED/DIRECTION 39/310 DATE 02/28
SKY COVER
AVERAGE SKY COVER 0.41
AVERAGE RH (PERCENT) 67
WEATHER CONDITIONS. NUMBER OF DAYS WITH
THUNDERSTORM 2 MIXED PRECIP 0
HEAVY RAIN 3 RAIN 7
LIGHT RAIN 14 FREEZING RAIN 0
LT FREEZING RAIN 0 HAIL 0
HEAVY SNOW 0 SNOW 0
LIGHT SNOW 1 SLEET 0
FOG 8 FOG W/VIS <= 1/4 MILE 2
HAZE 0
- INDICATES NEGATIVE NUMBERS.
R INDICATES RECORD WAS SET OR TIED.
MM INDICATES DATA IS MISSING.
T INDICATES TRACE AMOUNT.
$$