000
CXUS51 KBTV 011506
CLMVSF
CLIMATE REPORT
NATIONAL WEATHER SERVICE BURLINGTON VT
1106 AM EDT MON APR 01 2024
...................................
...THE SPRINGFIELD VT CLIMATE SUMMARY FOR THE MONTH OF MARCH 2024...
CLIMATE NORMAL PERIOD: 1991 TO 2020
CLIMATE RECORD PERIOD: 9999 TO 9999
WEATHER OBSERVED NORMAL DEPART LAST YEAR`S
VALUE DATE(S) VALUE FROM VALUE DATE(S)
NORMAL
................................................................
TEMPERATURE (F)
RECORD
HIGH 86
LOW -11
HIGHEST 63 03/14 MM MM 56 03/22
LOWEST 13 03/24 MM MM 18 03/01
03/25
AVG. MAXIMUM 46.9 41.9 5.0 43.4
AVG. MINIMUM 28.5 21.2 7.3 26.2
MEAN 37.7 31.6 6.1 34.8
DAYS MAX >= 90 0 0.0 0.0 0
DAYS MAX <= 32 1 5.1 -4.1 0
DAYS MIN <= 32 21 27.8 -6.8 30
DAYS MIN <= 0 0 1.3 -1.3 0
PRECIPITATION (INCHES)
RECORD
MAXIMUM 5.54 2008
MINIMUM 0.85 2015
TOTALS 3.70 2.98 0.72 2.70
DAILY AVG. 0.12 0.10 0.02 0.09
DAYS >= .01 12 10.9 1.1 17
DAYS >= .10 8 5.5 2.5 7
DAYS >= .50 3 2.1 0.9 1
DAYS >= 1.00 0 0.5 -0.5 0
GREATEST
24 HR. TOTAL 1.36 03/06 TO 03/07 0.93 03/03 TO 03/04
STORM TOTAL 0.78 0.85
(MM/DD(HH)) MM
DEGREE DAYS
HEATING TOTAL 839 1037 -198 930
SINCE 7/1 5256 6396 -1140 MM
COOLING TOTAL 0 0 0 0
SINCE 1/1 0 0 0 MM
................................................................
WIND (MPH)
AVERAGE WIND SPEED 4.6
HIGHEST WIND SPEED/DIRECTION 25/270 DATE 03/18
25/280 03/21
25/320 03/29
HIGHEST GUST SPEED/DIRECTION 46/330 DATE 03/29
SKY COVER
POSSIBLE SUNSHINE (PERCENT) MM
AVERAGE SKY COVER 0.58
NUMBER OF DAYS FAIR 9
NUMBER OF DAYS PC 11
NUMBER OF DAYS CLOUDY 11
AVERAGE RH (PERCENT) 68
WEATHER CONDITIONS. NUMBER OF DAYS WITH
THUNDERSTORM 0 MIXED PRECIP 0
HEAVY RAIN 4 RAIN 8
LIGHT RAIN 12 FREEZING RAIN 0
LT FREEZING RAIN 0 HAIL 0
HEAVY SNOW 2 SNOW 2
LIGHT SNOW 7 SLEET 0
FOG 16 FOG W/VIS <= 1/4 MILE 8
HAZE 5
- INDICATES NEGATIVE NUMBERS.
R INDICATES RECORD WAS SET OR TIED.
MM INDICATES DATA IS MISSING.
T INDICATES TRACE AMOUNT.
$$